000
CXUS55 KBOI 291002
CF6TWF
PRELIMINARY LOCAL CLIMATOLOGICAL DATA (WS FORM: F-6)

                                          STATION:   TWIN FALLS ID
                                          MONTH:     JULY
                                          YEAR:      2016
                                          LATITUDE:   42 28 N
                                          LONGITUDE: 114 29 W

  TEMPERATURE IN F:       :PCPN:    SNOW:  WIND      :SUNSHINE: SKY     :PK WND
================================================================================
1   2   3   4   5  6A  6B    7    8   9   10  11  12  13   14  15   16   17  18
                                     12Z  AVG MX 2MIN
DY MAX MIN AVG DEP HDD CDD  WTR  SNW DPTH SPD SPD DIR MIN PSBL S-S WX    SPD DR
================================================================================

 1  91  51  71   1   0   6 0.00    M    M  6.6 15 190   M    M   0        20 180
 2  92  62  77   6   0  12 0.00    M    M  9.4 16 200   M    M   0        21 230
 3  92  64  78   7   0  13 0.00    M    M 10.4 18 320   M    M   0 8      23 300
 4  83  61  72   1   0   7 0.00    M    M 11.3 22 270   M    M   0        30 270
 5  78  56  67  -5   0   2 0.00    M    M 10.5 18 270   M    M   0        24 270
 6  77  54  66  -6   0   1 0.00    M    M 11.6 20 260   M    M   0        26 260
 7  85  52  69  -3   0   4 0.00    M    M  8.4 15  60   M    M   0        22  70
 8  87  54  71  -2   0   6 0.00    M    M  8.9 16 290   M    M   0        26 270
 9  86  57  72  -1   0   7    T    M    M  8.5 15 220   M    M   0        21 270
10  66  44  55 -18  10   0 0.15    M    M 14.4 38 280   M    M   3 138    52 270
11  72  41  57 -16   8   0 0.00    M    M  9.8 17 270   M    M   0        25 260
12  83  41  62 -12   3   0 0.00    M    M  8.8 21 250   M    M   0        28 250
13  82  52  67  -7   0   2 0.00    M    M 11.0 20 290   M    M   0 8      24 310
14  88  53  71  -3   0   6 0.00    M    M  8.3 16 190   M    M   0        21 180
15  89  58  74   0   0   9 0.00    M    M  9.9 17 290   M    M   0        22 290
16  82  57  70  -4   0   5 0.00    M    M 11.3 22 220   M    M   0        29 260
17  92  51  72  -3   0   7 0.00    M    M  8.4 14 170   M    M   0        22  80
18  92  56  74  -1   0   9 0.00    M    M  9.0 14 190   M    M   0        21 270
19  90  60  75   0   0  10 0.00    M    M  8.9 17 210   M    M   0        26 190
20  89  61  75   0   0  10 0.00    M    M 10.4 16 250   M    M   0        25 270
21  99  56  78   3   0  13 0.00    M    M  7.8 16  50   M    M   0 8      22  50
22  90  65  78   3   0  13 0.00    M    M 12.4 23 260   M    M   0        30 260
23  84  58  71  -4   0   6 0.00    M    M 13.2 21 270   M    M   0        29 260
24  88  58  73  -2   0   8 0.00    M    M  9.3 15 200   M    M   0        21 220
25  95  59  77   2   0  12 0.00    M    M  8.5 14 180   M    M   0        22  30
26  96  56  76   1   0  11 0.00    M    M  9.1 15 290   M    M   0        19 170
27  99  59  79   4   0  14 0.00    M    M  7.9 16 190   M    M   0        21 200
28  96  64  80   5   0  15 0.00    M    M  9.4 15 190   M    M   0        18 190
================================================================================
SM 2443 1560        21 208  0.15    M    273.4          M        3
================================================================================
AV 87.2 55.7                               9.8 FASTST   M    M   0    MAX(MPH)
                                 MISC ---->  # 38 280               # 52  270
================================================================================
NOTES:
# LAST OF SEVERAL OCCURRENCES

COLUMN 17 PEAK WIND IN M.P.H.

PRELIMINARY LOCAL CLIMATOLOGICAL DATA (WS FORM: F-6) , PAGE 2

                                          STATION:  TWIN FALLS ID
                                          MONTH:    JULY
                                          YEAR:     2016
                                          LATITUDE:   42 28 N
                                          LONGITUDE: 114 29 W

[TEMPERATURE DATA]      [PRECIPITATION DATA]       SYMBOLS USED IN COLUMN 16

AVERAGE MONTHLY: 71.5   TOTAL FOR MONTH:   0.15    1 = FOG OR MIST
DPTR FM NORMAL:  -2.1   DPTR FM NORMAL:   -0.12    2 = FOG REDUCING VISIBILITY
HIGHEST:    99 ON 27,21 GRTST 24HR  0.15 ON 10-10      TO 1/4 MILE OR LESS
LOWEST:     41 ON 12,11                            3 = THUNDER
                        SNOW, ICE PELLETS, HAIL    4 = ICE PELLETS
                        TOTAL MONTH:    M          5 = HAIL
                        GRTST 24HR    M  ON   M    6 = FREEZING RAIN OR DRIZZLE
                        GRTST DEPTH:  M  ON   M    7 = DUSTSTORM OR SANDSTORM:
                                                       VSBY 1/2 MILE OR LESS
                                                   8 = SMOKE OR HAZE
[NO. OF DAYS WITH]      [WEATHER - DAYS WITH]      9 = BLOWING SNOW
                                                   X = TORNADO
MAX 32 OR BELOW:   0    0.01 INCH OR MORE:   1
MAX 90 OR ABOVE:  12    0.10 INCH OR MORE:   1
MIN 32 OR BELOW:   0    0.50 INCH OR MORE:   0
MIN  0 OR BELOW:   0    1.00 INCH OR MORE:   0

[HDD (BASE 65) ]
TOTAL THIS MO.    21    CLEAR  (SCALE 0-3)  28
DPTR FM NORMAL    18    PTCLDY (SCALE 4-7)   0
TOTAL FM JUL 1    21    CLOUDY (SCALE 8-10)  0
DPTR FM NORMAL    18

[CDD (BASE 65) ]
TOTAL THIS MO.   208
DPTR FM NORMAL   -38    [PRESSURE DATA]
TOTAL FM JAN 1   352    HIGHEST SLP M ON M
DPTR FM NORMAL    -3    LOWEST  SLP 29.66 ON 17

[REMARKS]
