000
CXUS54 KSHV 221300
CF6TYR
PRELIMINARY LOCAL CLIMATOLOGICAL DATA (WS FORM: F-6)

                                          STATION:   TYLER
                                          MONTH:     MARCH
                                          YEAR:      2017
                                          LATITUDE:   32 22 N
                                          LONGITUDE:  95 24 W

  TEMPERATURE IN F:       :PCPN:    SNOW:  WIND      :SUNSHINE: SKY     :PK WND
================================================================================
1   2   3   4   5  6A  6B    7    8   9   10  11  12  13   14  15   16   17  18
                                     12Z  AVG MX 2MIN
DY MAX MIN AVG DEP HDD CDD  WTR  SNW DPTH SPD SPD DIR MIN PSBL S-S WX    SPD DR
================================================================================

 1  71  47  59   5   6   0 0.00  0.0    0 12.4 25 360   M    M   2        34 320
 2  67  40  54   0  11   0 0.00  0.0    0  5.1 16  70   M    M   0 8      21  70
 3  70  40  55   1  10   0 0.00  0.0    0  5.2 15 120   M    M   0 8      20 140
 4  60  44  52  -2  13   0 0.15    M    0  9.1 21 180   M    M   8 1      28 140
 5  65  51  58   3   7   0 0.19  0.0    0 11.5 18 150   M    M  10 18     24 140
 6  82  65  74  19   0   9 0.05  0.0    0 16.4 29 180   M    M   9 18     37 190
 7  72  47  60   5   5   0 0.03    M    0 11.6 23  20   M    M   7 1      30  30
 8  75  42  59   4   6   0 0.00  0.0    0  6.3 17 140   M    M   3        22 130
 9  78  61  70  14   0   5    T  0.0    0  9.6 18 190   M    M   8 1      25 200
10  82  64  73  17   0   8 0.01  0.0    0  8.4 20 110   M    M   8 1      25  90
11  73  43  58   2   7   0 0.10    M    0 10.8 22  50   M    M   8 1      28  60
12  53  41  47  -9  18   0 0.14  0.0    0  8.0 21  40   M    M   8 1      26  30
13  63  42  53  -3  12   0 0.04    M    0  8.8 17 320   M    M   6 13     25 330
14  64  35  50  -6  15   0 0.00  0.0    0  3.5 10  10   M    M   0        13  20
15  63  46  55  -2  10   0 0.00  0.0    0  8.9 14 140   M    M   5        17 110
16  73  49  61   4   4   0 0.00  0.0    0 12.8 22 170   M    M   8        28 190
17  80  65  73  16   0   8    T  0.0    0 13.4 23 210   M    M   8        29 190
18  79  62  71  14   0   6 0.00  0.0    0  7.2 17 200   M    M   6        22 180
19  84  61  73  15   0   8 0.00  0.0    0  9.3 17 190   M    M   2 1      23 190
20  87  66  77  19   0  12 0.00  0.0    0 13.2 21 200   M    M   3        27 200
21  84  59  72  14   0   7 0.00  0.0    0  9.6 20 200   M    M   1        24 190
================================================================================
SM 1525 1070       124  63  0.71     0.0 201.1          M      110
================================================================================
AV 72.6 51.0                               9.6 FASTST   M    M   5    MAX(MPH)
                                 MISC ---->  # 29 180               # 37  190
================================================================================
NOTES:
# LAST OF SEVERAL OCCURRENCES

COLUMN 17 PEAK WIND IN M.P.H.

PRELIMINARY LOCAL CLIMATOLOGICAL DATA (WS FORM: F-6) , PAGE 2

                                          STATION:  TYLER
                                          MONTH:    MARCH
                                          YEAR:     2017
                                          LATITUDE:   32 22 N
                                          LONGITUDE:  95 24 W

[TEMPERATURE DATA]      [PRECIPITATION DATA]       SYMBOLS USED IN COLUMN 16

AVERAGE MONTHLY: 61.8   TOTAL FOR MONTH:   0.71    1 = FOG OR MIST
DPTR FM NORMAL:   5.9   DPTR FM NORMAL:   -2.18    2 = FOG REDUCING VISIBILITY
HIGHEST:    87 ON 20    GRTST 24HR  0.19 ON  5- 5      TO 1/4 MILE OR LESS
LOWEST:     35 ON 14                               3 = THUNDER
                        SNOW, ICE PELLETS, HAIL    4 = ICE PELLETS
                        TOTAL MONTH:   0.0 INCH    5 = HAIL
                        GRTST 24HR     0.0         6 = FREEZING RAIN OR DRIZZLE
                        GRTST DEPTH:   0           7 = DUSTSTORM OR SANDSTORM:
                                                       VSBY 1/2 MILE OR LESS
                                                   8 = SMOKE OR HAZE
[NO. OF DAYS WITH]      [WEATHER - DAYS WITH]      9 = BLOWING SNOW
                                                   X = TORNADO
MAX 32 OR BELOW:   0    0.01 INCH OR MORE:   8
MAX 90 OR ABOVE:   0    0.10 INCH OR MORE:   4
MIN 32 OR BELOW:   0    0.50 INCH OR MORE:   0
MIN  0 OR BELOW:   0    1.00 INCH OR MORE:   0

[HDD (BASE 65) ]
TOTAL THIS MO.   124    CLEAR  (SCALE 0-3)   7
DPTR FM NORMAL   -79    PTCLDY (SCALE 4-7)   9
TOTAL FM JUL 1  1207    CLOUDY (SCALE 8-10)  5
DPTR FM NORMAL  -888

[CDD (BASE 65) ]
TOTAL THIS MO.    63
DPTR FM NORMAL    54    [PRESSURE DATA]
TOTAL FM JAN 1   137    HIGHEST SLP M ON M
DPTR FM NORMAL   116    LOWEST  SLP 29.82 ON  1

[REMARKS]
