000
CXUS55 KSEW 210930
CF6UIL
PRELIMINARY LOCAL CLIMATOLOGICAL DATA (WS FORM: F-6)

                                          STATION:   QUILLAYUTE WA AIRPORT
                                          MONTH:     OCTOBER
                                          YEAR:      2017
                                          LATITUDE:   47 57 N
                                          LONGITUDE: 124 33 W

  TEMPERATURE IN F:       :PCPN:    SNOW:  WIND      :SUNSHINE: SKY     :PK WND
================================================================================
1   2   3   4   5  6A  6B    7    8   9   10  11  12  13   14  15   16   17  18
                                     12Z  AVG MX 2MIN
DY MAX MIN AVG DEP HDD CDD  WTR  SNW DPTH SPD SPD DIR MIN PSBL S-S WX    SPD DR
================================================================================

 1  61  41  51  -2  14   0 0.00  0.0    0  3.6 13 280   M    M   5 12     17 280
 2  67  37  52  -1  13   0 0.00  0.0    0  6.1 21  40   M    M   0        26  30
 3  69  37  53   0  12   0 0.00  0.0    0  4.8 13 360   M    M   0        16  10
 4  67  36  52  -1  13   0 0.00  0.0    0  3.1 12 270   M    M   0        14 270
 5  68  34  51  -1  14   0 0.00  0.0    0  2.3 10 240   M    M   0        14 240
 6  58  36  47  -5  18   0 0.33  0.0    0  5.2 20 250   M    M   9 12     29 200
 7  60  42  51  -1  14   0    T  0.0    0  4.6 16 250   M    M   7 1      22 290
 8  65  39  52   0  13   0 0.00  0.0    0  2.8 12 240   M    M   3 12     16 240
 9  59  35  47  -5  18   0 0.00  0.0    0  2.5  9 280   M    M   1 1      12 240
10  56  40  48  -3  17   0 0.11  0.0    0  4.9 17 280   M    M   5 1      23 270
11  57  38  48  -3  17   0 0.02  0.0    0  3.8 13 250   M    M   4 1      16 260
12  55  40  48  -3  17   0 0.23  0.0    0  3.0 12 290   M    M  10 12     16 290
13  57  36  47  -3  18   0 0.00  0.0    0  3.8 13 290   M    M   2        16 290
14  53  37  45  -5  20   0    T  0.0    0  3.5 12 150   M    M   9 1      18 190
15  62  38  50   0  15   0 0.00  0.0    0  2.7 12 290   M    M   2 1      15 330
16  56  42  49  -1  16   0 0.28  0.0    0  4.8 13 190   M    M   8 1      23 170
17  57  44  51   1  14   0 1.07  0.0    0  7.2 24 240   M    M   4 1      38 210
18  57  44  51   1  14   0 2.93  0.0    0 12.4 26 190   M    M   9 1      45 190
19  54  43  49   0  16   0 0.65    M    0  7.0 18 200   M    M  10 13     27 180
20  54  39  47  -2  18   0 0.42    M    0  3.3 13 240   M    M   6 1      21 210
================================================================================
SM 1192  778       311   0  6.04     0.0  91.4          M       94
================================================================================
AV 59.6 38.9                               4.6 FASTST   M    M   5    MAX(MPH)
                                 MISC ---->  # 26 190               # 45  190
================================================================================
NOTES:
# LAST OF SEVERAL OCCURRENCES

COLUMN 17 PEAK WIND IN M.P.H.

PRELIMINARY LOCAL CLIMATOLOGICAL DATA (WS FORM: F-6) , PAGE 2

                                          STATION:  QUILLAYUTE WA AIRPORT
                                          MONTH:    OCTOBER
                                          YEAR:     2017
                                          LATITUDE:   47 57 N
                                          LONGITUDE: 124 33 W

[TEMPERATURE DATA]      [PRECIPITATION DATA]       SYMBOLS USED IN COLUMN 16

AVERAGE MONTHLY: 49.3   TOTAL FOR MONTH:   6.04    1 = FOG OR MIST
DPTR FM NORMAL:  -1.9   DPTR FM NORMAL:    0.12    2 = FOG REDUCING VISIBILITY
HIGHEST:    69 ON  3    GRTST 24HR  2.93 ON 18-18      TO 1/4 MILE OR LESS
LOWEST:     34 ON  5                               3 = THUNDER
                        SNOW, ICE PELLETS, HAIL    4 = ICE PELLETS
                        TOTAL MONTH:   0.0 INCH    5 = HAIL
                        GRTST 24HR     0.0         6 = FREEZING RAIN OR DRIZZLE
                        GRTST DEPTH:   0           7 = DUSTSTORM OR SANDSTORM:
                                                       VSBY 1/2 MILE OR LESS
                                                   8 = SMOKE OR HAZE
[NO. OF DAYS WITH]      [WEATHER - DAYS WITH]      9 = BLOWING SNOW
                                                   X = TORNADO
MAX 32 OR BELOW:   0    0.01 INCH OR MORE:   9
MAX 90 OR ABOVE:   0    0.10 INCH OR MORE:   8
MIN 32 OR BELOW:   0    0.50 INCH OR MORE:   3
MIN  0 OR BELOW:   0    1.00 INCH OR MORE:   2

[HDD (BASE 65) ]
TOTAL THIS MO.   311    CLEAR  (SCALE 0-3)   8
DPTR FM NORMAL    33    PTCLDY (SCALE 4-7)   7
TOTAL FM JUL 1   808    CLOUDY (SCALE 8-10)  5
DPTR FM NORMAL   -95

[CDD (BASE 65) ]
TOTAL THIS MO.     0
DPTR FM NORMAL     0    [PRESSURE DATA]
TOTAL FM JAN 1    73    HIGHEST SLP M ON M
DPTR FM NORMAL    54    LOWEST  SLP 29.53 ON 20

[REMARKS]
