000
CXUS55 KSEW 280930
CF6UIL
PRELIMINARY LOCAL CLIMATOLOGICAL DATA (WS FORM: F-6)

                                          STATION:   QUILLAYUTE WA AIRPORT
                                          MONTH:     APRIL
                                          YEAR:      2017
                                          LATITUDE:   47 57 N
                                          LONGITUDE: 124 33 W

  TEMPERATURE IN F:       :PCPN:    SNOW:  WIND      :SUNSHINE: SKY     :PK WND
================================================================================
1   2   3   4   5  6A  6B    7    8   9   10  11  12  13   14  15   16   17  18
                                     12Z  AVG MX 2MIN
DY MAX MIN AVG DEP HDD CDD  WTR  SNW DPTH SPD SPD DIR MIN PSBL S-S WX    SPD DR
================================================================================

 1  50  40  45   0  20   0 0.20  0.0    0  4.9 14 280   M    M   9 1      18 280
 2  51  36  44  -1  21   0 0.04  0.0    0  6.0 18 280   M    M   7 1      28 280
 3  53  34  44  -2  21   0 0.00  0.0    0  5.5 15 250   M    M   2        17 250
 4  52  41  47   1  18   0 0.96  0.0    0  9.2 21 150   M    M   9 1      32 130
 5  53  46  50   4  15   0 0.64  0.0    0  5.6 17 170   M    M  10 1      29 140
 6  57  45  51   5  14   0 0.10  0.0    0  8.6 22  50   M    M   5 1      32 140
 7  50  44  47   1  18   0 2.58  0.0    0 13.1 35 150   M    M  10 1      54 160
 8  49  37  43  -3  22   0 0.93  0.0    0  7.0 21 240   M    M   9 1      25 250
 9  53  36  45  -1  20   0 0.26  0.0    0  8.2 20 140   M    M   7 1      28 160
10  50  37  44  -2  21   0 0.60  0.0    0  6.8 23 240   M    M   8 1      28 220
11  54  33  44  -2  21   0 0.06  0.0    0  5.7 16  50   M    M   4 1      20  40
12  53  43  48   2  17   0 0.90  0.0    0  7.2 16 150   M    M  10 1      27 190
13  51  41  46   0  19   0 0.50  0.0    0  7.3 18 220   M    M   7 1      26 230
14  51  40  46   0  19   0 0.91  0.0    0  4.8 20 220   M    M   8 1      27 210
15  54  37  46   0  19   0 0.08  0.0    0  4.7 13 220   M    M   5 1      17 220
16  66  35  51   4  14   0 0.00  0.0    0  6.7 18  50   M    M   3        22  40
17  52  46  49   2  16   0 1.27  0.0    0  5.5 17 190   M    M  10 1      27 190
18  56  49  53   6  12   0 0.48  0.0    0  9.1 20 190   M    M   9 1      29 180
19  57  47  52   5  13   0 0.49  0.0    0  9.4 22 180   M    M   7 1      32 190
20  57  43  50   3  15   0 0.05  0.0    0  5.4 17 200   M    M  10 1      23 210
21  65  39  52   5  13   0 0.00  0.0    0  6.5 13  50   M    M   1        15  60
22  54  47  51   4  14   0 0.86  0.0    0  7.9 20 220   M    M   7 1      32 210
23  49  43  46  -2  19   0 1.23  0.0    0  5.0 15 130   M    M  10 1      22 130
24  58  38  48   0  17   0 0.01  0.0    0  5.8 17 300   M    M   5 1      23 280
25  53  39  46  -2  19   0 0.26  0.0    0  6.5 17 250   M    M   9 1      24 270
26  54  39  47  -1  18   0 0.22  0.0    0  8.1 21 260   M    M   8 1      26 250
27  52  37  45  -3  20   0 0.05  0.0    0  7.3 17 290   M    M   8 1      24 280
================================================================================
SM 1454 1092       475   0 13.68     0.0 187.8          M      197
================================================================================
AV 53.9 40.4                               7.0 FASTST   M    M   7    MAX(MPH)
                                 MISC ---->  # 35 150               # 54  160
================================================================================
NOTES:
# LAST OF SEVERAL OCCURRENCES

COLUMN 17 PEAK WIND IN M.P.H.

PRELIMINARY LOCAL CLIMATOLOGICAL DATA (WS FORM: F-6) , PAGE 2

                                          STATION:  QUILLAYUTE WA AIRPORT
                                          MONTH:    APRIL
                                          YEAR:     2017
                                          LATITUDE:   47 57 N
                                          LONGITUDE: 124 33 W

[TEMPERATURE DATA]      [PRECIPITATION DATA]       SYMBOLS USED IN COLUMN 16

AVERAGE MONTHLY: 47.2   TOTAL FOR MONTH:  13.68    1 = FOG OR MIST
DPTR FM NORMAL:   0.6   DPTR FM NORMAL:    6.45    2 = FOG REDUCING VISIBILITY
HIGHEST:    66 ON 16    GRTST 24HR  2.84 ON  7- 8      TO 1/4 MILE OR LESS
LOWEST:     33 ON 11                               3 = THUNDER
                        SNOW, ICE PELLETS, HAIL    4 = ICE PELLETS
                        TOTAL MONTH:   0.0 INCH    5 = HAIL
                        GRTST 24HR     0.0         6 = FREEZING RAIN OR DRIZZLE
                        GRTST DEPTH:   0           7 = DUSTSTORM OR SANDSTORM:
                                                       VSBY 1/2 MILE OR LESS
                                                   8 = SMOKE OR HAZE
[NO. OF DAYS WITH]      [WEATHER - DAYS WITH]      9 = BLOWING SNOW
                                                   X = TORNADO
MAX 32 OR BELOW:   0    0.01 INCH OR MORE:  24
MAX 90 OR ABOVE:   0    0.10 INCH OR MORE:  18
MIN 32 OR BELOW:   0    0.50 INCH OR MORE:  11
MIN  0 OR BELOW:   0    1.00 INCH OR MORE:   3

[HDD (BASE 65) ]
TOTAL THIS MO.   475    CLEAR  (SCALE 0-3)   3
DPTR FM NORMAL   -24    PTCLDY (SCALE 4-7)  12
TOTAL FM JUL 1  4956    CLOUDY (SCALE 8-10) 12
DPTR FM NORMAL   -36

[CDD (BASE 65) ]
TOTAL THIS MO.     0
DPTR FM NORMAL     0    [PRESSURE DATA]
TOTAL FM JAN 1     0    HIGHEST SLP M ON M
DPTR FM NORMAL     0    LOWEST  SLP 29.03 ON  7

[REMARKS]
