000
CXUS55 KSEW 290945
CF6UIL

PRELIMINARY LOCAL CLIMATOLOGICAL DATA (WS FORM: F-6)

                                          STATION:   QUILLAYUTE WA AIRPORT
                                          MONTH:     JUNE
                                          YEAR:      2015
                                          LATITUDE:   47 57 N
                                          LONGITUDE: 124 33 W

  TEMPERATURE IN F:       :PCPN:    SNOW:  WIND      :SUNSHINE: SKY     :PK WND
================================================================================
1   2   3   4   5  6A  6B    7    8   9   10  11  12  13   14  15   16   17  18
                                     12Z  AVG MX 2MIN
DY MAX MIN AVG DEP HDD CDD  WTR  SNW DPTH SPD SPD DIR MIN PSBL S-S WX    SPD DR
================================================================================

 1  57  49  53  -1  12   0 0.03  0.0    0  3.8 12 170   M    M  10 1      16 200
 2  57  52  55   1  10   0 0.05  0.0    0  3.8  9 230   M    M  10 1      13 250
 3  64  46  55   1  10   0 0.00  0.0    0  4.1 15 270   M    M   7 12     22 320
 4  65  42  54   0  11   0 0.00  0.0    0  4.5 15 270   M    M   4 1      19 260
 5  75  51  63   9   2   0 0.00  0.0    0  6.2 17 360   M    M   5 1      23 310
 6  70  50  60   6   5   0 0.00  0.0    0  4.4 13 320   M    M   3 12     18 320
 7  74  45  60   6   5   0 0.00  0.0    0  6.1 17 350   M    M   1 12     24 350
 8  75  49  62   8   3   0 0.00  0.0    0  7.2 18 320   M    M   4 1      24 320
 9  66  43  55   1  10   0 0.00  0.0    0  4.6 13 260   M    M   1 1      17 250
10  64  51  58   3   7   0 0.00  0.0    0  5.0 15 270   M    M   6 1      22 220
11  65  50  58   3   7   0 0.00  0.0    0  7.0 18 300   M    M   7 1      26 310
12  63  44  54  -1  11   0 0.00  0.0    0  7.1 18 310   M    M   2 1      26 290
13  66  41  54  -1  11   0 0.00  0.0    0  4.9 13 270   M    M   1 1      16 250
14  72  43  58   3   7   0 0.00  0.0    0  5.5 16 330   M    M   2 12     20 330
15  69  45  57   2   8   0 0.00  0.0    0  6.9 14 300   M    M   4 1      19 330
16  63  49  56   1   9   0 0.00  0.0    0  5.6 15 290   M    M   7 1      23 290
17  67  46  57   2   8   0 0.00  0.0    0  5.6 16 290   M    M   3 1      22 300
18  66  50  58   2   7   0 0.02  0.0    0  3.8 15 280   M    M   9 1      19 270
19  65  51  58   2   7   0 0.00  0.0    0  6.1 15 280   M    M   5 12     20 240
20  68  46  57   1   8   0 0.00  0.0    0  5.5 14 320   M    M   3 1      22 320
21  72  45  59   3   6   0 0.00  0.0    0  5.2 15 260   M    M   1 1      19 250
22  65  46  56   0   9   0 0.00  0.0    0  4.1 14 240   M    M   6 1      18 270
23  70  43  57   1   8   0 0.00  0.0    0  3.9 16 260   M    M   0 1      19 250
24  73  52  63   7   2   0 0.04  0.0    0  2.8 12 260   M    M   5 1      14 250
25  76  49  63   7   2   0 0.00  0.0    0  4.9 14 240   M    M   2 1      18 310
26  78  55  67  10   0   2 0.00  0.0    0  6.9 15 340   M    M   5 1      21 320
27  94  51  73  16   0   8 0.00  0.0    0  5.3 16 330   M    M   1 12     22 350
28  79  57  68  11   0   3 0.06  0.0    0  4.4 16 190   M    M   2 18     26 140
================================================================================
SM 1938 1341       185  13  0.20     0.0 145.2          M      116
================================================================================
AV 69.2 47.9                               5.2 FASTST   M    M   4    MAX(MPH)
                                 MISC ---->  # 18 320               # 26  310
================================================================================
NOTES:
# LAST OF SEVERAL OCCURRENCES

COLUMN 17 PEAK WIND IN M.P.H.

PRELIMINARY LOCAL CLIMATOLOGICAL DATA (WS FORM: F-6) , PAGE 2

                                          STATION:  QUILLAYUTE WA AIRPORT
                                          MONTH:    JUNE
                                          YEAR:     2015
                                          LATITUDE:   47 57 N
                                          LONGITUDE: 124 33 W

[TEMPERATURE DATA]      [PRECIPITATION DATA]       SYMBOLS USED IN COLUMN 16

AVERAGE MONTHLY: 58.6   TOTAL FOR MONTH:   0.20    1 = FOG OR MIST
DPTR FM NORMAL:   3.4   DPTR FM NORMAL:   -3.12    2 = FOG REDUCING VISIBILITY
HIGHEST:    94 ON 27    GRTST 24HR  0.08 ON  1- 2      TO 1/4 MILE OR LESS
LOWEST:     41 ON 13                               3 = THUNDER
                        SNOW, ICE PELLETS, HAIL    4 = ICE PELLETS
                        TOTAL MONTH:   0.0 INCH    5 = HAIL
                        GRTST 24HR     0.0         6 = FREEZING RAIN OR DRIZZLE
                        GRTST DEPTH:   0           7 = DUSTSTORM OR SANDSTORM:
                                                       VSBY 1/2 MILE OR LESS
                                                   8 = SMOKE OR HAZE
[NO. OF DAYS WITH]      [WEATHER - DAYS WITH]      9 = BLOWING SNOW
                                                   X = TORNADO
MAX 32 OR BELOW:   0    0.01 INCH OR MORE:   5
MAX 90 OR ABOVE:   1    0.10 INCH OR MORE:   0
MIN 32 OR BELOW:   0    0.50 INCH OR MORE:   0
MIN  0 OR BELOW:   0    1.00 INCH OR MORE:   0

[HDD (BASE 65) ]
TOTAL THIS MO.   185    CLEAR  (SCALE 0-3)  11
DPTR FM NORMAL   -93    PTCLDY (SCALE 4-7)  14
TOTAL FM JUL 1  4513    CLOUDY (SCALE 8-10)  3
DPTR FM NORMAL -1233

[CDD (BASE 65) ]
TOTAL THIS MO.    13
DPTR FM NORMAL    13    [PRESSURE DATA]
TOTAL FM JAN 1    13    HIGHEST SLP M ON M
DPTR FM NORMAL    12    LOWEST  SLP 29.81 ON  1

[REMARKS]
