000
CXUS54 KHGX 281415
CF6UTS
PRELIMINARY LOCAL CLIMATOLOGICAL DATA (WS FORM: F-6)

                                          STATION:   HUNTSVILLE_(ASOS)
                                          MONTH:     JUNE
                                          YEAR:      2017
                                          LATITUDE:   30 45 N
                                          LONGITUDE:  95 35 W

  TEMPERATURE IN F:       :PCPN:    SNOW:  WIND      :SUNSHINE: SKY     :PK WND
================================================================================
1   2   3   4   5  6A  6B    7    8   9   10  11  12  13   14  15   16   17  18
                                     12Z  AVG MX 2MIN
DY MAX MIN AVG DEP HDD CDD  WTR  SNW DPTH SPD SPD DIR MIN PSBL S-S WX    SPD DR
================================================================================

 1  84  69  77  -3   0  12 0.50  0.0    0  3.0 16 190   M    M   5 13     20 170
 2  88  71  80   0   0  15 0.03  0.0    0  1.9 10 140   M    M   5 13     20 120
 3  88  70  79  -1   0  14 1.59  0.0    0  1.8 12 220   M    M   5 123    18  10
 4  84  68  76  -4   0  11 1.18  0.0    0  3.2 24 330   M    M   7 13     35 320
 5  84  70  77  -3   0  12 0.05  0.0    0  1.1 12 290   M    M   7 13     16 300
 6  87  70  79  -2   0  14    T  0.0    0  4.3 13 340   M    M   5 1      17  99
 7  91  67  79  -2   0  14 0.00  0.0    0  2.5 12 340   M    M   1 1      16 330
 8  87  66  77  -4   0  12 0.00  0.0    0  2.0 10 310   M    M   1        14 320
 9  82  67  75  -6   0  10 0.03  0.0    0  2.7 12 180   M    M   4 1      16 190
10  90  71  81   0   0  16 0.00  0.0    0  4.9 13 190   M    M   2        18 160
11  91  72  82   1   0  17 0.00  0.0    0  4.3 12 180   M    M   3        17 120
12  91  78  85   3   0  20 0.00  0.0    0  4.3 10 180   M    M   6 18     16 170
13  91  78  85   3   0  20    T  0.0    0  6.7 17 180   M    M   4        23 180
14  94  78  86   4   0  21 0.00  0.0    0  7.0 15 180   M    M   4 18     20 170
15  94  76  85   3   0  20 0.00  0.0    0  7.6 14 190   M    M   2        20 200
16  93  76  85   3   0  20 0.00  0.0    0  7.9 15 200   M    M   3        20 190
17  95  77  86   4   0  21 0.00  0.0    0  9.8 22 190   M    M   3        29 180
18  94  78  86   4   0  21 0.00  0.0    0  7.4 16 190   M    M   4        23 190
19  93  75  84   2   0  19 0.00  0.0    0  2.5 10 200   M    M   1        14 210
20  93  74  84   2   0  19    T  0.0    0  4.3 10  50   M    M   2 1      16  50
21  88  73  81  -1   0  16 0.02  0.0    0  6.0 15  50   M    M   4 1      26  50
22  82  75  79  -3   0  14 0.16  0.0    0  6.7 15 290   M    M   7 18     19 290
23  94  78  86   3   0  21 0.00  0.0    0  7.3 16 200   M    M   2 8      23 200
24  83  73  78  -5   0  13 0.11  0.0    0  3.3 13 360   M    M   4 1      20 350
25  88  73  81  -2   0  16 0.18  0.0    0  3.0 10  60   M    M   6 1      15  50
26  92  71  82  -1   0  17 0.00  0.0    0  3.3  8 150   M    M   2        14 150
27  92  72  82  -1   0  17 0.15  0.0    0  2.4 13 170   M    M   2 138    21 190
================================================================================
SM 2413 1966         0 442  4.00     0.0 121.2          M      101
================================================================================
AV 89.4 72.8                               4.5 FASTST   M    M   4    MAX(MPH)
                                 MISC ---->  # 24 330               # 35  320
================================================================================
NOTES:
# LAST OF SEVERAL OCCURRENCES

COLUMN 17 PEAK WIND IN M.P.H.

PRELIMINARY LOCAL CLIMATOLOGICAL DATA (WS FORM: F-6) , PAGE 2

                                          STATION:  HUNTSVILLE_(ASOS)
                                          MONTH:    JUNE
                                          YEAR:     2017
                                          LATITUDE:   30 45 N
                                          LONGITUDE:  95 35 W

[TEMPERATURE DATA]      [PRECIPITATION DATA]       SYMBOLS USED IN COLUMN 16

AVERAGE MONTHLY: 81.1   TOTAL FOR MONTH:   4.00    1 = FOG OR MIST
DPTR FM NORMAL:  -0.5   DPTR FM NORMAL:   -0.46    2 = FOG REDUCING VISIBILITY
HIGHEST:    95 ON 17    GRTST 24HR  1.59 ON  3- 3      TO 1/4 MILE OR LESS
LOWEST:     66 ON  8                               3 = THUNDER
                        SNOW, ICE PELLETS, HAIL    4 = ICE PELLETS
                        TOTAL MONTH:   0.0 INCH    5 = HAIL
                        GRTST 24HR     0.0         6 = FREEZING RAIN OR DRIZZLE
                        GRTST DEPTH:   0           7 = DUSTSTORM OR SANDSTORM:
                                                       VSBY 1/2 MILE OR LESS
                                                   8 = SMOKE OR HAZE
[NO. OF DAYS WITH]      [WEATHER - DAYS WITH]      9 = BLOWING SNOW
                                                   X = TORNADO
MAX 32 OR BELOW:   0    0.01 INCH OR MORE:  11
MAX 90 OR ABOVE:  15    0.10 INCH OR MORE:   7
MIN 32 OR BELOW:   0    0.50 INCH OR MORE:   3
MIN  0 OR BELOW:   0    1.00 INCH OR MORE:   2

[HDD (BASE 65) ]
TOTAL THIS MO.     0    CLEAR  (SCALE 0-3)  12
DPTR FM NORMAL     0    PTCLDY (SCALE 4-7)  15
TOTAL FM JUL 1   855    CLOUDY (SCALE 8-10)  0
DPTR FM NORMAL  -843

[CDD (BASE 65) ]
TOTAL THIS MO.   442
DPTR FM NORMAL    -7    [PRESSURE DATA]
TOTAL FM JAN 1  1234    HIGHEST SLP M ON M
DPTR FM NORMAL   219    LOWEST  SLP 29.57 ON 22

[REMARKS]
