000
CXUS56 KSTO 301355
CF6VCB
PRELIMINARY LOCAL CLIMATOLOGICAL DATA (WS FORM: F-6)

                                          STATION:   VACAVILLE AIRPORT CA
                                          MONTH:     JUNE
                                          YEAR:      2015
                                          LATITUDE:   38 22 N
                                          LONGITUDE: 121 58 W

  TEMPERATURE IN F:       :PCPN:    SNOW:  WIND      :SUNSHINE: SKY     :PK WND
================================================================================
1   2   3   4   5  6A  6B    7    8   9   10  11  12  13   14  15   16   17  18
                                     12Z  AVG MX 2MIN
DY MAX MIN AVG DEP HDD CDD  WTR  SNW DPTH SPD SPD DIR MIN PSBL S-S WX    SPD DR
================================================================================

 1  79  57  68  -1   0   3 0.00  0.0    0 10.2 18 260   M    M   0        23 240
 2  86  55  71   1   0   6 0.00  0.0    0  6.2 16 180   M    M   0        21 220
 3  82  54  68  -2   0   3    T  0.0    0  8.5 20 210   M    M   0        27 220
 4  85  51  68  -2   0   3 0.00  0.0    0  4.5 14 180   M    M   0        19 200
 5  92  56  74   4   0   9 0.00  0.0    0  5.9 15 250   M    M   0        18 240
 6  90  59  75   5   0  10 0.00  0.0    0  7.6 16 230   M    M   0        21 220
 7  95  59  77   6   0  12 0.00  0.0    0  4.7 14 180   M    M   0        18 180
 8 105  63  84  13   0  19 0.00  0.0    0  2.6  9 160   M    M   0        13 350
 9  94  65  80   9   0  15    T  0.0    0  9.8 31 240   M    M   1        41 250
10  81  67  74   3   0   9 0.04  0.0    0  6.3 17 250   M    M   6        20 250
11  96  60  78   6   0  13 0.00  0.0    0  4.8 15 260   M    M   0        18 230
12 106  59  83  11   0  18 0.00  0.0    0  5.5 15 260   M    M   0        19 270
13  94  62  78   6   0  13 0.00  0.0    0  8.7 17 220   M    M   0        24 220
14  90  56  73   1   0   8 0.00  0.0    0  9.9 17 220   M    M   0        24 210
15  88  54  71  -1   0   6 0.00  0.0    0  8.4 16 220   M    M   0        24 230
16  95  55  75   2   0  10 0.00  0.0    0  6.5 14 180   M    M   0        17 200
17  97  56  77   4   0  12 0.00  0.0    0  5.5 13 240   M    M   0        19 210
18  95  57  76   3   0  11 0.00  0.0    0  7.9 20 230   M    M   0        29 220
19  95  55  75   2   0  10 0.00  0.0    0  6.3 14 200   M    M   0        19 190
20  98  55  77   3   0  12 0.00  0.0    0  5.1 15 230   M    M   0        20 240
21  88  57  73  -1   0   8 0.00  0.0    0 10.9 24 230   M    M   0        31 230
22  90  56  73  -1   0   8 0.00  0.0    0  7.6 14 240   M    M   0        18 190
23  96  56  76   2   0  11 0.00  0.0    0  6.1 14 230   M    M   0        18 230
24  98  59  79   5   0  14 0.00  0.0    0  6.9 15 240   M    M   0        21 210
25 103  63  83   9   0  18 0.00  0.0    0  5.2 17 230   M    M   0        21 180
26 103  66  85  10   0  20 0.00  0.0    0  5.7 13 240   M    M   0        18 200
27  90  65  78   3   0  13 0.00  0.0    0  7.9 18 230   M    M   0        25 220
28  95  67  81   6   0  16 0.00  0.0    0  8.1 18 220   M    M   0        26 220
29 101  61  81   6   0  16 0.00  0.0    0  5.2 12 190   M    M   0        16 170
================================================================================
SM 2707 1705         0 326  0.04     0.0 198.5          M        7
================================================================================
AV 93.3 58.8                               6.8 FASTST   M    M   0    MAX(MPH)
                                 MISC ---->  # 31 240               # 41  250
================================================================================
NOTES:
# LAST OF SEVERAL OCCURRENCES

COLUMN 17 PEAK WIND IN M.P.H.

PRELIMINARY LOCAL CLIMATOLOGICAL DATA (WS FORM: F-6) , PAGE 2

                                          STATION:  VACAVILLE AIRPORT CA
                                          MONTH:    JUNE
                                          YEAR:     2015
                                          LATITUDE:   38 22 N
                                          LONGITUDE: 121 58 W

[TEMPERATURE DATA]      [PRECIPITATION DATA]       SYMBOLS USED IN COLUMN 16

AVERAGE MONTHLY: 76.1   TOTAL FOR MONTH:   0.04    1 = FOG OR MIST
DPTR FM NORMAL:   3.7   DPTR FM NORMAL:   -0.11    2 = FOG REDUCING VISIBILITY
HIGHEST:   106 ON 12    GRTST 24HR  0.04 ON 10-10      TO 1/4 MILE OR LESS
LOWEST:     51 ON  4                               3 = THUNDER
                        SNOW, ICE PELLETS, HAIL    4 = ICE PELLETS
                        TOTAL MONTH:   0.0 INCH    5 = HAIL
                        GRTST 24HR     0.0         6 = FREEZING RAIN OR DRIZZLE
                        GRTST DEPTH:   0           7 = DUSTSTORM OR SANDSTORM:
                                                       VSBY 1/2 MILE OR LESS
                                                   8 = SMOKE OR HAZE
[NO. OF DAYS WITH]      [WEATHER - DAYS WITH]      9 = BLOWING SNOW
                                                   X = TORNADO
MAX 32 OR BELOW:   0    0.01 INCH OR MORE:   1
MAX 90 OR ABOVE:  22    0.10 INCH OR MORE:   0
MIN 32 OR BELOW:   0    0.50 INCH OR MORE:   0
MIN  0 OR BELOW:   0    1.00 INCH OR MORE:   0

[HDD (BASE 65) ]
TOTAL THIS MO.     0    CLEAR  (SCALE 0-3)  28
DPTR FM NORMAL    -4    PTCLDY (SCALE 4-7)   1
TOTAL FM JUL 1  1681    CLOUDY (SCALE 8-10)  0
DPTR FM NORMAL  -903

[CDD (BASE 65) ]
TOTAL THIS MO.   326
DPTR FM NORMAL   105    [PRESSURE DATA]
TOTAL FM JAN 1   407    HIGHEST SLP M ON M
DPTR FM NORMAL    66    LOWEST  SLP 30.11 ON  1

[REMARKS]
