000
CXUS56 KSTO 011355
CF6VCB
PRELIMINARY LOCAL CLIMATOLOGICAL DATA (WS FORM: F-6)

                                          STATION:   VACAVILLE AIRPORT CA
                                          MONTH:     APRIL
                                          YEAR:      2016
                                          LATITUDE:   38 22 N
                                          LONGITUDE: 121 58 W

  TEMPERATURE IN F:       :PCPN:    SNOW:  WIND      :SUNSHINE: SKY     :PK WND
================================================================================
1   2   3   4   5  6A  6B    7    8   9   10  11  12  13   14  15   16   17  18
                                     12Z  AVG MX 2MIN
DY MAX MIN AVG DEP HDD CDD  WTR  SNW DPTH SPD SPD DIR MIN PSBL S-S WX    SPD DR
================================================================================

 1  74  44  59   3   6   0 0.00  0.0    0  4.5 15 190   M    M   0        20 180
 2  77  48  63   7   2   0 0.00  0.0    0  4.1 10 220   M    M   0        13 200
 3  77  48  63   7   2   0 0.00  0.0    0  5.2 13 210   M    M   0        17 220
 4  79  48  64   8   1   0 0.00  0.0    0  1.6 10 140   M    M   0        14 140
 5  85  49  67  10   0   2 0.00  0.0    0  6.4 22 350   M    M   0        31 340
 6  90  51  71  14   0   6 0.00  0.0    0  4.9 17 350   M    M   0        24 350
 7  79  54  67  10   0   2 0.00  0.0    0  8.0 20 240   M    M   0        27 230
 8  76  51  64   7   1   0 0.04  0.0    0  6.1 18 210   M    M   2        28 210
 9  61  57  59   2   6   0 0.16  0.0    0  5.8 12 200   M    M  10 1      16 190
10  61  55  58   0   7   0 0.07  0.0    0  5.7 12 220   M    M  10 1      17 210
11  69  52  61   3   4   0 0.00  0.0    0  5.1 13 240   M    M   7        16 240
12  69  51  60   2   5   0 0.00  0.0    0  8.3 16 220   M    M   1        22 210
13  72  47  60   2   5   0 0.00  0.0    0  7.7 21 250   M    M   1        26 240
14  68  49  59   1   6   0 0.01    M    0  9.2 18 270   M    M   3 1      27 260
15  75  38  57  -1   8   0 0.00  0.0    0  9.6 25 340   M    M   0        36 350
16  85  52  69  10   0   4 0.00  0.0    0  8.3 21 350   M    M   0        28 350
17  85  46  66   7   0   1 0.00  0.0    0  2.9  9 100   M    M   0        13 340
18  87  50  69  10   0   4 0.00  0.0    0  2.6 13 230   M    M   0        16 240
19  87  48  68   9   0   3 0.00  0.0    0  3.0 12 220   M    M   0        16 190
20  79  45  62   2   3   0 0.00  0.0    0  7.6 20 230   M    M   0        25 250
21  74  57  66   6   0   1 0.00  0.0    0 11.7 29 230   M    M   1        35 230
22  64  50  57  -3   8   0 0.14  0.0    0 11.5 24 270   M    M   6 1      35 220
23  70  43  57  -3   8   0 0.00  0.0    0  3.5 12 240   M    M   1        16 220
24  75  46  61   1   4   0 0.00  0.0    0  7.2 21 230   M    M   2        28 230
25  73  50  62   1   3   0 0.00  0.0    0 11.8 23 330   M    M   0        34 340
26  73  41  57  -4   8   0 0.00  0.0    0  4.9 20 230   M    M   2        24 220
27  71  45  58  -3   7   0 0.42  0.0    0  6.9 22 320   M    M   2 38     29 320
28  82  48  65   3   0   0 0.00  0.0    0  8.6 23 340   M    M   0        28 350
29  78  51  65   3   0   0    T  0.0    0  8.5 26 350   M    M   0        40 340
30  82  61  72  10   0   7 0.00  0.0    0 17.6 32 350   M    M   0        43 340
================================================================================
SM 2277 1475        94  30  0.84     0.0 208.8          M       48
================================================================================
AV 75.9 49.2                               7.0 FASTST   M    M   2    MAX(MPH)
                                 MISC ---->  # 32 350               # 43  340
================================================================================
NOTES:
# LAST OF SEVERAL OCCURRENCES

COLUMN 17 PEAK WIND IN M.P.H.

PRELIMINARY LOCAL CLIMATOLOGICAL DATA (WS FORM: F-6) , PAGE 2

                                          STATION:  VACAVILLE AIRPORT CA
                                          MONTH:    APRIL
                                          YEAR:     2016
                                          LATITUDE:   38 22 N
                                          LONGITUDE: 121 58 W

[TEMPERATURE DATA]      [PRECIPITATION DATA]       SYMBOLS USED IN COLUMN 16

AVERAGE MONTHLY: 62.5   TOTAL FOR MONTH:   0.84    1 = FOG OR MIST
DPTR FM NORMAL:   3.8   DPTR FM NORMAL:   -0.45    2 = FOG REDUCING VISIBILITY
HIGHEST:    90 ON  6    GRTST 24HR  0.42 ON 26-27      TO 1/4 MILE OR LESS
LOWEST:     38 ON 15                               3 = THUNDER
                        SNOW, ICE PELLETS, HAIL    4 = ICE PELLETS
                        TOTAL MONTH:   0.0 INCH    5 = HAIL
                        GRTST 24HR     0.0         6 = FREEZING RAIN OR DRIZZLE
                        GRTST DEPTH:   0           7 = DUSTSTORM OR SANDSTORM:
                                                       VSBY 1/2 MILE OR LESS
                                                   8 = SMOKE OR HAZE
[NO. OF DAYS WITH]      [WEATHER - DAYS WITH]      9 = BLOWING SNOW
                                                   X = TORNADO
MAX 32 OR BELOW:   0    0.01 INCH OR MORE:   6
MAX 90 OR ABOVE:   1    0.10 INCH OR MORE:   3
MIN 32 OR BELOW:   0    0.50 INCH OR MORE:   0
MIN  0 OR BELOW:   0    1.00 INCH OR MORE:   0

[HDD (BASE 65) ]
TOTAL THIS MO.    94    CLEAR  (SCALE 0-3)  26
DPTR FM NORMAL  -110    PTCLDY (SCALE 4-7)   2
TOTAL FM JUL 1  1976    CLOUDY (SCALE 8-10)  2
DPTR FM NORMAL  -528

[CDD (BASE 65) ]
TOTAL THIS MO.    30
DPTR FM NORMAL    13    [PRESSURE DATA]
TOTAL FM JAN 1    33    HIGHEST SLP 30.24 ON  5
DPTR FM NORMAL    13    LOWEST  SLP 29.79 ON 22

[REMARKS]
#FINAL-04-16#
