000
CXUS55 KGJT 221000
CF6VEL
PRELIMINARY LOCAL CLIMATOLOGICAL DATA (WS FORM: F-6)

                                          STATION:   VERNAL UT
                                          MONTH:     SEPTEMBER
                                          YEAR:      2017
                                          LATITUDE:   40 27 N
                                          LONGITUDE: 109 31 W

  TEMPERATURE IN F:       :PCPN:    SNOW:  WIND      :SUNSHINE: SKY     :PK WND
================================================================================
1   2   3   4   5  6A  6B    7    8   9   10  11  12  13   14  15   16   17  18
                                     12Z  AVG MX 2MIN
DY MAX MIN AVG DEP HDD CDD  WTR  SNW DPTH SPD SPD DIR MIN PSBL S-S WX    SPD DR
================================================================================

 1  87  50  69   3   0   4 0.00    M    M  3.9  9 320   M    M   0        12 300
 2  92  52  72   6   0   7 0.00    M    M  3.7 12 220   M    M   0        16 210
 3  95  54  75  10   0  10 0.00    M    M  4.2 12 270   M    M   0        13 210
 4  97  54  76  11   0  11 0.00    M    M  3.7 16 310   M    M   0        20 310
 5  86  56  71   7   0   6 0.00    M    M  4.4 16  60   M    M   0        20  60
 6  88  51  70   6   0   5 0.00    M    M  3.7 10 300   M    M   0 8      11 310
 7  89  49  69   5   0   4 0.00    M    M  3.7 10 250   M    M   0 8      12 240
 8  90  57  74  11   0   9 0.10    M    M  4.2 36 250   M    M   0 8      46 240
 9  88  54  71   8   0   6    T    M    M  5.6 20 270   M    M   2        26 250
10  86  58  72  10   0   7    T    M    M  3.5 12 200   M    M   2        15 360
11  90  54  72  10   0   7 0.00    M    M  5.1  9 220   M    M   0        13 140
12  93  54  74  12   0   9    T    M    M  5.8 21 330   M    M   0 8      27 350
13  87  55  71  10   0   6    T    M    M  3.8  9 350   M    M   1 3      12 200
14  78  51  65   4   0   0 0.38    M    M  4.9 24 160   M    M   3 13     35 170
15  56  45  51  -9  14   0 0.37    M    M  3.8 18 220   M    M   7 1      23 220
16  69  40  55  -5  10   0 0.00    M    M  5.8 20 240   M    M   2 12     26 250
17  70  42  56  -4   9   0    T    M    M  4.2 14 210   M    M   3        16 200
18  79  43  61   2   4   0 0.00    M    M  6.9 20 210   M    M   0        23 210
19  72  50  61   2   4   0 0.00    M    M 13.6 32 290   M    M   5 8      42 270
20  74  46  60   2   5   0 0.00    M    M  5.2 15 210   M    M   4        18 200
21  81  50  66   8   0   1 0.00    M    M 15.6 31 200   M    M   0        42 200
================================================================================
SM 1747 1065        46  92  0.85    M    115.3          M       29
================================================================================
AV 83.2 50.7                               5.5 FASTST   M    M   1    MAX(MPH)
                                 MISC ---->  # 36 250               # 46  240
================================================================================
NOTES:
# LAST OF SEVERAL OCCURRENCES

COLUMN 17 PEAK WIND IN M.P.H.

PRELIMINARY LOCAL CLIMATOLOGICAL DATA (WS FORM: F-6) , PAGE 2

                                          STATION:  VERNAL UT
                                          MONTH:    SEPTEMBER
                                          YEAR:     2017
                                          LATITUDE:   40 27 N
                                          LONGITUDE: 109 31 W

[TEMPERATURE DATA]      [PRECIPITATION DATA]       SYMBOLS USED IN COLUMN 16

AVERAGE MONTHLY: 67.0   TOTAL FOR MONTH:   0.85    1 = FOG OR MIST
DPTR FM NORMAL:   5.0   DPTR FM NORMAL:    0.13    2 = FOG REDUCING VISIBILITY
HIGHEST:    97 ON  4    GRTST 24HR  0.38 ON 14-14      TO 1/4 MILE OR LESS
LOWEST:     40 ON 16                               3 = THUNDER
                        SNOW, ICE PELLETS, HAIL    4 = ICE PELLETS
                        TOTAL MONTH:    M          5 = HAIL
                        GRTST 24HR    M  ON   M    6 = FREEZING RAIN OR DRIZZLE
                        GRTST DEPTH:  M  ON   M    7 = DUSTSTORM OR SANDSTORM:
                                                       VSBY 1/2 MILE OR LESS
                                                   8 = SMOKE OR HAZE
[NO. OF DAYS WITH]      [WEATHER - DAYS WITH]      9 = BLOWING SNOW
                                                   X = TORNADO
MAX 32 OR BELOW:   0    0.01 INCH OR MORE:   3
MAX 90 OR ABOVE:   6    0.10 INCH OR MORE:   3
MIN 32 OR BELOW:   0    0.50 INCH OR MORE:   0
MIN  0 OR BELOW:   0    1.00 INCH OR MORE:   0

[HDD (BASE 65) ]
TOTAL THIS MO.    46    CLEAR  (SCALE 0-3)  18
DPTR FM NORMAL   -38    PTCLDY (SCALE 4-7)   3
TOTAL FM JUL 1    46    CLOUDY (SCALE 8-10)  0
DPTR FM NORMAL   -54

[CDD (BASE 65) ]
TOTAL THIS MO.    92
DPTR FM NORMAL    72    [PRESSURE DATA]
TOTAL FM JAN 1   891    HIGHEST SLP M ON M
DPTR FM NORMAL   382    LOWEST  SLP 29.46 ON 21

[REMARKS]
