000
CXUS55 KGJT 231000
CF6VEL
PRELIMINARY LOCAL CLIMATOLOGICAL DATA (WS FORM: F-6)

                                          STATION:   VERNAL UT
                                          MONTH:     FEBRUARY
                                          YEAR:      2018
                                          LATITUDE:   40 27 N
                                          LONGITUDE: 109 31 W

  TEMPERATURE IN F:       :PCPN:    SNOW:  WIND      :SUNSHINE: SKY     :PK WND
================================================================================
1   2   3   4   5  6A  6B    7    8   9   10  11  12  13   14  15   16   17  18
                                     12Z  AVG MX 2MIN
DY MAX MIN AVG DEP HDD CDD  WTR  SNW DPTH SPD SPD DIR MIN PSBL S-S WX    SPD DR
================================================================================

 1  54  27  41  20  24   0 0.00    M    M  4.2 14 300   M    M   2        18 330
 2  54  27  41  20  24   0 0.00    M    M  3.7  9 350   M    M   2        10 120
 3  55  27  41  20  24   0 0.00    M    M  3.4 12 320   M    M   0        13 310
 4  53  27  40  18  25   0 0.00    M    M  3.6 10 280   M    M   0        13 300
 5  59  29  44  22  21   0 0.00    M    M  5.2 23 250   M    M   1 8      29 240
 6  48  25  37  15  28   0 0.00    M    M  3.4 15 320   M    M   2        18 320
 7  49  21  35  12  30   0 0.00    M    M  3.5  9 300   M    M   1 8      11 170
 8  49  23  36  13  29   0 0.00    M    M  2.8  9  30   M    M   0        11  20
 9  62  27  45  22  20   0 0.00    M    M  7.0 33 250   M    M   0        41 240
10  44  21  33   9  32   0 0.03    M    M  5.0 20  30   M    M   5        24  30
11  40  11  26   2  39   0 0.00    M    M   M   M   M   M    M   0         M  M
12  48  25  37  13  28   0 0.00    M    M   M   M   M   M    M   3         M  M
13  50  26  38  13  27   0 0.00    M    M  9.2 15 240   M    M   2 8      19 220
14  50  26  38  13  27   0 0.03    M    M  7.3 25 230   M    M  10        37 230
15  45  19  32   6  33   0 0.00    M    M  5.7 21 230   M    M   5        26 250
16  41  12  27   1  38   0 0.00    M    M  3.8 14 210   M    M   0        19 210
17  51  16  34   7  31   0 0.00    M    M  4.1 15 210   M    M   0        17 220
18  59  22  41  14  24   0 0.00    M    M 10.6 35 230   M    M   3        46 230
19  39  11  25  -3  40   0 0.31    M    M 10.3 25 320   M    M  10 1238   32  60
20  21  -2  10 -18  55   0    T    M    M  3.1  8 300   M    M   5 18     10 160
21  27  -3  12 -16  53   0 0.00    M    M  1.8  8 290   M    M   3 8       9 300
22  27   9  18 -11  47   0    T    M    M  2.0  9 190   M    M   7 1      10 130
================================================================================
SM 1025  426       699   0  0.37    M     99.7          M       61
================================================================================
AV 46.6 19.4                               5.0 FASTST   M    M   3    MAX(MPH)
                                 MISC ---->  # 35 230               # 46  230
================================================================================
NOTES:
# LAST OF SEVERAL OCCURRENCES

COLUMN 17 PEAK WIND IN M.P.H.

PRELIMINARY LOCAL CLIMATOLOGICAL DATA (WS FORM: F-6) , PAGE 2

                                          STATION:  VERNAL UT
                                          MONTH:    FEBRUARY
                                          YEAR:     2018
                                          LATITUDE:   40 27 N
                                          LONGITUDE: 109 31 W

[TEMPERATURE DATA]      [PRECIPITATION DATA]       SYMBOLS USED IN COLUMN 16

AVERAGE MONTHLY: 33.0   TOTAL FOR MONTH:   0.37    1 = FOG OR MIST
DPTR FM NORMAL:   8.5   DPTR FM NORMAL:   -0.03    2 = FOG REDUCING VISIBILITY
HIGHEST:    62 ON  9    GRTST 24HR  0.31 ON 19-19      TO 1/4 MILE OR LESS
LOWEST:     -3 ON 21                               3 = THUNDER
                        SNOW, ICE PELLETS, HAIL    4 = ICE PELLETS
                        TOTAL MONTH:    M          5 = HAIL
                        GRTST 24HR    M  ON   M    6 = FREEZING RAIN OR DRIZZLE
                        GRTST DEPTH:  M  ON   M    7 = DUSTSTORM OR SANDSTORM:
                                                       VSBY 1/2 MILE OR LESS
                                                   8 = SMOKE OR HAZE
[NO. OF DAYS WITH]      [WEATHER - DAYS WITH]      9 = BLOWING SNOW
                                                   X = TORNADO
MAX 32 OR BELOW:   3    0.01 INCH OR MORE:   3
MAX 90 OR ABOVE:   0    0.10 INCH OR MORE:   1
MIN 32 OR BELOW:  22    0.50 INCH OR MORE:   0
MIN  0 OR BELOW:   2    1.00 INCH OR MORE:   0

[HDD (BASE 65) ]
TOTAL THIS MO.   699    CLEAR  (SCALE 0-3)  14
DPTR FM NORMAL  -190    PTCLDY (SCALE 4-7)   6
TOTAL FM JUL 1  4463    CLOUDY (SCALE 8-10)  2
DPTR FM NORMAL  -821

[CDD (BASE 65) ]
TOTAL THIS MO.     0
DPTR FM NORMAL     0    [PRESSURE DATA]
TOTAL FM JAN 1     0    HIGHEST SLP M ON M
DPTR FM NORMAL     0    LOWEST  SLP 29.12 ON 19

[REMARKS]
