000
CXUS55 KGJT 011000
CF6VEL
PRELIMINARY LOCAL CLIMATOLOGICAL DATA (WS FORM: F-6)

                                          STATION:   VERNAL UT
                                          MONTH:     AUGUST
                                          YEAR:      2015
                                          LATITUDE:   40 27 N
                                          LONGITUDE: 109 31 W

  TEMPERATURE IN F:       :PCPN:    SNOW:  WIND      :SUNSHINE: SKY     :PK WND
================================================================================
1   2   3   4   5  6A  6B    7    8   9   10  11  12  13   14  15   16   17  18
                                     12Z  AVG MX 2MIN
DY MAX MIN AVG DEP HDD CDD  WTR  SNW DPTH SPD SPD DIR MIN PSBL S-S WX    SPD DR
================================================================================

 1  93  56  75   2   0  10 0.00    M    M  3.1 10 180   M    M   0        14  80
 2  89  61  75   2   0  10 0.08    M    M  6.3 30  50   M    M   1 3      39  50
 3  76  59  68  -5   0   3 0.06    M    M  6.3 22 230   M    M   6 1      31 230
 4  88  53  71  -2   0   6    T    M    M  4.5 14 350   M    M   0        17 360
 5  89  57  73   1   0   8 0.00    M    M  5.2 17 210   M    M   0        22 220
 6  89  56  73   1   0   8 0.00    M    M  5.5 15  40   M    M   0        21  40
 7  74  57  66  -6   0   1 0.09    M    M  5.2 20 260   M    M   4        32 260
 8  81  53  67  -5   0   2    T    M    M  4.8 20 180   M    M   2 3      25 200
 9  84  51  68  -4   0   3 0.00    M    M  5.9 26  10   M    M   0        35 350
10  91  58  75   3   0  10 0.00    M    M  4.7 13 250   M    M   0        15 240
11  86  59  73   1   0   8 0.00    M    M  5.9 16 230   M    M   2        23 200
12  85  62  74   3   0   9 0.02    M    M  5.5 21 320   M    M   4 3      26 330
13  90  58  74   3   0   9 0.00    M    M  3.1 10 310   M    M   0        14 110
14  94  61  78   7   0  13 0.00    M    M  4.6 13 250   M    M   1        15 250
15  94  64  79   8   0  14 0.00    M    M  5.3 29 300   M    M   2 3      38 310
16  92  61  77   6   0  12 0.00    M    M  4.6 20  20   M    M   1 3      23  20
17  92  57  75   5   0  10 0.00    M    M  8.1 25 260   M    M   0        38 270
18  84  52  68  -2   0   3 0.00    M    M  7.7 25 350   M    M   0        35 360
19  78  52  65  -5   0   0 0.00    M    M  5.4 20  40   M    M   0        28  30
20  88  49  69  -1   0   4 0.00    M    M  5.2 17 290   M    M   0        24 270
21  91  50  71   2   0   6 0.00    M    M  6.1 18 250   M    M   0        25 240
22  89  58  74   5   0   9 0.00    M    M  7.4 18 220   M    M   0 8      23 240
23  85  52  69   0   0   4 0.00    M    M  4.1 15 340   M    M   0 8      19 350
24  92  53  73   5   0   8 0.00    M    M  5.5 23 350   M    M   0 3      27 350
25  95  56  76   8   0  11 0.00    M    M  4.6 16 360   M    M   0        20  10
26  79  62  71   3   0   6 0.07    M    M  5.1 24 230   M    M   5        33 220
27  85  59  72   4   0   7 0.05    M    M  4.6 24 340   M    M   4 3      32 360
28  85  54  70   3   0   5 0.00    M    M  4.8 15  60   M    M   0        20  50
29  90  56  73   6   0   8 0.00    M    M  4.2 10 190   M    M   1        14 230
30  87  59  73   6   0   8    T    M    M  5.0 26 280   M    M   3 3      33 280
31  82  57  70   4   0   5 0.00    M    M  4.6 21  20   M    M   0        26  10
================================================================================
SM 2697 1752         0 220  0.37    M    162.9          M       36
================================================================================
AV 87.0 56.5                               5.3 FASTST   M    M   1    MAX(MPH)
                                 MISC ---->  # 30  50               # 39   50
================================================================================
NOTES:
# LAST OF SEVERAL OCCURRENCES

COLUMN 17 PEAK WIND IN M.P.H.

PRELIMINARY LOCAL CLIMATOLOGICAL DATA (WS FORM: F-6) , PAGE 2

                                          STATION:  VERNAL UT
                                          MONTH:    AUGUST
                                          YEAR:     2015
                                          LATITUDE:   40 27 N
                                          LONGITUDE: 109 31 W

[TEMPERATURE DATA]      [PRECIPITATION DATA]       SYMBOLS USED IN COLUMN 16

AVERAGE MONTHLY: 71.8   TOTAL FOR MONTH:   0.37    1 = FOG OR MIST
DPTR FM NORMAL:   1.6   DPTR FM NORMAL:   -0.39    2 = FOG REDUCING VISIBILITY
HIGHEST:    95 ON 25    GRTST 24HR  0.14 ON  2- 3      TO 1/4 MILE OR LESS
LOWEST:     49 ON 20                               3 = THUNDER
                        SNOW, ICE PELLETS, HAIL    4 = ICE PELLETS
                        TOTAL MONTH:    M          5 = HAIL
                        GRTST 24HR    M  ON   M    6 = FREEZING RAIN OR DRIZZLE
                        GRTST DEPTH:  M  ON   M    7 = DUSTSTORM OR SANDSTORM:
                                                       VSBY 1/2 MILE OR LESS
                                                   8 = SMOKE OR HAZE
[NO. OF DAYS WITH]      [WEATHER - DAYS WITH]      9 = BLOWING SNOW
                                                   X = TORNADO
MAX 32 OR BELOW:   0    0.01 INCH OR MORE:   6
MAX 90 OR ABOVE:  11    0.10 INCH OR MORE:   0
MIN 32 OR BELOW:   0    0.50 INCH OR MORE:   0
MIN  0 OR BELOW:   0    1.00 INCH OR MORE:   0

[HDD (BASE 65) ]
TOTAL THIS MO.     0    CLEAR  (SCALE 0-3)  26
DPTR FM NORMAL   -10    PTCLDY (SCALE 4-7)   5
TOTAL FM JUL 1     0    CLOUDY (SCALE 8-10)  0
DPTR FM NORMAL   -16

[CDD (BASE 65) ]
TOTAL THIS MO.   220
DPTR FM NORMAL    49    [PRESSURE DATA]
TOTAL FM JAN 1   651    HIGHEST SLP 30.21 ON 12
DPTR FM NORMAL   162    LOWEST  SLP 29.64 ON 21

[REMARKS]
#FINAL-08-15#
