000
CXUS52 KFFC 301110
CF6VPC
PRELIMINARY LOCAL CLIMATOLOGICAL DATA (WS FORM: F-6)

                                          STATION:   CARTERSVILLE
                                          MONTH:     JULY
                                          YEAR:      2015
                                          LATITUDE:   34  7 N
                                          LONGITUDE:  84 51 W

  TEMPERATURE IN F:       :PCPN:    SNOW:  WIND      :SUNSHINE: SKY     :PK WND
================================================================================
1   2   3   4   5  6A  6B    7    8   9   10  11  12  13   14  15   16   17  18
                                     12Z  AVG MX 2MIN
DY MAX MIN AVG DEP HDD CDD  WTR  SNW DPTH SPD SPD DIR MIN PSBL S-S WX    SPD DR
================================================================================

 1  84  64  74  -3   0   9 0.64  0.0    M  1.6 14 350   M    M   5 13     21 350
 2  85  65  75  -3   0  10 0.07  0.0    M  3.3 16  20   M    M   4 138    20  20
 3  77  69  73  -5   0   8 0.31  0.0    M  2.1  9 200   M    M   6 13     16 260
 4  85  68  77  -1   0  12 0.40  0.0    M  3.0  9 190   M    M   5 13     14 180
 5  83  66  75  -3   0  10 0.06  0.0    M  2.1  8 220   M    M   4 1      15 200
 6  84  68  76  -2   0  11 0.02    M    M  0.3  6 210   M    M   6 1       9 200
 7  90  66  78   0   0  13 0.00  0.0    M  2.2 10 180   M    M   1 1      13 170
 8  92  68  80   2   0  15 0.00    M    M  2.1  8 200   M    M   1 3      11 170
 9  92  66  79   1   0  14 0.00  0.0    0  1.0  7 200   M    M   2        12 210
10  92  67  80   2   0  15 0.02  0.0    0  1.2  9  10   M    M   2 3      13  40
11  93  68  81   3   0  16 0.00    M    M  2.0 20  20   M    M   1        25  10
12  92  66  79   1   0  14 0.04    M    M  1.4 13  10   M    M   1 3      16  30
13  93  69  81   3   0  16 0.00    M    M  1.0  8 350   M    M   2        12 320
14  93  69  81   3   0  16 0.99    M    M  3.6 20 330   M    M   4 13     34 350
15  91  68  80   2   0  15 0.00    M    M  2.8 13  20   M    M   2        18  10
16  89  67  78   0   0  13 0.00    M    M  1.0  7  40   M    M   0        10 350
17  92  68  80   1   0  15 0.00    M    M  1.5  8  80   M    M   0        10  80
18  94  69  82   3   0  17 0.23    M    M  2.2 16 180   M    M   0 138    23 170
19  92  68  80   1   0  15 0.36    M    M  1.1 12 170   M    M   1 13     16 180
20  94  71  83   4   0  18 0.10    M    M  1.2 12  30   M    M   3 138    14  20
21  93  70  82   3   0  17 0.29    M    M  2.0 16 190   M    M   1 138    23 170
22  90  69  80   1   0  15 0.02    M    M  2.3 17  10   M    M   2 3      27  20
23  84  69  77  -2   0  12 0.02    M    M  1.8 10 200   M    M   3        17 190
24  91  69  80   1   0  15 0.00    M    M  2.2 13  20   M    M   4        17  20
25  91  67  79   0   0  14 0.00    M    M  1.6  9 160   M    M   1 1      13 110
26  93  70  82   3   0  17 0.00    M    M  2.1  8 190   M    M   1        12 180
27  94  69  82   3   0  17 0.00    M    M  0.5 13  20   M    M   0 1      16  10
28  95  70  83   4   0  18 0.00    M    M  1.1 10 340   M    M   1 3      19 330
29  95  71  83   4   0  18 0.00    M    M  2.2 13  10   M    M   0        16  30
================================================================================
SM 2613 1974         0 415  3.57     0.0  52.5          M       63
================================================================================
AV 90.1 68.1                               1.8 FASTST   M    M   2    MAX(MPH)
                                 MISC ---->  # 20  20               # 34  350
================================================================================
NOTES:
# LAST OF SEVERAL OCCURRENCES

COLUMN 17 PEAK WIND IN M.P.H.

PRELIMINARY LOCAL CLIMATOLOGICAL DATA (WS FORM: F-6) , PAGE 2

                                          STATION:  CARTERSVILLE
                                          MONTH:    JULY
                                          YEAR:     2015
                                          LATITUDE:   34  7 N
                                          LONGITUDE:  84 51 W

[TEMPERATURE DATA]      [PRECIPITATION DATA]       SYMBOLS USED IN COLUMN 16

AVERAGE MONTHLY: 79.1   TOTAL FOR MONTH:   3.57    1 = FOG OR MIST
DPTR FM NORMAL:   0.7   DPTR FM NORMAL:   -0.88    2 = FOG REDUCING VISIBILITY
HIGHEST:    95 ON 29,28 GRTST 24HR  0.99 ON 14-14      TO 1/4 MILE OR LESS
LOWEST:     64 ON  1                               3 = THUNDER
                        SNOW, ICE PELLETS, HAIL    4 = ICE PELLETS
                        TOTAL MONTH:   0.0 INCH    5 = HAIL
                        GRTST 24HR     0.0         6 = FREEZING RAIN OR DRIZZLE
                        GRTST DEPTH:   0           7 = DUSTSTORM OR SANDSTORM:
                                                       VSBY 1/2 MILE OR LESS
                                                   8 = SMOKE OR HAZE
[NO. OF DAYS WITH]      [WEATHER - DAYS WITH]      9 = BLOWING SNOW
                                                   X = TORNADO
MAX 32 OR BELOW:   0    0.01 INCH OR MORE:  15
MAX 90 OR ABOVE:  21    0.10 INCH OR MORE:   8
MIN 32 OR BELOW:   0    0.50 INCH OR MORE:   2
MIN  0 OR BELOW:   0    1.00 INCH OR MORE:   0

[HDD (BASE 65) ]
TOTAL THIS MO.     0    CLEAR  (SCALE 0-3)  21
DPTR FM NORMAL     0    PTCLDY (SCALE 4-7)   8
TOTAL FM JUL 1     0    CLOUDY (SCALE 8-10)  0
DPTR FM NORMAL     0

[CDD (BASE 65) ]
TOTAL THIS MO.   415
DPTR FM NORMAL    29    [PRESSURE DATA]
TOTAL FM JAN 1  1003    HIGHEST SLP M ON M
DPTR FM NORMAL   173    LOWEST  SLP 29.75 ON 14

[REMARKS]
