000
CXUS52 KMLB 241217
CF6VRB
PRELIMINARY LOCAL CLIMATOLOGICAL DATA (WS FORM: F-6)

                                          STATION:   VERO BEACH
                                          MONTH:     APRIL
                                          YEAR:      2014
                                          LATITUDE:   27 39 N
                                          LONGITUDE:  80 25 W

  TEMPERATURE IN F:       :PCPN:    SNOW:  WIND      :SUNSHINE: SKY     :PK WND
================================================================================
1   2   3   4   5  6A  6B    7    8   9   10  11  12  13   14  15   16   17  18
                                     12Z  AVG MX 2MIN
DY MAX MIN AVG DEP HDD CDD  WTR  SNW DPTH SPD SPD DIR MIN PSBL S-S WX    SPD DR
================================================================================

 1  78  44  61  -8   4   0 0.00  0.0    0  4.6 12 120   M    M   0        17  90
 2  79  49  64  -5   1   0 0.00  0.0    0  6.1 16 130   M    M   0        22 130
 3  81  55  68  -1   0   3 0.00  0.0    0  9.7 22 130   M    M   0        27 140
 4  83  58  71   2   0   6 0.00  0.0    0  8.8 21 130   M    M   2 1      24 120
 5  83  64  74   5   0   9 0.00  0.0    0  7.9 13 100   M    M   1        17 180
 6  84  67  76   6   0  11 0.00  0.0    0 11.1 18 130   M    M   1        23 140
 7  88  64  76   6   0  11 0.10  0.0    0  9.4 21 140   M    M   1 1      25 120
 8  82  65  74   4   0   9 0.31  0.0    0 13.1 31 200   M    M   5 138    43 220
 9  77  54  66  -4   0   1 0.00  0.0    0  9.1 20 280   M    M   5        25 310
10  78  52  65  -5   0   0 0.00  0.0    0  7.4 16  90   M    M   1        20 100
11  78  63  71   1   0   6 0.27  0.0    0  7.4 20 100   M    M   7 1      24 100
12  79  63  71   1   0   6    T  0.0    0  8.6 17  60   M    M   4 1      23  60
13  82  70  76   6   0  11 0.00  0.0    0 11.5 20  90   M    M   6        27 100
14  85  71  78   8   0  13 0.00  0.0    0 12.1 22 130   M    M   3        26 110
15  91  70  81  10   0  16 0.00  0.0    0 10.9 23 230   M    M   3 3      29 230
16  76  63  70  -1   0   5    T  0.0    0 14.0 21 360   M    M   9 1      26  10
17  79  72  76   5   0  11    T  0.0    0 14.4 22  60   M    M  10        32  50
18  82  71  77   6   0  12 0.94  0.0    0 12.7 23 140   M    M   5 13     31 150
19  83  60  72   1   0   7 0.37  0.0    0 11.5 22 260   M    M   4 13     26 270
20  72  58  65  -6   0   0    T  0.0    0 10.2 17 360   M    M   7        24 350
21  77  60  69  -3   0   4 0.00  0.0    0 10.9 18 360   M    M   5        34 350
22  80  58  69  -3   0   4 0.00  0.0    0  5.9 13  60   M    M   2 1      15  30
23  81  60  71  -1   0   6 0.00  0.0    0  6.9 12  70   M    M   1 1      16  60
================================================================================
SM 1858 1411         5 151  1.99     0.0 224.2          M       82
================================================================================
AV 80.8 61.3                               9.7 FASTST   M    M   4    MAX(MPH)
                                 MISC ---->  # 31 200               # 43  220
================================================================================
NOTES:
# LAST OF SEVERAL OCCURRENCES

COLUMN 17 PEAK WIND IN M.P.H.

PRELIMINARY LOCAL CLIMATOLOGICAL DATA (WS FORM: F-6) , PAGE 2

                                          STATION:  VERO BEACH
                                          MONTH:    APRIL
                                          YEAR:     2014
                                          LATITUDE:   27 39 N
                                          LONGITUDE:  80 25 W

[TEMPERATURE DATA]      [PRECIPITATION DATA]       SYMBOLS USED IN COLUMN 16

AVERAGE MONTHLY: 71.1   TOTAL FOR MONTH:   1.99    1 = FOG OR MIST
DPTR FM NORMAL:   0.8   DPTR FM NORMAL:   -0.14    2 = FOG REDUCING VISIBILITY
HIGHEST:    91 ON 15    GRTST 24HR  1.26 ON 18-19      TO 1/4 MILE OR LESS
LOWEST:     44 ON  1                               3 = THUNDER
                        SNOW, ICE PELLETS, HAIL    4 = ICE PELLETS
                        TOTAL MONTH:   0.0 INCH    5 = HAIL
                        GRTST 24HR     0.0         6 = FREEZING RAIN OR DRIZZLE
                        GRTST DEPTH:   0           7 = DUSTSTORM OR SANDSTORM:
                                                       VSBY 1/2 MILE OR LESS
                                                   8 = SMOKE OR HAZE
[NO. OF DAYS WITH]      [WEATHER - DAYS WITH]      9 = BLOWING SNOW
                                                   X = TORNADO
MAX 32 OR BELOW:   0    0.01 INCH OR MORE:   5
MAX 90 OR ABOVE:   1    0.10 INCH OR MORE:   5
MIN 32 OR BELOW:   0    0.50 INCH OR MORE:   1
MIN  0 OR BELOW:   0    1.00 INCH OR MORE:   0

[HDD (BASE 65) ]
TOTAL THIS MO.     5    CLEAR  (SCALE 0-3)  11
DPTR FM NORMAL    -8    PTCLDY (SCALE 4-7)  10
TOTAL FM JUL 1   268    CLOUDY (SCALE 8-10)  2
DPTR FM NORMAL  -185

[CDD (BASE 65) ]
TOTAL THIS MO.   151
DPTR FM NORMAL    15    [PRESSURE DATA]
TOTAL FM JAN 1   479    HIGHEST SLP M ON M
DPTR FM NORMAL    75    LOWEST  SLP 29.69 ON  8

[REMARKS]
