000
CXUS55 KLOX 301655
CF6WJF
PRELIMINARY LOCAL CLIMATOLOGICAL DATA (WS FORM: F-6)

                                          STATION:   LANCASTER FOX FIELD CA
                                          MONTH:     JULY
                                          YEAR:      2015
                                          LATITUDE:   34 43 N
                                          LONGITUDE: 118 13 W

  TEMPERATURE IN F:       :PCPN:    SNOW:  WIND      :SUNSHINE: SKY     :PK WND
================================================================================
1   2   3   4   5  6A  6B    7    8   9   10  11  12  13   14  15   16   17  18
                                     12Z  AVG MX 2MIN
DY MAX MIN AVG DEP HDD CDD  WTR  SNW DPTH SPD SPD DIR MIN PSBL S-S WX    SPD DR
================================================================================

 1  90  69  80   0   0  15 0.03  0.0    0  9.8 21 240   M    M   1 3      24 230
 2  97  75  86   6   0  21    T  0.0    0 13.5 29 210   M    M   1        35 220
 3 101  73  87   6   0  22 0.00  0.0    0 13.2 23 220   M    M   0        28 240
 4 103  68  86   5   0  21 0.00  0.0    0 11.1 29 250   M    M   0        35 230
 5  97  67  82   1   0  17 0.00  0.0    0 12.4 28 240   M    M   0        33 240
 6  98  64  81   0   0  16 0.00  0.0    0 11.6 24 240   M    M   0        30 240
 7  96  68  82   0   0  17 0.00  0.0    0 14.9 28 240   M    M   0        34 240
 8  86  63  75  -7   0  10 0.00  0.0    0 20.2 33 220   M    M   0        39 210
 9  76  60  68 -14   0   3 0.00  0.0    0 21.6 33 220   M    M   0        40 220
10  84  58  71 -11   0   6 0.00  0.0    0 16.3 26 240   M    M   0        33 210
11  89  62  76  -6   0  11 0.00  0.0    0 12.3 26 220   M    M   0        32 210
12  95  62  79  -3   0  14 0.00  0.0    0 11.5 25 240   M    M   0        30 230
13  96  63  80  -2   0  15 0.00  0.0    0 12.7 25 240   M    M   0        35 250
14  93  68  81  -2   0  16 0.00  0.0    0 14.3 26 240   M    M   0        33 250
15  93  67  80  -3   0  15 0.00  0.0    0 17.1 26 220   M    M   0        33 220
16  96  67  82  -1   0  17 0.00  0.0    0 13.8 30 250   M    M   0        35 240
17  98  62  80  -3   0  15 0.00  0.0    0 10.3 25 230   M    M   0        32 250
18  85  63  74  -9   0   9 0.72  0.0    0  9.5 20 290   M    M   6 1      23 280
19  88  64  76  -7   0  11 1.59  0.0    0  5.8 30 120   M    M   4 1      41 130
20  84  66  75  -8   0  10    T  0.0    0  4.8 17 260   M    M   8        20 260
21  90  66  78  -5   0  13 0.00  0.0    0 10.9 23 240   M    M   0        28 240
22  84  67  76  -7   0  11 0.00  0.0    0 17.3 28 210   M    M   0        33 220
23  89  65  77  -6   0  12 0.00  0.0    0 16.0 26 220   M    M   0        33 240
24  94  65  80  -3   0  15 0.00  0.0    0 13.7 24 260   M    M   0        31 260
25  94  70  82  -1   0  17 0.00  0.0    0 17.0 26 260   M    M   0        32 280
26  91  69  80  -3   0  15 0.00  0.0    0 19.1 30 220   M    M   0        38 220
27  95  68  82  -1   0  17 0.00  0.0    0 15.1 26 260   M    M   0        32 270
28 100  58  79  -4   0  14 0.00  0.0    0  7.9 23 240   M    M   0        26 240
29 104  60  82  -1   0  17 0.00  0.0    0  6.7 25 120   M    M   0 8      35 150
================================================================================
SM 2686 1897         0 412  2.34     0.0 380.5          M       20
================================================================================
AV 92.6 65.4                              13.1 FASTST   M    M   1    MAX(MPH)
                                 MISC ---->  # 33 220               # 41  130
================================================================================
NOTES:
# LAST OF SEVERAL OCCURRENCES

COLUMN 17 PEAK WIND IN M.P.H.

PRELIMINARY LOCAL CLIMATOLOGICAL DATA (WS FORM: F-6) , PAGE 2

                                          STATION:  LANCASTER FOX FIELD CA
                                          MONTH:    JULY
                                          YEAR:     2015
                                          LATITUDE:   34 43 N
                                          LONGITUDE: 118 13 W

[TEMPERATURE DATA]      [PRECIPITATION DATA]       SYMBOLS USED IN COLUMN 16

AVERAGE MONTHLY: 79.0   TOTAL FOR MONTH:   2.34    1 = FOG OR MIST
DPTR FM NORMAL:  -3.3   DPTR FM NORMAL:    2.25    2 = FOG REDUCING VISIBILITY
HIGHEST:   104 ON 29    GRTST 24HR  1.59 ON 18-19      TO 1/4 MILE OR LESS
LOWEST:     58 ON 28,10                            3 = THUNDER
                        SNOW, ICE PELLETS, HAIL    4 = ICE PELLETS
                        TOTAL MONTH:   0.0 INCH    5 = HAIL
                        GRTST 24HR     0.0         6 = FREEZING RAIN OR DRIZZLE
                        GRTST DEPTH:   0           7 = DUSTSTORM OR SANDSTORM:
                                                       VSBY 1/2 MILE OR LESS
                                                   8 = SMOKE OR HAZE
[NO. OF DAYS WITH]      [WEATHER - DAYS WITH]      9 = BLOWING SNOW
                                                   X = TORNADO
MAX 32 OR BELOW:   0    0.01 INCH OR MORE:   3
MAX 90 OR ABOVE:  20    0.10 INCH OR MORE:   2
MIN 32 OR BELOW:   0    0.50 INCH OR MORE:   2
MIN  0 OR BELOW:   0    1.00 INCH OR MORE:   1

[HDD (BASE 65) ]
TOTAL THIS MO.     0    CLEAR  (SCALE 0-3)  26
DPTR FM NORMAL     0    PTCLDY (SCALE 4-7)   3
TOTAL FM JUL 1     0    CLOUDY (SCALE 8-10)  0
DPTR FM NORMAL     0

[CDD (BASE 65) ]
TOTAL THIS MO.   412
DPTR FM NORMAL   -90    [PRESSURE DATA]
TOTAL FM JAN 1   985    HIGHEST SLP M ON M
DPTR FM NORMAL   -47    LOWEST  SLP 29.74 ON 17

[REMARKS]
