000
CXUS55 KLOX 181155
CF6WJF
PRELIMINARY LOCAL CLIMATOLOGICAL DATA (WS FORM: F-6)

                                          STATION:   LANCASTER FOX FIELD CA
                                          MONTH:     DECEMBER
                                          YEAR:      2014
                                          LATITUDE:   34 43 N
                                          LONGITUDE: 118 13 W

  TEMPERATURE IN F:       :PCPN:    SNOW:  WIND      :SUNSHINE: SKY     :PK WND
================================================================================
1   2   3   4   5  6A  6B    7    8   9   10  11  12  13   14  15   16   17  18
                                     12Z  AVG MX 2MIN
DY MAX MIN AVG DEP HDD CDD  WTR  SNW DPTH SPD SPD DIR MIN PSBL S-S WX    SPD DR
================================================================================

 1  66  46  56  10   9   0 0.00  0.0    0  4.1  9 250   M    M   2        10  40
 2  50  46  48   2  17   0 1.14    M    0  3.7 15  40   M    M   9 1      19  40
 3  54  49  52   7  13   0 0.09    M    0  2.4  7 100   M    M   9 1       8  90
 4  62  44  53   8  12   0 0.00  0.0    0  7.6 22 220   M    M   4 12     25 220
 5  57  42  50   5  15   0 0.00  0.0    0  3.0  8 350   M    M   3 1       8 350
 6  62  41  52   7  13   0 0.00  0.0    0  4.1 10  50   M    M   2 1      13  50
 7  62  36  49   5  16   0 0.00  0.0    0  2.1  8 260   M    M   0 128     9 300
 8  64  37  51   7  14   0 0.00  0.0    0  3.0  9 280   M    M   0        11  90
 9  66  34  50   6  15   0 0.00  0.0    0  3.7 10 290   M    M   0        12 300
10  62  35  49   5  16   0 0.00  0.0    0  1.9  9 260   M    M   0         9 270
11  64  41  53   9  12   0 0.00  0.0    0 10.3 22 240   M    M   1 18     27 140
12  58  43  51   7  14   0 1.19    M    0  9.6 37 240   M    M   8 1      54 220
13  53  33  43  -1  22   0 0.00  0.0    0 12.8 25 260   M    M   0        35 250
14  52  30  41  -2  24   0 0.00  0.0    0  2.1  7 300   M    M   0         8 290
15  52  31  42  -1  23   0 0.01    M    0  2.7 10 330   M    M   2        12 330
16  49  40  45   2  20   0 0.01    M    0  1.7  9 150   M    M   8 18     11 150
17  53  40  47   4  18   0 0.18    M    0 11.0 30 270   M    M   6 1      34 270
================================================================================
SM  986  668       273   0  2.62     0.0  85.8          M       54
================================================================================
AV 58.0 39.3                               5.0 FASTST   M    M   3    MAX(MPH)
                                 MISC ---->  # 37 240               # 54  220
================================================================================
NOTES:
# LAST OF SEVERAL OCCURRENCES

COLUMN 17 PEAK WIND IN M.P.H.

PRELIMINARY LOCAL CLIMATOLOGICAL DATA (WS FORM: F-6) , PAGE 2

                                          STATION:  LANCASTER FOX FIELD CA
                                          MONTH:    DECEMBER
                                          YEAR:     2014
                                          LATITUDE:   34 43 N
                                          LONGITUDE: 118 13 W

[TEMPERATURE DATA]      [PRECIPITATION DATA]       SYMBOLS USED IN COLUMN 16

AVERAGE MONTHLY: 48.6   TOTAL FOR MONTH:   2.62    1 = FOG OR MIST
DPTR FM NORMAL:   4.4   DPTR FM NORMAL:    2.09    2 = FOG REDUCING VISIBILITY
HIGHEST:    66 ON  9, 1 GRTST 24HR  1.19 ON 12-12      TO 1/4 MILE OR LESS
LOWEST:     30 ON 14                               3 = THUNDER
                        SNOW, ICE PELLETS, HAIL    4 = ICE PELLETS
                        TOTAL MONTH:   0.0 INCH    5 = HAIL
                        GRTST 24HR     0.0         6 = FREEZING RAIN OR DRIZZLE
                        GRTST DEPTH:   0           7 = DUSTSTORM OR SANDSTORM:
                                                       VSBY 1/2 MILE OR LESS
                                                   8 = SMOKE OR HAZE
[NO. OF DAYS WITH]      [WEATHER - DAYS WITH]      9 = BLOWING SNOW
                                                   X = TORNADO
MAX 32 OR BELOW:   0    0.01 INCH OR MORE:   6
MAX 90 OR ABOVE:   0    0.10 INCH OR MORE:   3
MIN 32 OR BELOW:   2    0.50 INCH OR MORE:   2
MIN  0 OR BELOW:   0    1.00 INCH OR MORE:   2

[HDD (BASE 65) ]
TOTAL THIS MO.   273    CLEAR  (SCALE 0-3)  11
DPTR FM NORMAL   -80    PTCLDY (SCALE 4-7)   4
TOTAL FM JUL 1   670    CLOUDY (SCALE 8-10)  2
DPTR FM NORMAL  -228

[CDD (BASE 65) ]
TOTAL THIS MO.     0
DPTR FM NORMAL     0    [PRESSURE DATA]
TOTAL FM JAN 1  2055    HIGHEST SLP M ON M
DPTR FM NORMAL   173    LOWEST  SLP 29.73 ON 12

[REMARKS]
