000
CXUS55 KRIW 210945
CF6WRL
PRELIMINARY LOCAL CLIMATOLOGICAL DATA (WS FORM: F-6)

                                          STATION:   WORLAND WY
                                          MONTH:     SEPTEMBER
                                          YEAR:      2017
                                          LATITUDE:   43 58 N
                                          LONGITUDE: 107 57 W

  TEMPERATURE IN F:       :PCPN:    SNOW:  WIND      :SUNSHINE: SKY     :PK WND
================================================================================
1   2   3   4   5  6A  6B    7    8   9   10  11  12  13   14  15   16   17  18
                                     12Z  AVG MX 2MIN
DY MAX MIN AVG DEP HDD CDD  WTR  SNW DPTH SPD SPD DIR MIN PSBL S-S WX    SPD DR
================================================================================

 1  85  53  69   4   0   4 0.00  0.0    M  4.8 12 160   M    M   0 8      15  60
 2  95  46  71   6   0   6 0.00  0.0    M  4.9 12 100   M    M   0        12  20
 3  93  50  72   8   0   7 0.00  0.0    M  4.4 13 160   M    M   2 8      13 160
 4  75  49  62  -2   3   0 0.00  0.0    M  8.8 18 330   M    M   0 8      24 340
 5  75  43  59  -5   6   0 0.00  0.0    M  4.1 10 160   M    M   0 8      13 320
 6  82  41  62  -1   3   0 0.00  0.0    M  3.1  9 170   M    M   0 8      11 170
 7  86  43  65   2   0   0 0.00  0.0    M  4.1 10 170   M    M   0 8      12 150
 8  88  43  66   4   0   1 0.00    M    0  3.5 10 190   M    M   0 8      10 190
 9  93  50  72  10   0   7 0.00  0.0    0  4.9 10 200   M    M   0 8      13  20
10  87  60  74  13   0   9    T  0.0    0  4.8 13 220   M    M   1        14 220
11  91  52  72  11   0   7 0.00  0.0    0  4.3 10 170   M    M   0        11 160
12  92  54  73  13   0   8 0.00  0.0    0  4.5 12 160   M    M   0        13  20
13  86  50  68   8   0   3 0.01  0.0    0  7.2 23 330   M    M   1        31 330
14  74  48  61   2   4   0 0.46    M    M  9.2 26 340   M    M   5 1      33 330
15  48  43  46 -13  19   0 0.55    M    M  9.8 20 310   M    M  10 1      25 300
16  52  38  45 -13  20   0 0.00    M    M  5.0 12  10   M    M   8 1      14 360
17  65  33  49  -9  16   0 0.00    M    M  3.1 12 130   M    M   0        13 130
18  80  36  58   1   7   0    T    M    M  7.5 26 350   M    M   1        36 360
19  57  36  47 -10  18   0 0.20    M    M  8.6 22 340   M    M   7 13     30  10
20  69  30  50  -6  15   0 0.00  0.0    M  9.4 24 220   M    M   1        32 220
================================================================================
SM 1573  898       111  52  1.22     0.0 116.0          M       36
================================================================================
AV 78.7 44.9                               5.8 FASTST   M    M   2    MAX(MPH)
                                 MISC ---->  # 26 340               # 36  360
================================================================================
NOTES:
# LAST OF SEVERAL OCCURRENCES

COLUMN 17 PEAK WIND IN M.P.H.

PRELIMINARY LOCAL CLIMATOLOGICAL DATA (WS FORM: F-6) , PAGE 2

                                          STATION:  WORLAND WY
                                          MONTH:    SEPTEMBER
                                          YEAR:     2017
                                          LATITUDE:   43 58 N
                                          LONGITUDE: 107 57 W

[TEMPERATURE DATA]      [PRECIPITATION DATA]       SYMBOLS USED IN COLUMN 16

AVERAGE MONTHLY: 61.8   TOTAL FOR MONTH:   1.22    1 = FOG OR MIST
DPTR FM NORMAL:   0.9   DPTR FM NORMAL:    0.70    2 = FOG REDUCING VISIBILITY
HIGHEST:    95 ON  2    GRTST 24HR  0.55 ON 15-15      TO 1/4 MILE OR LESS
LOWEST:     30 ON 20                               3 = THUNDER
                        SNOW, ICE PELLETS, HAIL    4 = ICE PELLETS
                        TOTAL MONTH:   0.0 INCH    5 = HAIL
                        GRTST 24HR     0.0         6 = FREEZING RAIN OR DRIZZLE
                        GRTST DEPTH:   0           7 = DUSTSTORM OR SANDSTORM:
                                                       VSBY 1/2 MILE OR LESS
                                                   8 = SMOKE OR HAZE
[NO. OF DAYS WITH]      [WEATHER - DAYS WITH]      9 = BLOWING SNOW
                                                   X = TORNADO
MAX 32 OR BELOW:   0    0.01 INCH OR MORE:   4
MAX 90 OR ABOVE:   5    0.10 INCH OR MORE:   3
MIN 32 OR BELOW:   1    0.50 INCH OR MORE:   1
MIN  0 OR BELOW:   0    1.00 INCH OR MORE:   0

[HDD (BASE 65) ]
TOTAL THIS MO.   111    CLEAR  (SCALE 0-3)  16
DPTR FM NORMAL     3    PTCLDY (SCALE 4-7)   2
TOTAL FM JUL 1   112    CLOUDY (SCALE 8-10)  2
DPTR FM NORMAL   -32

[CDD (BASE 65) ]
TOTAL THIS MO.    52
DPTR FM NORMAL    24    [PRESSURE DATA]
TOTAL FM JAN 1   588    HIGHEST SLP M ON M
DPTR FM NORMAL    54    LOWEST  SLP 29.58 ON 19

[REMARKS]
