000
CXAK56 PAYA 270904
CF6YAK

PRELIMINARY LOCAL CLIMATOLOGICAL DATA (WS FORM: F-6)

                                          STATION:   YAKUTAT
                                          MONTH:     07
                                          YEAR:      2015
                                          LATITUDE:   59 31 N
                                          LONGITUDE: 139 40 W

  TEMPERATURE IN F:       :PCPN:    SNOW:  WIND      :SUNSHINE: SKY     :PK WND
================================================================================
1   2   3   4   5  6A  6B    7     8   9   10  11  12  13   14  15   16  17  18
                                      12Z  AVG MX 2MIN
DY MAX MIN AVG DEP HDD CDD  WTR   SNW DPTH SPD SPD DIR MIN PSBL S-S WX   SPD DR
================================================================================

 1  58  50  54   1  11   0  0.28  0.0   0  4.9 13  360   M    M   M 1     17  10
 2  59  50  55   2  10   0  0.41  0.0   0  4.6 10  230   M    M   M 1     25 120
 3  63  52  58   5   7   0     T  0.0   0  3.4  9  200   M    M   M 1     13 240
 4  64  51  58   5   7   0  0.00  0.0   0  2.6 10  220   M    M   M       14 220
 5  68  47  58   5   7   0  0.00  0.0   0  3.3 12  260   M    M   M 2     16 240
 6  66  49  58   4   7   0  0.00  0.0   0  5.6 14  250   M    M   M 2     19 240
 7  60  55  58   4   7   0  0.58  0.0   0  2.5  9  160   M    M   M 1     12 270
 8  59  54  57   3   8   0  0.13  0.0   0  2.4  8  170   M    M   M 1     11 140
 9  64  55  60   6   5   0  0.03  0.0   0  3.2 10  240   M    M   M 1     15 230
10  64  48  56   2   9   0  0.05  0.0   0  3.5 12   90   M    M   M 1     14 100
11  59  54  57   3   8   0  0.30  0.0   0  5.1 10  130   M    M   M 1     16 140
12  62  53  58   4   7   0  0.16  0.0   0  4.2  9  190   M    M   M 1     12 190
13  58  53  56   2   9   0  1.62  0.0   0  6.8 13  140   M    M   M 1     22 130
14  60  52  56   2   9   0  0.40  0.0   0  4.2 12  190   M    M   M 1     14 100
15  57  52  55   1  10   0  0.66  0.0   0  7.2 17   70   M    M   M 1     26  70
16  56  51  54  -1  11   0  0.81  0.0   0  7.7 15   80   M    M   M 1     23 100
17  58  54  56   1   9   0  1.48  0.0   0  5.9 15  130   M    M   M 1     22 120
18  62  51  57   2   8   0  0.01  0.0   0  5.4 13  240   M    M   M 1     16 240
19  60  47  54  -1  11   0     T  0.0   0  1.8 10  350   M    M   M 1     12 320
20  75  49  62   7   3   0  0.00  0.0   0  2.2  9  270   M    M   M       13 320
21  66  44  55   0  10   0  0.00  0.0   0  3.9 13  210   M    M   M 1     16 200
22  61  54  58   3   7   0  0.19  0.0   0  4.7 12  160   M    M   M 1     17 100
23  59  52  56   1   9   0  0.33  0.0   0  5.3 15   90   M    M   M 1     21 100
24  60  50  55   0  10   0  0.03  0.0   0  2.1  9  270   M    M   M 18    12 240
25  63  49  56   1   9   0  0.03  0.0   0  3.3 12  250   M    M   M 2     15 240
26  56  53  55   0  10   0  1.40  0.0   0  8.1 15  130   M    M   M 1     22 140
================================================================================
SM 1597 1329       218   0  8.90 0.0    113.9           M        M
================================================================================
AV 61.4 51.1                              4.4 FASTST  PSBL  %   M    MAX(MPH)
                                 MISC ---->     17   70                 26  70
================================================================================
NOTES:
# LAST OF SEVERAL OCCURRENCES

COLUMN 17 PEAK WIND IN M.P.H.

PRELIMINARY LOCAL CLIMATOLOGICAL DATA (WS FORM: F-6) , PAGE 2

                                          STATION:   YAKUTAT
                                          MONTH:     07
                                          YEAR:      2015
                                          LATITUDE:  59 31 N
                                          LONGITUDE: 139 40 W

[TEMPERATURE DATA]      [PRECIPITATION DATA]       SYMBOLS USED IN COLUMN 16

AVERAGE MONTHLY:56.3   TOTAL FOR MONTH: 8.90       1 = FOG
DPTR FM NORMAL:  2.1   DPTR FM NORMAL: 2.67       2 = FOG REDUCING VISIBILITY
HIGHEST:    75 ON 20    GRTST 24HR   1.62 ON 13        TO 1/4 MILE OR LESS
LOWEST:     44 ON 21                               3 = THUNDER
                        SNOW, ICE PELLETS, HAIL    4 = ICE PELLETS
                        TOTAL MONTH: 0.0         5 = HAIL
                        GRTST 24HR   0.0           6 = GLAZE OR RIME
                        GRTST DEPTH:    0          7 = BLOWING DUST OR SAND:
                                                       VSBY 1/2 MILE OR LESS
                                                   8 = SMOKE OR HAZE
[NO. OF DAYS WITH]      [WEATHER - DAYS WITH]      9 = BLOWING SNOW
                                                   X = TORNADO
MAX 32 OR BELOW:   0    0.01 INCH OR MORE:  19
MAX 70 OR ABOVE:   1    0.10 INCH OR MORE:  14
MIN 32 OR BELOW:   0    0.50 INCH OR MORE:   6
MIN  0 OR BELOW:   0    1.00 INCH OR MORE:   3

[HDD (BASE 65) ]
TOTAL THIS MO.   218    CLEAR  (SCALE 0-3)   M
DPTR FM NORMAL   -64    PTCLDY (SCALE 4-7)   M
SEASONAL TOTAL   218    CLOUDY (SCALE 8-10)  M
DPTR FM NORMAL   -64

[CDD (BASE 65) ]
TOTAL THIS MO.     0
DPTR FM NORMAL     0    [PRESSURE DATA]
SEASONAL TOTAL     0    HIGHEST SLP     M
DPTR FM NORMAL     0    LOWEST  SLP     M

[REMARKS]
