000
CXUS53 KGLD 011710
CLAMCK
CLIMATE REPORT
NATIONAL WEATHER SERVICE
1010 AM MST MON JAN 01 2024
...................................
...THE MCCOOK NE CLIMATE SUMMARY FOR THE YEAR OF 2023...
CLIMATE NORMAL PERIOD: 1991 TO 2020
CLIMATE RECORD PERIOD: 1896 TO 2023
WEATHER OBSERVED NORMAL DEPART LAST YEAR`S
VALUE DATE(S) VALUE FROM VALUE DATE(S)
NORMAL
................................................................
TEMPERATURE (F)
RECORD
HIGH 115 06/26/2012
LOW -30 01/12/1912
HIGHEST 103 08/22 105 -2 111 07/10
08/23
09/02
LOWEST -3 02/23 -10 7 -15 12/22
AVG. MAXIMUM 66.3 66.0 0.3 68.5
AVG. MINIMUM 39.4 38.4 1.0 37.0
MEAN 52.9 52.2 0.7 52.8
DAYS MAX >= 90 49 60.9 -11.9 83
DAYS MAX <= 32 19 25.5 -6.5 27
DAYS MIN <= 32 158 153.9 4.1 164
DAYS MIN <= 0 3 6.1 -3.1 13
PRECIPITATION (INCHES)
RECORD
MAXIMUM 26.12 2018
MINIMUM 9.41 2012
TOTALS 25.13 20.05 5.08
DAYS >= .01 58 78.9 -20.9 54
DAYS >= .10 36 38.2 -2.2 27
DAYS >= .50 12 12.1 -0.1 4
DAYS >= 1.00 5 3.8 1.2 2
GREATEST
24 HR. TOTAL 6.34 1.88
................................................................
- INDICATES NEGATIVE NUMBERS.
R INDICATES RECORD WAS SET OR TIED.
MM INDICATES DATA IS MISSING.
T INDICATES TRACE AMOUNT.
$$