000
CXUS53 KEAX 031456
CLAOJC

CLIMATE REPORT
NATIONAL WEATHER SERVICE KANSAS CITY/PLEASANT HILL MO
851 AM CST TUE JAN 3 2017

...................................

...THE JOHNSON COUNTY EXECUTIVE KS CLIMATE SUMMARY FOR THE YEAR OF 2016...

CLIMATE NORMAL PERIOD 1981 TO 2010
CLIMATE RECORD PERIOD 9999 TO 9999

WEATHER         OBSERVED          NORMAL  DEPART
                 VALUE   DATE(S)  VALUE   FROM
                                          NORMAL
................................................
TEMPERATURE (F)
HIGHEST            98   06/22        98       0
                        06/15
LOWEST             -8   12/18         2     -10
AVG. MAXIMUM     67.0              64.8     2.2
AVG. MINIMUM     47.3              45.5     1.8
MEAN             57.1              55.2     1.9
DAYS MAX >= 90     28              33.2    -5.2
DAYS MAX <= 32     20              22.5    -2.5
DAYS MIN <= 32     92              98.5    -6.5
DAYS MIN <= 0       3               3.1    -0.1

PRECIPITATION (INCHES)
TOTALS          36.84             40.04   -3.20
DAILY AVG.       0.11              0.11    0.00
DAYS >= .01        90             100.3   -10.3
DAYS >= .10        59              65.0    -6.0
DAYS >= .50        20              25.7    -5.7
DAYS >= 1.00       10              11.4    -1.4
GREATEST
 24 HR. TOTAL    2.80   MM

DEGREE_DAYS
HEATING TOTAL    4180              4935    -755
COOLING TOTAL    1468              1348     120
.................................................

WIND (MPH)
AVERAGE WIND SPEED              8.4
HIGHEST WIND SPEED/DIRECTION    44/160    DATE  10/06
HIGHEST GUST SPEED/DIRECTION    57/160    DATE  10/06

SKY COVER
POSSIBLE SUNSHINE (PERCENT)   MM
AVERAGE SKY COVER           0.30
NUMBER OF DAYS FAIR          236
NUMBER OF DAYS PC             89
NUMBER OF DAYS CLOUDY         41

AVERAGE RH (PERCENT)     68

WEATHER CONDITIONS. NUMBER OF DAYS WITH
THUNDERSTORM             58     MIXED PRECIP               0
HEAVY RAIN               35     RAIN                      45
LIGHT RAIN              108     FREEZING RAIN              0
LT FREEZING RAIN          2     HAIL                       0
HEAVY SNOW                0     SNOW                       2
LIGHT SNOW               16     SLEET                      0
FOG                     135     FOG W/VIS <= 1/4 MILE     17
HAZE                     29

-  INDICATES NEGATIVE NUMBERS.
R  INDICATES RECORD WAS SET OR TIED.
MM INDICATES DATA IS MISSING.
T  INDICATES TRACE AMOUNT.

$$
