000
CXUS55 KCYS 172307 RRA
CLARWL

CLIMATE REPORT
NATIONAL WEATHER SERVICE CHEYENNE WY
403 PM MST SAT JAN 17 2015

...................................

...THE RAWLINS WY AIRPORT CLIMATE SUMMARY FOR THE YEAR OF 2014...

CLIMATE NORMAL PERIOD 1981 TO 2010
CLIMATE RECORD PERIOD 1951 TO 2015

WEATHER         OBSERVED          NORMAL  DEPART  LAST YEAR`S
                 VALUE   DATE(S)  VALUE   FROM    VALUE
                                          NORMAL
.............................................................
TEMPERATURE (F)
RECORD
 HIGH              98   08/02/2000
                        07/12/1954
                        07/11/1954
 LOW              -36   02/02/2011
                        02/06/1989
                        01/19/1963
HIGHEST            96   07/23        MM      MM       94
LOWEST            -27   12/31        MM      MM      -24
AVG. MAXIMUM     57.1              55.5     1.6     55.7
AVG. MINIMUM     30.9              29.5     1.4     29.4
MEAN             44.0              42.5     1.5     42.5
DAYS MAX >= 90     12               7.4               MM
DAYS MAX <= 32     43              55.9               MM
DAYS MIN <= 32    188             197.2               MM
DAYS MIN <= 0      20              16.0               MM

PRECIPITATION (INCHES)
RECORD
 MAXIMUM        15.49   2009
 MINIMUM         3.24   2002
TOTALS           7.70              9.25   -1.55     8.56
DAYS >= .01       100              84.5               MM
DAYS >= .10        23              28.5               MM
DAYS >= .50         2               2.8               MM
DAYS >= 1.00        0               0.4               MM
GREATEST
 24 HR. TOTAL    0.58   05/11 TO 05/11

DEGREE_DAYS
HEATING TOTAL    7746              8392    -646     8438
 SINCE 7/1       3133              3454    -321     3389
COOLING TOTAL     211               186      25      371
 SINCE 1/1        211               186      25      371
..............................................................

WIND (MPH)
AVERAGE WIND SPEED              13.4
HIGHEST WIND SPEED/DIRECTION    49/240    DATE  02/12
HIGHEST GUST SPEED/DIRECTION    62/270    DATE  02/16

SKY COVER
POSSIBLE SUNSHINE (PERCENT)   MM
AVERAGE SKY COVER           0.30
NUMBER OF DAYS FAIR          230
NUMBER OF DAYS PC            108
NUMBER OF DAYS CLOUDY         23

AVERAGE RH (PERCENT)     54

WEATHER CONDITIONS. NUMBER OF DAYS WITH
THUNDERSTORM              0     MIXED PRECIP               0
HEAVY RAIN                4     RAIN                      20
LIGHT RAIN               82     FREEZING RAIN              0
LT FREEZING RAIN          0     HAIL                       0
HEAVY SNOW                7     SNOW                      22
LIGHT SNOW               76     SLEET                      0
FOG                      92     FOG W/VIS <= 1/4 MILE     15
HAZE                     37

-  INDICATES NEGATIVE NUMBERS.
R  INDICATES RECORD WAS SET OR TIED.
MM INDICATES DATA IS MISSING.
T  INDICATES TRACE AMOUNT.

$$
