000
CDUS41 KBTV 230536
CLI1V4


CLIMATE REPORT
NATIONAL WEATHER SERVICE BURLINGTON VT
134 AM EDT SAT MAY 23 2015


...................................

...THE ST. JOHNSBURY VT CLIMATE SUMMARY FOR MAY 22 2015...

CLIMATE NORMAL PERIOD 1981 TO 2010
CLIMATE RECORD PERIOD 1894 TO 2015


WEATHER ITEM   OBSERVED TIME   RECORD YEAR NORMAL DEPARTURE LAST
                VALUE   (LST)  VALUE       VALUE  FROM      YEAR
                                                  NORMAL
..................................................................
TEMPERATURE (F)
 YESTERDAY
  MAXIMUM         62        MM  96    1911  71     -9       69
  MINIMUM         38        MM  26    1936  46     -8       50
  AVERAGE         50                        58     -8       60

PRECIPITATION (IN)
  YESTERDAY        0.00          1.29 1986   0.11  -0.11     0.09
  MONTH TO DATE    1.56                      2.32  -0.76     3.07
  SINCE MAR 1      5.35                      7.69  -2.34     9.02
  SINCE JAN 1      9.91                     12.37  -2.46    14.15

DEGREE DAYS
 HEATING
  YESTERDAY       15                         7      8        5
  MONTH TO DATE  150                       230    -80      229
  SINCE MAR 1   2127                      1925    202     2326
  SINCE JUL 1   8192                      7649    543     8358

 COOLING
  YESTERDAY        0                         1     -1        0
  MONTH TO DATE   12                         5      7        4
  SINCE MAR 1     12                         6      6        4
  SINCE JAN 1     12                         6      6        4
..................................................................


WIND (MPH)
  HIGHEST WIND SPEED    MM   HIGHEST WIND DIRECTION    MM
  HIGHEST GUST SPEED    MM   HIGHEST GUST DIRECTION    MM
  AVERAGE WIND SPEED    MM


SKY COVER
  AVERAGE SKY COVER 0.0


WEATHER CONDITIONS
 THE FOLLOWING WEATHER WAS RECORDED YESTERDAY.
  NO SIGNIFICANT WEATHER WAS OBSERVED.


RELATIVE HUMIDITY (PERCENT)
 HIGHEST    86           500 AM
 LOWEST     30           200 PM
 AVERAGE    58

..........................................................


THE ST. JOHNSBURY VT CLIMATE NORMALS FOR TODAY
                         NORMAL    RECORD    YEAR
 MAXIMUM TEMPERATURE (F)   71        92      1977
 MINIMUM TEMPERATURE (F)   47        27      1935


SUNRISE AND SUNSET
MAY 23 2015...........SUNRISE   513 AM EDT   SUNSET   817 PM EDT
MAY 24 2015...........SUNRISE   512 AM EDT   SUNSET   818 PM EDT


-  INDICATES NEGATIVE NUMBERS.
R  INDICATES RECORD WAS SET OR TIED.
MM INDICATES DATA IS MISSING.
T  INDICATES TRACE AMOUNT.




$$
