000
CDUS41 KBTV 060608
CLI1V4


CLIMATE REPORT
NATIONAL WEATHER SERVICE BURLINGTON VT
108 AM EST FRI MAR 6 2015


...................................

...THE ST. JOHNSBURY VT CLIMATE SUMMARY FOR MARCH 5 2015...

CLIMATE NORMAL PERIOD 1981 TO 2010
CLIMATE RECORD PERIOD 1894 TO 2015


WEATHER ITEM   OBSERVED TIME   RECORD YEAR NORMAL DEPARTURE LAST
                VALUE   (LST)  VALUE       VALUE  FROM      YEAR
                                                  NORMAL
..................................................................
TEMPERATURE (F)
 YESTERDAY
  MAXIMUM         31   1239 AM  54    1976  37     -6       20
  MINIMUM         -6   1159 PM -18    1944  14    -20       -1
  AVERAGE         13                        25    -12       10

PRECIPITATION (IN)
  YESTERDAY        0.01          1.86 1964   0.08  -0.07     0.01
  MONTH TO DATE    0.20                      0.37  -0.17     0.02
  SINCE MAR 1      0.20                      0.37  -0.17     0.02
  SINCE JAN 1      4.76                      5.05  -0.29     5.15

DEGREE DAYS
 HEATING
  YESTERDAY       52                        40     12       55
  MONTH TO DATE  236                       202     34      285
  SINCE MAR 1    236                       202     34      285
  SINCE JUL 1   6301                      5926    375     6317

 COOLING
  YESTERDAY        0                         0      0        0
  MONTH TO DATE    0                         0      0        0
  SINCE MAR 1      0                         0      0        0
  SINCE JAN 1      0                         0      0        0
..................................................................


WIND (MPH)
  HIGHEST WIND SPEED    MM   HIGHEST WIND DIRECTION    MM
  HIGHEST GUST SPEED    MM   HIGHEST GUST DIRECTION    MM
  AVERAGE WIND SPEED    MM


SKY COVER
  AVERAGE SKY COVER 0.0


WEATHER CONDITIONS
 THE FOLLOWING WEATHER WAS RECORDED YESTERDAY.
  NO SIGNIFICANT WEATHER WAS OBSERVED.


RELATIVE HUMIDITY (PERCENT)
 HIGHEST    67           800 AM
 LOWEST     35           200 AM
 AVERAGE    51

..........................................................


THE ST. JOHNSBURY VT CLIMATE NORMALS FOR TODAY
                         NORMAL    RECORD    YEAR
 MAXIMUM TEMPERATURE (F)   37        58      1894
 MINIMUM TEMPERATURE (F)   14       -22      1948


SUNRISE AND SUNSET
MARCH  6 2015.........SUNRISE   617 AM EST   SUNSET   542 PM EST
MARCH  7 2015.........SUNRISE   615 AM EST   SUNSET   544 PM EST


-  INDICATES NEGATIVE NUMBERS.
R  INDICATES RECORD WAS SET OR TIED.
MM INDICATES DATA IS MISSING.
T  INDICATES TRACE AMOUNT.




$$
