528
CDUS41 KBTV 230615
CLI1V4


CLIMATE REPORT
NATIONAL WEATHER SERVICE BURLINGTON VT
103 AM EST THU FEB 23 2017


...................................

...THE ST. JOHNSBURY VT CLIMATE SUMMARY FOR FEBRUARY 22 2017...

CLIMATE NORMAL PERIOD 1981 TO 2010
CLIMATE RECORD PERIOD 1894 TO 2017


WEATHER ITEM   OBSERVED TIME   RECORD YEAR NORMAL DEPARTURE LAST
                VALUE   (LST)  VALUE       VALUE  FROM      YEAR
                                                  NORMAL
..................................................................
TEMPERATURE (F)
 YESTERDAY
  MAXIMUM         50        MM  61    1997  33     17       27
  MINIMUM         30        MM -23    1918   9     21       10
  AVERAGE         40                        21     19       19

PRECIPITATION (IN)
  YESTERDAY        0.00          1.05 1950   0.07  -0.07     0.00
  MONTH TO DATE    2.86                      1.71   1.15     1.50
  SINCE DEC 1      8.29                      7.30   0.99     7.59
  SINCE JAN 1      4.72                      4.22   0.50     2.69

DEGREE DAYS
 HEATING
  YESTERDAY       25                        44    -19       46
  MONTH TO DATE  941                      1020    -79      919
  SINCE DEC 1   3391                      3813   -422     3167
  SINCE JUL 1   4851                      5469   -618     4644

 COOLING
  YESTERDAY        0                         0      0        0
  MONTH TO DATE    0                         0      0        0
  SINCE DEC 1      0                         0      0        0
  SINCE JAN 1      0                         0      0        0
..................................................................


WIND (MPH)
  HIGHEST WIND SPEED    MM   HIGHEST WIND DIRECTION    MM
  HIGHEST GUST SPEED    MM   HIGHEST GUST DIRECTION    MM
  AVERAGE WIND SPEED    MM


SKY COVER
  AVERAGE SKY COVER 0.0


WEATHER CONDITIONS
 THE FOLLOWING WEATHER WAS RECORDED YESTERDAY.
  NO SIGNIFICANT WEATHER WAS OBSERVED.


RELATIVE HUMIDITY (PERCENT)
 HIGHEST    92           900 PM
 LOWEST     44          1200 AM
 AVERAGE    68

..........................................................


THE ST. JOHNSBURY VT CLIMATE NORMALS FOR TODAY
                         NORMAL    RECORD    YEAR
 MAXIMUM TEMPERATURE (F)   33        58      1984
 MINIMUM TEMPERATURE (F)   10       -25      1972


SUNRISE AND SUNSET
FEBRUARY 23 2017......SUNRISE   635 AM EST   SUNSET   528 PM EST
FEBRUARY 24 2017......SUNRISE   633 AM EST   SUNSET   530 PM EST


-  INDICATES NEGATIVE NUMBERS.
R  INDICATES RECORD WAS SET OR TIED.
MM INDICATES DATA IS MISSING.
T  INDICATES TRACE AMOUNT.




$$
