000
CDUS41 KBTV 210604
CLI1V4


CLIMATE REPORT
NATIONAL WEATHER SERVICE BURLINGTON VT
202 AM EDT MON APR 21 2014


...................................

...THE ST. JOHNSBURY VT CLIMATE SUMMARY FOR APRIL 20 2014...

CLIMATE NORMAL PERIOD 1981 TO 2010
CLIMATE RECORD PERIOD 1894 TO 2014


WEATHER ITEM   OBSERVED TIME   RECORD YEAR NORMAL DEPARTURE LAST
                VALUE   (LST)  VALUE       VALUE  FROM      YEAR
                                                  NORMAL
..................................................................
TEMPERATURE (F)
 YESTERDAY
  MAXIMUM         60        MM  89    1941  59      1       51
  MINIMUM         23        MM  12    1897  34    -11       34
  AVERAGE         42                        46     -4       43

PRECIPITATION (IN)
  YESTERDAY        0.00          1.08 1950   0.10  -0.10     0.30
  MONTH TO DATE    2.48                      1.87   0.61     2.42
  SINCE MAR 1      5.35                      4.38   0.97     4.34
  SINCE JAN 1     10.48                      9.06   1.42     7.72

DEGREE DAYS
 HEATING
  YESTERDAY       23                        19      4       22
  MONTH TO DATE  497                       456     41      504
  SINCE MAR 1   1918                      1532    386     1558
  SINCE JUL 1   7950                      7256    694     7036

 COOLING
  YESTERDAY        0                         0      0        0
  MONTH TO DATE    0                         0      0        0
  SINCE MAR 1      0                         0      0        0
  SINCE JAN 1      0                         0      0        0
..................................................................


WIND (MPH)
  HIGHEST WIND SPEED    MM   HIGHEST WIND DIRECTION    MM
  HIGHEST GUST SPEED    MM   HIGHEST GUST DIRECTION    MM
  AVERAGE WIND SPEED    MM


SKY COVER
  AVERAGE SKY COVER 0.0


WEATHER CONDITIONS
 THE FOLLOWING WEATHER WAS RECORDED YESTERDAY.
  NO SIGNIFICANT WEATHER WAS OBSERVED.


RELATIVE HUMIDITY (PERCENT)
 HIGHEST    88           200 AM
 LOWEST     12           400 PM
 AVERAGE    50

..........................................................


THE ST. JOHNSBURY VT CLIMATE NORMALS FOR TODAY
                         NORMAL    RECORD    YEAR
 MAXIMUM TEMPERATURE (F)   59        88      1941
 MINIMUM TEMPERATURE (F)   35         8      1908


SUNRISE AND SUNSET
APRIL 21 2014.........SUNRISE   554 AM EDT   SUNSET   740 PM EDT
APRIL 22 2014.........SUNRISE   553 AM EDT   SUNSET   741 PM EDT


-  INDICATES NEGATIVE NUMBERS.
R  INDICATES RECORD WAS SET OR TIED.
MM INDICATES DATA IS MISSING.
T  INDICATES TRACE AMOUNT.




$$
