000
CDUS41 KBTV 240646
CLI1V4


CLIMATE REPORT
NATIONAL WEATHER SERVICE BURLINGTON VT
244 AM EDT SUN SEP 24 2017


...................................

...THE ST. JOHNSBURY VT CLIMATE SUMMARY FOR SEPTEMBER 23 2017...

CLIMATE NORMAL PERIOD 1981 TO 2010
CLIMATE RECORD PERIOD 1894 TO 2017


WEATHER ITEM   OBSERVED TIME   RECORD YEAR NORMAL DEPARTURE LAST
                VALUE   (LST)  VALUE       VALUE  FROM      YEAR
                                                  NORMAL
..................................................................
TEMPERATURE (F)
 YESTERDAY
  MAXIMUM         84        MM  90    1914  68     16       63
  MINIMUM         45        MM  22    1904  46     -1       46
  AVERAGE         65                        57      8       55

PRECIPITATION (IN)
  YESTERDAY        0.02          1.54 1898   0.14  -0.12     0.22
  MONTH TO DATE    2.93                      2.51   0.42     1.36
  SINCE SEP 1      2.93                      2.51   0.42     1.36
  SINCE JAN 1     32.47                     28.27   4.20    29.30

DEGREE DAYS
 HEATING
  YESTERDAY        0                         8     -8       10
  MONTH TO DATE   91                       114    -23       61
  SINCE SEP 1     91                       114    -23       61
  SINCE JUL 1    182                       164     18       88

 COOLING
  YESTERDAY        0                         0      0        0
  MONTH TO DATE   28                        33     -5       49
  SINCE SEP 1     28                        33     -5       49
  SINCE JAN 1    290                       431   -141      457
..................................................................


WIND (MPH)
  HIGHEST WIND SPEED    MM   HIGHEST WIND DIRECTION    MM
  HIGHEST GUST SPEED    MM   HIGHEST GUST DIRECTION    MM
  AVERAGE WIND SPEED    MM


SKY COVER
  AVERAGE SKY COVER 0.0


WEATHER CONDITIONS
 THE FOLLOWING WEATHER WAS RECORDED YESTERDAY.
  NO SIGNIFICANT WEATHER WAS OBSERVED.


RELATIVE HUMIDITY (PERCENT)
 HIGHEST   100           200 AM
 LOWEST     40           300 PM
 AVERAGE    70

..........................................................


THE ST. JOHNSBURY VT CLIMATE NORMALS FOR TODAY
                         NORMAL    RECORD    YEAR
 MAXIMUM TEMPERATURE (F)   67        89      1961
 MINIMUM TEMPERATURE (F)   46        23      1963


SUNRISE AND SUNSET
SEPTEMBER 24 2017.....SUNRISE   638 AM EDT   SUNSET   641 PM EDT
SEPTEMBER 25 2017.....SUNRISE   639 AM EDT   SUNSET   639 PM EDT


-  INDICATES NEGATIVE NUMBERS.
R  INDICATES RECORD WAS SET OR TIED.
MM INDICATES DATA IS MISSING.
T  INDICATES TRACE AMOUNT.




$$
