000
CDUS41 KBTV 280543
CLI1V4


CLIMATE REPORT
NATIONAL WEATHER SERVICE BURLINGTON VT
137 AM EDT TUE MAR 28 2017


...................................

...THE ST. JOHNSBURY VT CLIMATE SUMMARY FOR MARCH 27 2017...

CLIMATE NORMAL PERIOD 1981 TO 2010
CLIMATE RECORD PERIOD 1894 TO 2017


WEATHER ITEM   OBSERVED TIME   RECORD YEAR NORMAL DEPARTURE LAST
                VALUE   (LST)  VALUE       VALUE  FROM      YEAR
                                                  NORMAL
..................................................................
TEMPERATURE (F)
 YESTERDAY
  MAXIMUM         37    653 PM  69    1993  46     -9       55
  MINIMUM         32    534 AM  -7    1923  25      7       25
  AVERAGE         35                        35      0       40

PRECIPITATION (IN)
  YESTERDAY        0.49          1.75 1913   0.08   0.41     0.00
  MONTH TO DATE    3.01                      2.16   0.85     2.04
  SINCE MAR 1      3.01                      2.16   0.85     2.04
  SINCE JAN 1      8.75                      6.84   1.91     6.78

DEGREE DAYS
 HEATING
  YESTERDAY       30                        30      0       25
  MONTH TO DATE 1133                       962    171      833
  SINCE MAR 1   1133                       962    171      833
  SINCE JUL 1   6146                      6686   -540     5718

 COOLING
  YESTERDAY        0                         0      0        0
  MONTH TO DATE    0                         0      0        0
  SINCE MAR 1      0                         0      0        0
  SINCE JAN 1      0                         0      0        0
..................................................................


WIND (MPH)
  HIGHEST WIND SPEED    MM   HIGHEST WIND DIRECTION    MM
  HIGHEST GUST SPEED    MM   HIGHEST GUST DIRECTION    MM
  AVERAGE WIND SPEED    MM


SKY COVER
  AVERAGE SKY COVER 0.0


WEATHER CONDITIONS
 THE FOLLOWING WEATHER WAS RECORDED YESTERDAY.
  NO SIGNIFICANT WEATHER WAS OBSERVED.


RELATIVE HUMIDITY (PERCENT)
 HIGHEST   100          1000 AM
 LOWEST     78           200 AM
 AVERAGE    89

..........................................................


THE ST. JOHNSBURY VT CLIMATE NORMALS FOR TODAY
                         NORMAL    RECORD    YEAR
 MAXIMUM TEMPERATURE (F)   47        78      1945
 MINIMUM TEMPERATURE (F)   25         1      1956


SUNRISE AND SUNSET
MARCH 28 2017.........SUNRISE   636 AM EDT   SUNSET   711 PM EDT
MARCH 29 2017.........SUNRISE   634 AM EDT   SUNSET   712 PM EDT


-  INDICATES NEGATIVE NUMBERS.
R  INDICATES RECORD WAS SET OR TIED.
MM INDICATES DATA IS MISSING.
T  INDICATES TRACE AMOUNT.




$$
