000
CDUS41 KBTV 160532
CLI1V4


CLIMATE REPORT
NATIONAL WEATHER SERVICE BURLINGTON VT
1231 AM EST TUE JAN 16 2018


...................................

...THE ST. JOHNSBURY VT CLIMATE SUMMARY FOR JANUARY 15 2018...

CLIMATE NORMAL PERIOD 1981 TO 2010
CLIMATE RECORD PERIOD 1894 TO 2018


WEATHER ITEM   OBSERVED TIME   RECORD YEAR NORMAL DEPARTURE LAST
                VALUE   (LST)  VALUE       VALUE  FROM      YEAR
                                                  NORMAL
..................................................................
TEMPERATURE (F)
 YESTERDAY
  MAXIMUM         16        MM  61    1995  27    -11       24
  MINIMUM         -6        MM -32    1957   6    -12       11
  AVERAGE          5                        16    -11       18

PRECIPITATION (IN)
  YESTERDAY        0.00          0.92 1999   0.08  -0.08     0.00
  MONTH TO DATE    2.47                      1.20   1.27     0.74
  SINCE DEC 1      5.40                      4.28   1.12     4.31
  SINCE JAN 1      2.47                      1.20   1.27     0.74

DEGREE DAYS
 HEATING
  YESTERDAY       60                        49     11       47
  MONTH TO DATE  809                       718     91      656
  SINCE DEC 1   2291                      2015    276     1917
  SINCE JUL 1   3764                      3671     93     3377

 COOLING
  YESTERDAY        0                         0      0        0
  MONTH TO DATE    0                         0      0        0
  SINCE DEC 1      0                         0      0        0
  SINCE JAN 1      0                         0      0        0
..................................................................


WIND (MPH)
  HIGHEST WIND SPEED    MM   HIGHEST WIND DIRECTION    MM
  HIGHEST GUST SPEED    MM   HIGHEST GUST DIRECTION    MM
  AVERAGE WIND SPEED    MM


SKY COVER
  AVERAGE SKY COVER 0.0


WEATHER CONDITIONS
 THE FOLLOWING WEATHER WAS RECORDED YESTERDAY.
  NO SIGNIFICANT WEATHER WAS OBSERVED.


RELATIVE HUMIDITY (PERCENT)
 HIGHEST    91           100 AM
 LOWEST     61           100 PM
 AVERAGE    76

..........................................................


THE ST. JOHNSBURY VT CLIMATE NORMALS FOR TODAY
                         NORMAL    RECORD    YEAR
 MAXIMUM TEMPERATURE (F)   27        63      1995
 MINIMUM TEMPERATURE (F)    6       -29      2009


SUNRISE AND SUNSET
JANUARY 16 2018.......SUNRISE   720 AM EST   SUNSET   436 PM EST
JANUARY 17 2018.......SUNRISE   720 AM EST   SUNSET   437 PM EST


-  INDICATES NEGATIVE NUMBERS.
R  INDICATES RECORD WAS SET OR TIED.
MM INDICATES DATA IS MISSING.
T  INDICATES TRACE AMOUNT.




$$
