000
CDUS43 KUNR 260832
CLI2WX


CLIMATE REPORT
NATIONAL WEATHER SERVICE RAPID CITY SD
232 AM MDT WED JUL 26 2017


...................................

...THE BUFFALO SD CLIMATE SUMMARY FOR JULY 25 2017...

CLIMATE NORMAL PERIOD 1981 TO 2010
CLIMATE RECORD PERIOD 9999 TO 9999


WEATHER ITEM   OBSERVED TIME   NORMAL DEPARTURE LAST
                VALUE   (LST)  VALUE  FROM      YEAR
                                      NORMAL
......................................................
TEMPERATURE (F)
 YESTERDAY
  MAXIMUM         84    133 PM  86     -2      101
  MINIMUM         68   1159 PM  59      9       61
  AVERAGE         76            72      4       81

PRECIPITATION (IN)
  YESTERDAY        0.00          0.07  -0.07     0.06
  MONTH TO DATE    2.45          1.70   0.75     0.28
  SINCE JUN 1      3.32          4.33  -1.01     0.93
  SINCE JAN 1      9.99         10.37  -0.38     4.69

DEGREE DAYS
 HEATING
  YESTERDAY        0             0      0        0
  MONTH TO DATE    0            21    -21        0
  SINCE JUN 1     33           135   -102        9
  SINCE JUL 1      0            21    -21        0

 COOLING
  YESTERDAY       11             8      3       16
  MONTH TO DATE  331           161    170      250
  SINCE JUN 1    428           223    205      432
  SINCE JAN 1    441           229    212      434
......................................................


WIND (MPH)
  HIGHEST WIND SPEED    29   HIGHEST WIND DIRECTION    NE (30)
  HIGHEST GUST SPEED    34   HIGHEST GUST DIRECTION    NE (30)
  AVERAGE WIND SPEED    12.0




RELATIVE HUMIDITY (PERCENT)
 HIGHEST    73           200 AM
 LOWEST     28           200 PM
 AVERAGE    51

..........................................................




SUNRISE AND SUNSET
JULY 26 2017..........SUNRISE   531 AM MDT   SUNSET   829 PM MDT
JULY 27 2017..........SUNRISE   532 AM MDT   SUNSET   828 PM MDT


-  INDICATES NEGATIVE NUMBERS.
R  INDICATES RECORD WAS SET OR TIED.
MM INDICATES DATA IS MISSING.
T  INDICATES TRACE AMOUNT.




$$
