000
CDUS43 KUNR 290832
CLI2WX


CLIMATE REPORT
NATIONAL WEATHER SERVICE RAPID CITY SD
231 AM MDT FRI JUL 29 2016


...................................

...THE BUFFALO SD CLIMATE SUMMARY FOR JULY 28 2016...

CLIMATE NORMAL PERIOD 1981 TO 2010
CLIMATE RECORD PERIOD 9999 TO 9999


WEATHER ITEM   OBSERVED TIME   NORMAL DEPARTURE LAST
                VALUE   (LST)  VALUE  FROM      YEAR
                                      NORMAL
......................................................
TEMPERATURE (F)
 YESTERDAY
  MAXIMUM         75   1212 PM  86    -11       72
  MINIMUM         58    315 AM  59     -1       51
  AVERAGE         67            72     -5       62

PRECIPITATION (IN)
  YESTERDAY        0.16          0.06   0.10     0.00
  MONTH TO DATE    0.73          1.88  -1.15     0.21
  SINCE JUN 1      1.38          4.51  -3.13     2.94
  SINCE JAN 1      5.14         10.55  -5.41     7.50

DEGREE DAYS
 HEATING
  YESTERDAY        0             0      0        3
  MONTH TO DATE    0            21    -21        6
  SINCE JUN 1      9           135   -126       49
  SINCE JUL 1      0            21    -21        6

 COOLING
  YESTERDAY        2             8     -6        0
  MONTH TO DATE  266           185     81      219
  SINCE JUN 1    448           247    201      310
  SINCE JAN 1    450           253    197      310
......................................................


WIND (MPH)
  HIGHEST WIND SPEED    25   HIGHEST WIND DIRECTION    NE (40)
  HIGHEST GUST SPEED    29   HIGHEST GUST DIRECTION    NE (40)
  AVERAGE WIND SPEED     7.4




RELATIVE HUMIDITY (PERCENT)
 HIGHEST   100           500 AM
 LOWEST     60          1200 PM
 AVERAGE    80

..........................................................




SUNRISE AND SUNSET
JULY 29 2016..........SUNRISE   535 AM MDT   SUNSET   826 PM MDT
JULY 30 2016..........SUNRISE   536 AM MDT   SUNSET   824 PM MDT


-  INDICATES NEGATIVE NUMBERS.
R  INDICATES RECORD WAS SET OR TIED.
MM INDICATES DATA IS MISSING.
T  INDICATES TRACE AMOUNT.




$$
