000
CDUS43 KUNR 020832
CLI2WX


CLIMATE REPORT
NATIONAL WEATHER SERVICE RAPID CITY SD
232 AM MDT WED SEP 2 2015


...................................

...THE BUFFALO SD CLIMATE SUMMARY FOR SEPTEMBER 1 2015...

CLIMATE NORMAL PERIOD 1981 TO 2010
CLIMATE RECORD PERIOD 9999 TO 9999


WEATHER ITEM   OBSERVED TIME   NORMAL DEPARTURE LAST
                VALUE   (LST)  VALUE  FROM      YEAR
                                      NORMAL
......................................................
TEMPERATURE (F)
 YESTERDAY
  MAXIMUM         89    350 PM  80      9       71
  MINIMUM         54    505 AM  51      3       48
  AVERAGE         72            66      6       60

PRECIPITATION (IN)
  YESTERDAY        0.00          0.04  -0.04     0.10
  MONTH TO DATE    0.00          0.04  -0.04     0.10
  SINCE SEP 1      0.00          0.04  -0.04     0.10
  SINCE JAN 1     10.72         12.18  -1.46    14.47

DEGREE DAYS
 HEATING
  YESTERDAY        0             3     -3        5
  MONTH TO DATE    0             3     -3        5
  SINCE SEP 1      0             3     -3        5
  SINCE JUL 1     47            55     -8       56

 COOLING
  YESTERDAY        7             4      3        0
  MONTH TO DATE    7             4      3        0
  SINCE SEP 1      7             4      3        0
  SINCE JAN 1    545           475     70      365
......................................................


WIND (MPH)
  HIGHEST WIND SPEED    10   HIGHEST WIND DIRECTION     E (110)
  HIGHEST GUST SPEED    12   HIGHEST GUST DIRECTION     S (190)
  AVERAGE WIND SPEED     5.0




RELATIVE HUMIDITY (PERCENT)
 HIGHEST   100           500 AM
 LOWEST     34           300 PM
 AVERAGE    67

..........................................................




SUNRISE AND SUNSET
SEPTEMBER  2 2015.....SUNRISE   616 AM MDT   SUNSET   731 PM MDT
SEPTEMBER  3 2015.....SUNRISE   618 AM MDT   SUNSET   729 PM MDT


-  INDICATES NEGATIVE NUMBERS.
R  INDICATES RECORD WAS SET OR TIED.
MM INDICATES DATA IS MISSING.
T  INDICATES TRACE AMOUNT.




$$
