000
CDUS43 KUNR 260838
CLI2WX


CLIMATE REPORT
NATIONAL WEATHER SERVICE RAPID CITY SD
138 AM MST MON JAN 26 2015


...................................

...THE BUFFALO SD CLIMATE SUMMARY FOR JANUARY 25 2015...

CLIMATE NORMAL PERIOD 1981 TO 2010
CLIMATE RECORD PERIOD 9999 TO 9999


WEATHER ITEM   OBSERVED TIME   NORMAL DEPARTURE LAST
                VALUE   (LST)  VALUE  FROM      YEAR
                                      NORMAL
......................................................
TEMPERATURE (F)
 YESTERDAY
  MAXIMUM         52    306 PM  31     21       54
  MINIMUM         27    800 AM  11     16       35
  AVERAGE         40            21     19       45

PRECIPITATION (IN)
  YESTERDAY        0.00          0.01  -0.01     0.00
  MONTH TO DATE    0.27          0.23   0.04     0.02
  SINCE DEC 1      0.43          0.52  -0.09     1.18
  SINCE JAN 1      0.27          0.23   0.04     0.02

DEGREE DAYS
 HEATING
  YESTERDAY       25            44    -19       20
  MONTH TO DATE 1051          1117    -66     1012
  SINCE DEC 1   2236          2479   -243     2558
  SINCE JUL 1   4157          4377   -220     4348

 COOLING
  YESTERDAY        0             0      0        0
  MONTH TO DATE    0             0      0        0
  SINCE DEC 1      0             0      0        0
  SINCE JAN 1      0             0      0        0
......................................................


WIND (MPH)
  HIGHEST WIND SPEED    24   HIGHEST WIND DIRECTION    NW (300)
  HIGHEST GUST SPEED    29   HIGHEST GUST DIRECTION    NW (300)
  AVERAGE WIND SPEED    12.9




RELATIVE HUMIDITY (PERCENT)
 HIGHEST    85           500 AM
 LOWEST     46           200 PM
 AVERAGE    66

..........................................................




SUNRISE AND SUNSET
JANUARY 26 2015.......SUNRISE   722 AM MST   SUNSET   452 PM MST
JANUARY 27 2015.......SUNRISE   721 AM MST   SUNSET   453 PM MST


-  INDICATES NEGATIVE NUMBERS.
R  INDICATES RECORD WAS SET OR TIED.
MM INDICATES DATA IS MISSING.
T  INDICATES TRACE AMOUNT.




$$
