000
CDUS43 KUNR 180831
CLI2WX


CLIMATE REPORT
NATIONAL WEATHER SERVICE RAPID CITY SD
131 AM MST SAT NOV 18 2017


...................................

...THE BUFFALO SD CLIMATE SUMMARY FOR NOVEMBER 17 2017...

CLIMATE NORMAL PERIOD 1981 TO 2010
CLIMATE RECORD PERIOD 9999 TO 9999


WEATHER ITEM   OBSERVED TIME   NORMAL DEPARTURE LAST
                VALUE   (LST)  VALUE  FROM      YEAR
                                      NORMAL
......................................................
TEMPERATURE (F)
 YESTERDAY
  MAXIMUM         45    255 PM  41      4       35
  MINIMUM         26   1159 PM  20      6       27
  AVERAGE         36            31      5       31

PRECIPITATION (IN)
  YESTERDAY        0.00          0.00   0.00     0.07
  MONTH TO DATE    0.13          0.29  -0.16     0.07
  SINCE SEP 1      2.95          2.07   0.88     2.28
  SINCE JAN 1     14.47         14.21   0.26     9.96

DEGREE DAYS
 HEATING
  YESTERDAY       29            34     -5       34
  MONTH TO DATE  584           507     77      261
  SINCE SEP 1   1348          1356     -8      838
  SINCE JUL 1   1359          1408    -49      868

 COOLING
  YESTERDAY        0             0      0        0
  MONTH TO DATE    0             0      0        0
  SINCE SEP 1     93            42     51       42
  SINCE JAN 1    743           513    230      734
......................................................


WIND (MPH)
  HIGHEST WIND SPEED    22   HIGHEST WIND DIRECTION    NW (310)
  HIGHEST GUST SPEED    27   HIGHEST GUST DIRECTION    NW (300)
  AVERAGE WIND SPEED     7.7




RELATIVE HUMIDITY (PERCENT)
 HIGHEST    92           900 PM
 LOWEST     65          1200 PM
 AVERAGE    79

..........................................................




SUNRISE AND SUNSET
NOVEMBER 18 2017......SUNRISE   658 AM MST   SUNSET   420 PM MST
NOVEMBER 19 2017......SUNRISE   659 AM MST   SUNSET   420 PM MST


-  INDICATES NEGATIVE NUMBERS.
R  INDICATES RECORD WAS SET OR TIED.
MM INDICATES DATA IS MISSING.
T  INDICATES TRACE AMOUNT.




$$
