000
CDUS43 KUNR 260836
CLI2WX


CLIMATE REPORT
NATIONAL WEATHER SERVICE RAPID CITY SD
232 AM MDT SAT JUL 26 2014


...................................

...THE BUFFALO SD CLIMATE SUMMARY FOR JULY 25 2014...

CLIMATE NORMAL PERIOD 1981 TO 2010
CLIMATE RECORD PERIOD 9999 TO 9999


WEATHER ITEM   OBSERVED TIME   RECORD YEAR NORMAL DEPARTURE LAST
                VALUE   (LST)  VALUE       VALUE  FROM      YEAR
                                                  NORMAL
..................................................................
TEMPERATURE (F)
 YESTERDAY
  MAXIMUM         83    436 PM              86     -3       79
  MINIMUM         52    510 AM              59     -7       53
  AVERAGE         68                        72     -4       66

PRECIPITATION (IN)
  YESTERDAY        0.00         MM      MM   0.07  -0.07     0.02
  MONTH TO DATE    0.91                      1.70  -0.79     0.98
  SINCE JUN 1      6.45                      4.33   2.12     2.68
  SINCE JAN 1     10.79                     10.37   0.42     6.84

DEGREE DAYS
 HEATING
  YESTERDAY        0                         0      0        0
  MONTH TO DATE   16                        21     -5        2
  SINCE JUN 1    151                       135     16       91
  SINCE JUL 1     16                        21     -5        2

 COOLING
  YESTERDAY        3                         8     -5        1
  MONTH TO DATE  139                       161    -22      210
  SINCE JUN 1    155                       223    -68      256
  SINCE JAN 1    185                       229    -44      266
..................................................................


WIND (MPH)
  HIGHEST WIND SPEED    22   HIGHEST WIND DIRECTION    NW (320)
  HIGHEST GUST SPEED    29   HIGHEST GUST DIRECTION    NW (330)
  AVERAGE WIND SPEED     7.0




RELATIVE HUMIDITY (PERCENT)
 HIGHEST    83           500 AM
 LOWEST     28          1200 PM
 AVERAGE    56

..........................................................




SUNRISE AND SUNSET
JULY 26 2014..........SUNRISE   531 AM MDT   SUNSET   830 PM MDT
JULY 27 2014..........SUNRISE   532 AM MDT   SUNSET   829 PM MDT


-  INDICATES NEGATIVE NUMBERS.
R  INDICATES RECORD WAS SET OR TIED.
MM INDICATES DATA IS MISSING.
T  INDICATES TRACE AMOUNT.




$$
