000
CDUS43 KABR 232232
CLI8D3


CLIMATE REPORT
NATIONAL WEATHER SERVICE ABERDEEN SD
531 PM CDT MON OCT 23 2017


...................................

...THE SISSETON SD CLIMATE SUMMARY FOR OCTOBER 23 2017...
VALID TODAY AS OF 0500 PM LOCAL TIME.

CLIMATE NORMAL PERIOD 1981 TO 2010
CLIMATE RECORD PERIOD 1900 TO 2017


WEATHER ITEM   OBSERVED TIME   RECORD YEAR NORMAL DEPARTURE LAST
                VALUE   (LST)  VALUE       VALUE  FROM      YEAR
                                                  NORMAL
..................................................................
TEMPERATURE (F)
 TODAY
  MAXIMUM         62   1251 AM  82    1963  54      8       56
  MINIMUM         48   1037 AM  10    1936  33              31
  AVERAGE         55                        43     12       44

PRECIPITATION (IN)
  TODAY            0.00          1.10 1995   0.06  -0.06     0.00
  MONTH TO DATE    1.48                      1.72  -0.24     0.86
  SINCE SEP 1      5.69                      4.26   1.43     3.06
  SINCE JAN 1     18.41                     21.00  -2.59    18.50

SNOWFALL (IN)
  TODAY            0.0
  MONTH TO DATE    0.0
  SINCE OCT 1      0.0
  SINCE JUL 1      0.0
  SNOW DEPTH       0

DEGREE DAYS
 HEATING
  TODAY           10                        22    -12       21
  MONTH TO DATE  269                       391   -122      330
  SINCE SEP 1    408                       593   -185      448
  SINCE JUL 1    422                       636   -214      475

 COOLING
  TODAY            0                         0      0        0
  MONTH TO DATE    5                         0      5        0
  SINCE SEP 1     86                        44     42       44
  SINCE JAN 1    554                       523     31      625
..................................................................


WIND (MPH)
  HIGHEST WIND SPEED    36   HIGHEST WIND DIRECTION    NW (320)
  HIGHEST GUST SPEED    45   HIGHEST GUST DIRECTION    NW (310)
  AVERAGE WIND SPEED    24.4


SKY COVER
  POSSIBLE SUNSHINE  MM
  AVERAGE SKY COVER 0.0


WEATHER CONDITIONS
 THE FOLLOWING WEATHER WAS RECORDED TODAY.
  NO SIGNIFICANT WEATHER WAS OBSERVED.


RELATIVE HUMIDITY (PERCENT)
 HIGHEST    71          1000 AM
 LOWEST     33           200 PM
 AVERAGE    52

..........................................................


THE SISSETON SD CLIMATE NORMALS FOR TOMORROW
                         NORMAL    RECORD    YEAR
 MAXIMUM TEMPERATURE (F)   53        80      1989
 MINIMUM TEMPERATURE (F)   33        15      1955


SUNRISE AND SUNSET
OCTOBER 23 2017.......SUNRISE   756 AM CDT   SUNSET   628 PM CDT
OCTOBER 24 2017.......SUNRISE   757 AM CDT   SUNSET   626 PM CDT


-  INDICATES NEGATIVE NUMBERS.
R  INDICATES RECORD WAS SET OR TIED.
MM INDICATES DATA IS MISSING.
T  INDICATES TRACE AMOUNT.




$$
