000
CDUS43 KABR 281031
CLI8D3


CLIMATE REPORT
NATIONAL WEATHER SERVICE ABERDEEN SD
530 AM CDT SAT MAY 28 2016


...................................

...THE SISSETON SD CLIMATE SUMMARY FOR MAY 27 2016...

CLIMATE NORMAL PERIOD 1981 TO 2010
CLIMATE RECORD PERIOD 1900 TO 2016


WEATHER ITEM   OBSERVED TIME   RECORD YEAR NORMAL DEPARTURE LAST
                VALUE   (LST)  VALUE       VALUE  FROM      YEAR
                                                  NORMAL
..................................................................
TEMPERATURE (F)
 YESTERDAY
  MAXIMUM         76   1053 AM  98    1934  73      3       85
  MINIMUM         53    504 AM  32    1965  49      4       58
  AVERAGE         65                        61      4       72

PRECIPITATION (IN)
  YESTERDAY        0.00          5.50 1954   0.09  -0.09     0.00
  MONTH TO DATE    0.50                      2.36  -1.86     4.26
  SINCE MAR 1      3.50                      5.76  -2.26     5.84
  SINCE JAN 1      4.67                      6.62  -1.95     6.72

DEGREE DAYS
 HEATING
  YESTERDAY        0                         5     -5        0
  MONTH TO DATE  198                       242    -44      282
  SINCE MAR 1   1608                      1942   -334     1718
  SINCE JUL 1   6909                      8201  -1292     7987

 COOLING
  YESTERDAY        0                         1     -1        7
  MONTH TO DATE   30                        18     12        9
  SINCE MAR 1     30                        19     11        9
  SINCE JAN 1     30                        19     11        9
..................................................................


WIND (MPH)
  HIGHEST WIND SPEED    16   HIGHEST WIND DIRECTION     N (360)
  HIGHEST GUST SPEED    21   HIGHEST GUST DIRECTION     N (360)
  AVERAGE WIND SPEED     7.4


SKY COVER
  POSSIBLE SUNSHINE  MM
  AVERAGE SKY COVER 0.0


WEATHER CONDITIONS
 THE FOLLOWING WEATHER WAS RECORDED YESTERDAY.
  NO SIGNIFICANT WEATHER WAS OBSERVED.


RELATIVE HUMIDITY (PERCENT)
 HIGHEST   100           100 AM
 LOWEST     41          1100 AM
 AVERAGE    71

..........................................................


THE SISSETON SD CLIMATE NORMALS FOR TODAY
                         NORMAL    RECORD    YEAR
 MAXIMUM TEMPERATURE (F)   73       110      1934
 MINIMUM TEMPERATURE (F)   49        32      1965


SUNRISE AND SUNSET
MAY 28 2016...........SUNRISE   544 AM CDT   SUNSET   907 PM CDT
MAY 29 2016...........SUNRISE   544 AM CDT   SUNSET   908 PM CDT


-  INDICATES NEGATIVE NUMBERS.
R  INDICATES RECORD WAS SET OR TIED.
MM INDICATES DATA IS MISSING.
T  INDICATES TRACE AMOUNT.




$$
