000
CDUS43 KABR 301036
CLI8D3


CLIMATE REPORT
NATIONAL WEATHER SERVICE ABERDEEN SD
534 AM CDT TUE JUN 30 2015


...................................

...THE SISSETON SD CLIMATE SUMMARY FOR JUNE 29 2015...

CLIMATE NORMAL PERIOD 1981 TO 2010
CLIMATE RECORD PERIOD 1900 TO 2015


WEATHER ITEM   OBSERVED TIME   RECORD YEAR NORMAL DEPARTURE LAST
                VALUE   (LST)  VALUE       VALUE  FROM      YEAR
                                                  NORMAL
..................................................................
TEMPERATURE (F)
 YESTERDAY
  MAXIMUM         83    337 PM 100    1963  81      2       81
  MINIMUM         62    245 AM  43    1900  58      4       60
  AVERAGE         73                        69      4       71

PRECIPITATION (IN)
  YESTERDAY        0.00          3.55 1971   0.10  -0.10     0.13
  MONTH TO DATE    1.38                      3.65  -2.27     8.67
  SINCE JUN 1      1.38                      3.65  -2.27     8.67
  SINCE JAN 1      9.03                     10.63  -1.60    17.04

DEGREE DAYS
 HEATING
  YESTERDAY        0                         1     -1        0
  MONTH TO DATE   14                        62    -48       35
  SINCE JUN 1     14                        62    -48       35
  SINCE JUL 1   8045                      8283   -238     9090

 COOLING
  YESTERDAY        8                         5      3        6
  MONTH TO DATE  123                        90     33       82
  SINCE JUN 1    123                        90     33       82
  SINCE JAN 1    140                       113     27      143
..................................................................


WIND (MPH)
  HIGHEST WIND SPEED    16   HIGHEST WIND DIRECTION     N (350)
  HIGHEST GUST SPEED    21   HIGHEST GUST DIRECTION    NW (320)
  AVERAGE WIND SPEED     8.8


SKY COVER
  POSSIBLE SUNSHINE  MM
  AVERAGE SKY COVER 0.0


WEATHER CONDITIONS
 THE FOLLOWING WEATHER WAS RECORDED YESTERDAY.
  NO SIGNIFICANT WEATHER WAS OBSERVED.


RELATIVE HUMIDITY (PERCENT)
 HIGHEST    87           900 PM
 LOWEST     46           200 PM
 AVERAGE    67

..........................................................


THE SISSETON SD CLIMATE NORMALS FOR TODAY
                         NORMAL    RECORD    YEAR
 MAXIMUM TEMPERATURE (F)   81        99      1963
 MINIMUM TEMPERATURE (F)   58        45      1959


SUNRISE AND SUNSET
JUNE 30 2015..........SUNRISE   542 AM CDT   SUNSET   921 PM CDT
JULY  1 2015..........SUNRISE   542 AM CDT   SUNSET   921 PM CDT


-  INDICATES NEGATIVE NUMBERS.
R  INDICATES RECORD WAS SET OR TIED.
MM INDICATES DATA IS MISSING.
T  INDICATES TRACE AMOUNT.




$$
