000
CDUS43 KABR 202334
CLI8D3


CLIMATE REPORT
NATIONAL WEATHER SERVICE ABERDEEN SD
533 PM CST SAT JAN 20 2018


...................................

...THE SISSETON SD CLIMATE SUMMARY FOR JANUARY 20 2018...
VALID TODAY AS OF 0500 PM LOCAL TIME.

CLIMATE NORMAL PERIOD 1981 TO 2010
CLIMATE RECORD PERIOD 1900 TO 2018


WEATHER ITEM   OBSERVED TIME   RECORD YEAR NORMAL DEPARTURE LAST
                VALUE   (LST)  VALUE       VALUE  FROM      YEAR
                                                  NORMAL
..................................................................
TEMPERATURE (F)
 TODAY
  MAXIMUM         48    249 PM  58    1944  23     25       35
  MINIMUM         29    202 AM -24    1984   3              33
                                      1943
  AVERAGE         39                        13     26       34

PRECIPITATION (IN)
  TODAY            0.00          0.22 1979   0.01  -0.01     0.00
  MONTH TO DATE    0.09                      0.30  -0.21     0.77
  SINCE DEC 1      0.39                      0.69  -0.30     2.19
  SINCE JAN 1      0.09                      0.30  -0.21     0.77

SNOWFALL (IN)
  TODAY            0.0
  MONTH TO DATE    0.5
  SINCE OCT 1      4.8
  SINCE JUL 1      4.8
  SNOW DEPTH       0

DEGREE DAYS
 HEATING
  TODAY           26                        52    -26       31
  MONTH TO DATE 1032                      1040     -8     1096
  SINCE DEC 1   2459                      2528    -69     2568
  SINCE JUL 1   4102                      4379   -277     3849
..................................................................


WIND (MPH)
  HIGHEST WIND SPEED    13   HIGHEST WIND DIRECTION    NW (300)
  HIGHEST GUST SPEED    15   HIGHEST GUST DIRECTION     W (290)
  AVERAGE WIND SPEED     7.2


SKY COVER
  POSSIBLE SUNSHINE  MM
  AVERAGE SKY COVER 0.0


WEATHER CONDITIONS
 THE FOLLOWING WEATHER WAS RECORDED TODAY.
  NO SIGNIFICANT WEATHER WAS OBSERVED.


RELATIVE HUMIDITY (PERCENT)
 HIGHEST    85           200 AM
 LOWEST     45           200 PM
 AVERAGE    65

..........................................................


THE SISSETON SD CLIMATE NORMALS FOR TOMORROW
                         NORMAL    RECORD    YEAR
 MAXIMUM TEMPERATURE (F)   23        50      1942
 MINIMUM TEMPERATURE (F)    3       -31      1970


SUNRISE AND SUNSET
JANUARY 20 2018.......SUNRISE   801 AM CST   SUNSET   517 PM CST
JANUARY 21 2018.......SUNRISE   800 AM CST   SUNSET   519 PM CST


-  INDICATES NEGATIVE NUMBERS.
R  INDICATES RECORD WAS SET OR TIED.
MM INDICATES DATA IS MISSING.
T  INDICATES TRACE AMOUNT.




$$
