000
CDUS43 KABR 201053
CLI8D3


CLIMATE REPORT
NATIONAL WEATHER SERVICE ABERDEEN SD
452 AM CST SAT DEC 20 2014


...................................

...THE SISSETON SD CLIMATE SUMMARY FOR DECEMBER 19 2014...

CLIMATE NORMAL PERIOD 1981 TO 2010
CLIMATE RECORD PERIOD 1900 TO 2014


WEATHER ITEM   OBSERVED TIME   RECORD YEAR NORMAL DEPARTURE LAST
                VALUE   (LST)  VALUE       VALUE  FROM      YEAR
                                                  NORMAL
..................................................................
TEMPERATURE (F)
 YESTERDAY
  MAXIMUM         31   1058 PM  51    1979  25      6       12
  MINIMUM         22   1243 AM -30    1983   7     15       -2
  AVERAGE         27                        16     11        5

PRECIPITATION (IN)
  YESTERDAY        0.00          0.66 1951   0.01  -0.01     0.16
  MONTH TO DATE    0.22                      0.24  -0.02     0.84
  SINCE DEC 1      0.22                      0.24  -0.02     0.84
  SINCE JAN 1     23.32                     22.18   1.14    28.27

SNOWFALL (IN)
  YESTERDAY        0.0
  MONTH TO DATE    3.0
  SINCE OCT 1     11.4
  SINCE JUL 1     11.4
  SNOW DEPTH       2

DEGREE DAYS
 HEATING
  YESTERDAY       38                        49    -11       60
  MONTH TO DATE  790                       882    -92     1035
  SINCE DEC 1    790                       882    -92     1035
  SINCE JUL 1   2770                      2733     37     2867

 COOLING
  YESTERDAY        0                         0      0        0
  MONTH TO DATE    0                         0      0        0
  SINCE DEC 1      0                         0      0        0
  SINCE JAN 1    442                       527    -85      625
..................................................................


WIND (MPH)
  HIGHEST WIND SPEED    16   HIGHEST WIND DIRECTION    SW (210)
  HIGHEST GUST SPEED    19   HIGHEST GUST DIRECTION    SW (210)
  AVERAGE WIND SPEED    10.3


SKY COVER
  POSSIBLE SUNSHINE  MM
  AVERAGE SKY COVER 0.0


WEATHER CONDITIONS
 THE FOLLOWING WEATHER WAS RECORDED YESTERDAY.
  NO SIGNIFICANT WEATHER WAS OBSERVED.


RELATIVE HUMIDITY (PERCENT)
 HIGHEST   100          1200 AM
 LOWEST     92           300 AM
 AVERAGE    96

..........................................................


THE SISSETON SD CLIMATE NORMALS FOR TODAY
                         NORMAL    RECORD    YEAR
 MAXIMUM TEMPERATURE (F)   25        52      1979
                                             1956
 MINIMUM TEMPERATURE (F)    6       -26      1983


SUNRISE AND SUNSET
DECEMBER 20 2014......SUNRISE   805 AM CST   SUNSET   446 PM CST
DECEMBER 21 2014......SUNRISE   806 AM CST   SUNSET   447 PM CST


-  INDICATES NEGATIVE NUMBERS.
R  INDICATES RECORD WAS SET OR TIED.
MM INDICATES DATA IS MISSING.
T  INDICATES TRACE AMOUNT.




$$
