000
CDUS43 KABR 010915
CLI8D3


CLIMATE REPORT
NATIONAL WEATHER SERVICE ABERDEEN SD
415 AM CDT SUN MAY 1 2016


...................................

...THE SISSETON SD CLIMATE SUMMARY FOR APRIL 30 2016...

CLIMATE NORMAL PERIOD 1981 TO 2010
CLIMATE RECORD PERIOD 1900 TO 2016


WEATHER ITEM   OBSERVED TIME   RECORD YEAR NORMAL DEPARTURE LAST
                VALUE   (LST)  VALUE       VALUE  FROM      YEAR
                                                  NORMAL
..................................................................
TEMPERATURE (F)
 YESTERDAY
  MAXIMUM         60    433 PM  93    1992  64     -4       80
  MINIMUM         36    203 AM  19    1903  39     -3       41
  AVERAGE         48                        51     -3       61

PRECIPITATION (IN)
  YESTERDAY        0.00          2.05 1942   0.14  -0.14     0.00
  MONTH TO DATE    2.46                      2.28   0.18     0.65
  SINCE MAR 1      3.00                      3.40  -0.40     1.58
  SINCE JAN 1      4.17                      4.26  -0.09     2.46

SNOWFALL (IN)
  YESTERDAY        0.0
  MONTH TO DATE    0.0
  SINCE OCT 1     28.9
  SINCE JUL 1     28.9
  SNOW DEPTH       0

DEGREE DAYS
 HEATING
  YESTERDAY       17                        14      3        4
  MONTH TO DATE  604                       617    -13      520
  SINCE MAR 1   1410                      1700   -290     1436
  SINCE JUL 1   6711                      7959  -1248     7705

 COOLING
  YESTERDAY        0                         0      0        0
  MONTH TO DATE    0                         1     -1        0
  SINCE MAR 1      0                         1     -1        0
  SINCE JAN 1      0                         1     -1        0
..................................................................


WIND (MPH)
  HIGHEST WIND SPEED    26   HIGHEST WIND DIRECTION     E (80)
  HIGHEST GUST SPEED    37   HIGHEST GUST DIRECTION     E (80)
  AVERAGE WIND SPEED    13.0


SKY COVER
  POSSIBLE SUNSHINE  MM
  AVERAGE SKY COVER 0.0


WEATHER CONDITIONS
 THE FOLLOWING WEATHER WAS RECORDED YESTERDAY.
  NO SIGNIFICANT WEATHER WAS OBSERVED.


RELATIVE HUMIDITY (PERCENT)
 HIGHEST    92           100 AM
 LOWEST     33           600 PM
 AVERAGE    63

..........................................................


THE SISSETON SD CLIMATE NORMALS FOR TODAY
                         NORMAL    RECORD    YEAR
 MAXIMUM TEMPERATURE (F)   64        98      1959
 MINIMUM TEMPERATURE (F)   39        24      1966


SUNRISE AND SUNSET
MAY  1 2016...........SUNRISE   615 AM CDT   SUNSET   836 PM CDT
MAY  2 2016...........SUNRISE   613 AM CDT   SUNSET   837 PM CDT


-  INDICATES NEGATIVE NUMBERS.
R  INDICATES RECORD WAS SET OR TIED.
MM INDICATES DATA IS MISSING.
T  INDICATES TRACE AMOUNT.




$$
