000
CDUS43 KABR 221027
CLI8D3


CLIMATE REPORT
NATIONAL WEATHER SERVICE ABERDEEN SD
426 AM CST SAT NOV 22 2014


...................................

...THE SISSETON SD CLIMATE SUMMARY FOR NOVEMBER 21 2014...

CLIMATE NORMAL PERIOD 1981 TO 2010
CLIMATE RECORD PERIOD 1900 TO 2014


WEATHER ITEM   OBSERVED TIME   RECORD YEAR NORMAL DEPARTURE LAST
                VALUE   (LST)  VALUE       VALUE  FROM      YEAR
                                                  NORMAL
..................................................................
TEMPERATURE (F)
 YESTERDAY
  MAXIMUM         38   1157 PM  67    2001  37      1       22
  MINIMUM          1   1204 AM -12    1937  18    -17        5
  AVERAGE         20                        28     -8       14

PRECIPITATION (IN)
  YESTERDAY        0.00          0.72 1953   0.02  -0.02     0.00
  MONTH TO DATE    0.86                      0.50   0.36     0.07
  SINCE SEP 1      2.05                      5.12  -3.07     8.76
  SINCE JAN 1     23.01                     21.86   1.15    27.43

SNOWFALL (IN)
  YESTERDAY        0.0
  MONTH TO DATE    7.4
  SINCE OCT 1      7.4
  SINCE JUL 1      7.4
  SNOW DEPTH       7

DEGREE DAYS
 HEATING
  YESTERDAY       45                        37      8       51
  MONTH TO DATE  828                       664    164      640
  SINCE SEP 1   1499                      1448     51     1369
  SINCE JUL 1   1536                      1491     45     1418

 COOLING
  YESTERDAY        0                         0      0        0
  MONTH TO DATE    0                         0      0        0
  SINCE SEP 1     42                        48     -6       90
  SINCE JAN 1    442                       527    -85      625
..................................................................


WIND (MPH)
  HIGHEST WIND SPEED    26   HIGHEST WIND DIRECTION     W (270)
  HIGHEST GUST SPEED    35   HIGHEST GUST DIRECTION     W (250)
  AVERAGE WIND SPEED    14.3


SKY COVER
  POSSIBLE SUNSHINE  MM
  AVERAGE SKY COVER 0.0


WEATHER CONDITIONS
 THE FOLLOWING WEATHER WAS RECORDED YESTERDAY.
  NO SIGNIFICANT WEATHER WAS OBSERVED.


RELATIVE HUMIDITY (PERCENT)
 HIGHEST    86          1200 AM
 LOWEST     68           900 AM
 AVERAGE    77

..........................................................


THE SISSETON SD CLIMATE NORMALS FOR TODAY
                         NORMAL    RECORD    YEAR
 MAXIMUM TEMPERATURE (F)   36        67      2006
 MINIMUM TEMPERATURE (F)   18        -5      1996
                                             1937


SUNRISE AND SUNSET
NOVEMBER 22 2014......SUNRISE   737 AM CST   SUNSET   451 PM CST
NOVEMBER 23 2014......SUNRISE   738 AM CST   SUNSET   450 PM CST


-  INDICATES NEGATIVE NUMBERS.
R  INDICATES RECORD WAS SET OR TIED.
MM INDICATES DATA IS MISSING.
T  INDICATES TRACE AMOUNT.




$$
