000
CDUS43 KABR 190908
CLI8D3


CLIMATE REPORT
NATIONAL WEATHER SERVICE ABERDEEN SD
408 AM CDT SAT AUG 19 2017


...................................

...THE SISSETON SD CLIMATE SUMMARY FOR AUGUST 18 2017...

CLIMATE NORMAL PERIOD 1981 TO 2010
CLIMATE RECORD PERIOD 1900 TO 2017


WEATHER ITEM   OBSERVED TIME   RECORD YEAR NORMAL DEPARTURE LAST
                VALUE   (LST)  VALUE       VALUE  FROM      YEAR
                                                  NORMAL
..................................................................
TEMPERATURE (F)
 YESTERDAY
  MAXIMUM         75    524 PM 105    1976  81     -6       80
  MINIMUM         57   1159 PM  38    1950  57      0       63
  AVERAGE         66                        69     -3       72

PRECIPITATION (IN)
  YESTERDAY        0.20          1.98 1961   0.05   0.15     0.92
  MONTH TO DATE    4.49                      1.43   3.06     3.91
  SINCE JUN 1      7.74                      8.75  -1.01    10.03
  SINCE JAN 1     11.91                     15.73  -3.82    15.07

DEGREE DAYS
 HEATING
  YESTERDAY        0                         1     -1        0
  MONTH TO DATE    6                         9     -3        0
  SINCE JUN 1     32                        84    -52       40
  SINCE JUL 1      6                        22    -16       13

 COOLING
  YESTERDAY        1                         5     -4        7
  MONTH TO DATE   35                       105    -70      122
  SINCE JUN 1    433                       404     29      492
  SINCE JAN 1    449                       427     22      529
..................................................................


WIND (MPH)
  HIGHEST WIND SPEED    12   HIGHEST WIND DIRECTION     N (20)
  HIGHEST GUST SPEED    14   HIGHEST GUST DIRECTION    SW (210)
  AVERAGE WIND SPEED     4.7


SKY COVER
  POSSIBLE SUNSHINE  MM
  AVERAGE SKY COVER 0.0


WEATHER CONDITIONS
 THE FOLLOWING WEATHER WAS RECORDED YESTERDAY.
  NO SIGNIFICANT WEATHER WAS OBSERVED.


RELATIVE HUMIDITY (PERCENT)
 HIGHEST   100          1200 AM
 LOWEST     64           500 PM
 AVERAGE    82

..........................................................


THE SISSETON SD CLIMATE NORMALS FOR TODAY
                         NORMAL    RECORD    YEAR
 MAXIMUM TEMPERATURE (F)   81       104      1976
 MINIMUM TEMPERATURE (F)   57        37      1956


SUNRISE AND SUNSET
AUGUST 19 2017........SUNRISE   633 AM CDT   SUNSET   829 PM CDT
AUGUST 20 2017........SUNRISE   635 AM CDT   SUNSET   827 PM CDT


-  INDICATES NEGATIVE NUMBERS.
R  INDICATES RECORD WAS SET OR TIED.
MM INDICATES DATA IS MISSING.
T  INDICATES TRACE AMOUNT.




$$
