280
CDUS43 KABR 261031
CLI8D3


CLIMATE REPORT
NATIONAL WEATHER SERVICE ABERDEEN SD
531 AM CDT SUN MAR 26 2017


...................................

...THE SISSETON SD CLIMATE SUMMARY FOR MARCH 25 2017...

CLIMATE NORMAL PERIOD 1981 TO 2010
CLIMATE RECORD PERIOD 1900 TO 2017


WEATHER ITEM   OBSERVED TIME   RECORD YEAR NORMAL DEPARTURE LAST
                VALUE   (LST)  VALUE       VALUE  FROM      YEAR
                                                  NORMAL
..................................................................
TEMPERATURE (F)
 YESTERDAY
  MAXIMUM         39    521 PM  79    1939  44     -5       53
  MINIMUM         26    304 AM -10    1964  24      2       32
  AVERAGE         33                        34     -1       43

PRECIPITATION (IN)
  YESTERDAY        0.00          1.04 1942   0.03  -0.03     0.01
  MONTH TO DATE    0.26                      0.82  -0.56     0.34
  SINCE MAR 1      0.26                      0.82  -0.56     0.34
  SINCE JAN 1      1.46                      1.68  -0.22     1.51

SNOWFALL (IN)
  YESTERDAY        0.0
  MONTH TO DATE    3.4
  SINCE OCT 1     30.4
  SINCE JUL 1     30.4
  SNOW DEPTH       0

DEGREE DAYS
 HEATING
  YESTERDAY       32                        31      1       22
  MONTH TO DATE  953                       908     45      672
  SINCE MAR 1    953                       908     45      672
  SINCE JUL 1   6217                      7167   -950     5973

 COOLING
  YESTERDAY        0                         0      0        0
  MONTH TO DATE    0                         0      0        0
  SINCE MAR 1      0                         0      0        0
  SINCE JAN 1      0                         0      0        0
..................................................................


WIND (MPH)
  HIGHEST WIND SPEED    17   HIGHEST WIND DIRECTION    SE (150)
  HIGHEST GUST SPEED    20   HIGHEST GUST DIRECTION     S (160)
  AVERAGE WIND SPEED     8.2


SKY COVER
  POSSIBLE SUNSHINE  MM
  AVERAGE SKY COVER 0.0


WEATHER CONDITIONS
 THE FOLLOWING WEATHER WAS RECORDED YESTERDAY.
  NO SIGNIFICANT WEATHER WAS OBSERVED.


RELATIVE HUMIDITY (PERCENT)
 HIGHEST   100          1200 AM
 LOWEST     79           500 PM
 AVERAGE    90

..........................................................


THE SISSETON SD CLIMATE NORMALS FOR TODAY
                         NORMAL    RECORD    YEAR
 MAXIMUM TEMPERATURE (F)   45        71      1968
 MINIMUM TEMPERATURE (F)   25       -12      1996


SUNRISE AND SUNSET
MARCH 26 2017.........SUNRISE   719 AM CDT   SUNSET   749 PM CDT
MARCH 27 2017.........SUNRISE   717 AM CDT   SUNSET   750 PM CDT


-  INDICATES NEGATIVE NUMBERS.
R  INDICATES RECORD WAS SET OR TIED.
MM INDICATES DATA IS MISSING.
T  INDICATES TRACE AMOUNT.




$$
