000
CDUS46 KMFR 270035
CLIAAT


CLIMATE REPORT
NATIONAL WEATHER SERVICE MEDFORD, OR
535 PM PDT FRI MAY 26 2017


...................................

...THE ALTURAS CA CLIMATE SUMMARY FOR MAY 26 2017...
VALID TODAY AS OF 0500 PM LOCAL TIME.

CLIMATE NORMAL PERIOD 1981 TO 2010
CLIMATE RECORD PERIOD 1905 TO 2017


WEATHER ITEM   OBSERVED TIME   RECORD YEAR NORMAL DEPARTURE LAST
                VALUE   (LST)  VALUE       VALUE  FROM      YEAR
                                                  NORMAL
..................................................................
TEMPERATURE (F)
 TODAY
  MAXIMUM         72        MM  92    1966  71      1       71
  MINIMUM         37        MM  23    1989  38     -1       37
  AVERAGE         55                        54      1       54

PRECIPITATION (IN)
  TODAY            0.00          0.54 1959   0.04  -0.04     0.00
  MONTH TO DATE    0.19                      1.15  -0.96     1.17
  SINCE OCT 1     13.12                     11.84   1.28    12.81
  SINCE JAN 1      9.37                      7.33   2.04     6.83

SNOWFALL (IN)
  TODAY           MM                        MM     MM       MM
  MONTH TO DATE   MM                        MM     MM       MM
  SINCE JUL 1     MM                        MM     MM       MM
  SNOW DEPTH      MM

DEGREE DAYS
 HEATING
  TODAY           10                        11     -1       11
  MONTH TO DATE  263                       361    -98      301
  SINCE MAR 1   1559                      1838   -279     1445
  SINCE JUL 1   6221                      6705   -484     5832

 COOLING
  TODAY            0                         0      0        0
  MONTH TO DATE    0                         0      0        0
  SINCE MAR 1      0                         0      0        0
  SINCE JAN 1      0                         0      0        0
..................................................................


WIND (MPH)
  HIGHEST WIND SPEED     8   HIGHEST WIND DIRECTION    NE (30)
  HIGHEST GUST SPEED    17   HIGHEST GUST DIRECTION    NE (30)
  AVERAGE WIND SPEED     3.4


SKY COVER
  POSSIBLE SUNSHINE  MM
  AVERAGE SKY COVER 0.0


WEATHER CONDITIONS
 THE FOLLOWING WEATHER WAS RECORDED TODAY.
  NO SIGNIFICANT WEATHER WAS OBSERVED.


RELATIVE HUMIDITY (PERCENT)
 HIGHEST    82           500 AM
 LOWEST     17           400 PM
 AVERAGE    50

..........................................................


THE ALTURAS CA CLIMATE NORMALS FOR TOMORROW
                         NORMAL    RECORD    YEAR
 MAXIMUM TEMPERATURE (F)   71        91      1919
 MINIMUM TEMPERATURE (F)   38        25      1961


SUNRISE AND SUNSET
MAY 26 2017...........SUNRISE   534 AM PDT   SUNSET   825 PM PDT
MAY 27 2017...........SUNRISE   533 AM PDT   SUNSET   826 PM PDT


-  INDICATES NEGATIVE NUMBERS.
R  INDICATES RECORD WAS SET OR TIED.
MM INDICATES DATA IS MISSING.
T  INDICATES TRACE AMOUNT.




$$
