000
CDUS46 KMFR 180837
CLIAAT


CLIMATE REPORT
NATIONAL WEATHER SERVICE MEDFORD, OR
137 AM PDT THU SEP 18 2014


...................................

...THE ALTURAS CA CLIMATE SUMMARY FOR SEPTEMBER 17 2014...

CLIMATE NORMAL PERIOD 1981 TO 2010
CLIMATE RECORD PERIOD 1905 TO 2014


WEATHER ITEM   OBSERVED TIME   RECORD YEAR NORMAL DEPARTURE LAST
                VALUE   (LST)  VALUE       VALUE  FROM      YEAR
                                                  NORMAL
..................................................................
TEMPERATURE (F)
 YESTERDAY
  MAXIMUM         88   1259 PM  95    1981  77     11       63
  MINIMUM         50    243 AM  24    1965  35     15       38
  AVERAGE         69                        56     13       51

PRECIPITATION (IN)
  YESTERDAY        0.00          0.56 1989   0.02  -0.02     0.06
  MONTH TO DATE    0.00                      0.26  -0.26     0.14
  SINCE SEP 1      0.00                      0.26  -0.26     0.14
  SINCE JAN 1      6.28                      9.40  -3.12     5.29

SNOWFALL (IN)
  YESTERDAY       MM                        MM     MM       MM
  MONTH TO DATE   MM                        MM     MM       MM
  SINCE JUL 1     MM                        MM     MM       MM
  SNOW DEPTH      MM

DEGREE DAYS
 HEATING
  YESTERDAY        0                         9     -9       14
  MONTH TO DATE   44                       118    -74       44
  SINCE SEP 1     44                       118    -74       44
  SINCE JUL 1     69                       229   -160      114

 COOLING
  YESTERDAY        4                         0      4        0
  MONTH TO DATE    5                         3      2       25
  SINCE SEP 1      5                         3      2       25
  SINCE JAN 1    373                       154    219      280
..................................................................


WIND (MPH)
  HIGHEST WIND SPEED    31   HIGHEST WIND DIRECTION    SW (220)
  HIGHEST GUST SPEED    49   HIGHEST GUST DIRECTION    SW (220)
  AVERAGE WIND SPEED    12.7


SKY COVER
  POSSIBLE SUNSHINE  MM
  AVERAGE SKY COVER 0.0


WEATHER CONDITIONS
 THE FOLLOWING WEATHER WAS RECORDED YESTERDAY.
  NO SIGNIFICANT WEATHER WAS OBSERVED.


RELATIVE HUMIDITY (PERCENT)
 HIGHEST    42          1100 PM
 LOWEST     13           200 PM
 AVERAGE    28

..........................................................


THE ALTURAS CA CLIMATE NORMALS FOR TODAY
                         NORMAL    RECORD    YEAR
 MAXIMUM TEMPERATURE (F)   77        94      1962
 MINIMUM TEMPERATURE (F)   34        17      1911


SUNRISE AND SUNSET
SEPTEMBER 18 2014.....SUNRISE   646 AM PDT   SUNSET   706 PM PDT
SEPTEMBER 19 2014.....SUNRISE   647 AM PDT   SUNSET   704 PM PDT


-  INDICATES NEGATIVE NUMBERS.
R  INDICATES RECORD WAS SET OR TIED.
MM INDICATES DATA IS MISSING.
T  INDICATES TRACE AMOUNT.




$$
