000
CDUS46 KMFR 270837
CLIAAT


CLIMATE REPORT
NATIONAL WEATHER SERVICE MEDFORD, OR
137 AM PDT FRI MAR 27 2015


...................................

...THE ALTURAS CA CLIMATE SUMMARY FOR MARCH 26 2015...

CLIMATE NORMAL PERIOD 1981 TO 2010
CLIMATE RECORD PERIOD 1905 TO 2015


WEATHER ITEM   OBSERVED TIME   RECORD YEAR NORMAL DEPARTURE LAST
                VALUE   (LST)  VALUE       VALUE  FROM      YEAR
                                                  NORMAL
..................................................................
TEMPERATURE (F)
 YESTERDAY
  MAXIMUM         75    327 PM  77    1960  54     21       49
  MINIMUM         29    606 AM   8    1996  25      4       31
  AVERAGE         52                        39     13       40

PRECIPITATION (IN)
  YESTERDAY        0.00          0.59 1971   0.05  -0.05     0.01
  MONTH TO DATE    0.53                      1.24  -0.71     1.32
  SINCE OCT 1      6.17                      8.85  -2.68     3.55
  SINCE JAN 1      1.66                      4.34  -2.68     2.92

SNOWFALL (IN)
  YESTERDAY       MM                        MM     MM       MM
  MONTH TO DATE   MM                        MM     MM       MM
  SINCE JUL 1     MM                        MM     MM        0.0
  SNOW DEPTH      MM

DEGREE DAYS
 HEATING
  YESTERDAY       13                        26    -13       25
  MONTH TO DATE  527                       699   -172      614
  SINCE MAR 1    527                       699   -172      614
  SINCE JUL 1   4154                      5566  -1412     5379

 COOLING
  YESTERDAY        0                         0      0        0
  MONTH TO DATE    0                         0      0        0
  SINCE MAR 1      0                         0      0        0
  SINCE JAN 1      0                         0      0        0
..................................................................


WIND (MPH)
  HIGHEST WIND SPEED    12   HIGHEST WIND DIRECTION     S (190)
  HIGHEST GUST SPEED    17   HIGHEST GUST DIRECTION     S (170)
  AVERAGE WIND SPEED     3.1


SKY COVER
  POSSIBLE SUNSHINE  MM
  AVERAGE SKY COVER 0.0


WEATHER CONDITIONS
 THE FOLLOWING WEATHER WAS RECORDED YESTERDAY.
  FOG


RELATIVE HUMIDITY (PERCENT)
 HIGHEST   100           300 AM
 LOWEST     23           300 PM
 AVERAGE    62

..........................................................


THE ALTURAS CA CLIMATE NORMALS FOR TODAY
                         NORMAL    RECORD    YEAR
 MAXIMUM TEMPERATURE (F)   54        78      1966
 MINIMUM TEMPERATURE (F)   25         6      2008


SUNRISE AND SUNSET
MARCH 27 2015.........SUNRISE   654 AM PDT   SUNSET   722 PM PDT
MARCH 28 2015.........SUNRISE   652 AM PDT   SUNSET   723 PM PDT


-  INDICATES NEGATIVE NUMBERS.
R  INDICATES RECORD WAS SET OR TIED.
MM INDICATES DATA IS MISSING.
T  INDICATES TRACE AMOUNT.




$$
