000
CDUS46 KMFR 280037
CLIAAT


CLIMATE REPORT
NATIONAL WEATHER SERVICE MEDFORD, OR
437 PM PST TUE JAN 27 2015


...................................

...THE ALTURAS CA CLIMATE SUMMARY FOR JANUARY 27 2015...
VALID TODAY AS OF 0400 PM LOCAL TIME.

CLIMATE NORMAL PERIOD 1981 TO 2010
CLIMATE RECORD PERIOD 1905 TO 2015


WEATHER ITEM   OBSERVED TIME   RECORD YEAR NORMAL DEPARTURE LAST
                VALUE   (LST)  VALUE       VALUE  FROM      YEAR
                                                  NORMAL
..................................................................
TEMPERATURE (F)
 TODAY
  MAXIMUM         50   1032 AM  60    1986  43      7       50
  MINIMUM         30    415 AM -25    1949  19     11       15
  AVERAGE         40                        31      9       33

PRECIPITATION (IN)
  TODAY            0.00          0.78 1969   0.04  -0.04     0.00
  MONTH TO DATE    0.11                      1.48  -1.37     0.02
  SINCE OCT 1      4.62                      5.99  -1.37     0.65
  SINCE JAN 1      0.11                      1.48  -1.37     0.02

SNOWFALL (IN)
  TODAY           MM                        MM     MM       MM
  MONTH TO DATE   MM                        MM     MM       MM
  SINCE JUL 1     MM                        MM     MM        0.0
  SNOW DEPTH      MM

DEGREE DAYS
 HEATING
  TODAY           25                        34     -9       32
  MONTH TO DATE  730                       954   -224      850
  SINCE DEC 1   1583                      2054   -471     2122
  SINCE JUL 1   2874                      3864   -990     3867

 COOLING
  TODAY            0                         0      0        0
  MONTH TO DATE    0                         0      0        0
  SINCE DEC 1      0                         0      0        0
  SINCE JAN 1      0                         0      0        0
..................................................................


WIND (MPH)
  HIGHEST WIND SPEED    18   HIGHEST WIND DIRECTION     W (260)
  HIGHEST GUST SPEED    24   HIGHEST GUST DIRECTION     W (270)
  AVERAGE WIND SPEED     5.5


SKY COVER
  POSSIBLE SUNSHINE  MM
  AVERAGE SKY COVER 0.6


WEATHER CONDITIONS
 THE FOLLOWING WEATHER WAS RECORDED TODAY.
  FOG
  HAZE


RELATIVE HUMIDITY (PERCENT)
 HIGHEST    92           400 AM
 LOWEST     54          1100 AM
 AVERAGE    73

..........................................................


THE ALTURAS CA CLIMATE NORMALS FOR TOMORROW
                         NORMAL    RECORD    YEAR
 MAXIMUM TEMPERATURE (F)   43        66      1934
 MINIMUM TEMPERATURE (F)   19        -9      1949


SUNRISE AND SUNSET
JANUARY 27 2015.......SUNRISE   719 AM PST   SUNSET   512 PM PST
JANUARY 28 2015.......SUNRISE   718 AM PST   SUNSET   513 PM PST


-  INDICATES NEGATIVE NUMBERS.
R  INDICATES RECORD WAS SET OR TIED.
MM INDICATES DATA IS MISSING.
T  INDICATES TRACE AMOUNT.




$$
