000
CDUS46 KMFR 200835
CLIAAT


CLIMATE REPORT
NATIONAL WEATHER SERVICE MEDFORD, OR
135 AM PDT THU JUL 20 2017


...................................

...THE ALTURAS CA CLIMATE SUMMARY FOR JULY 19 2017...

CLIMATE NORMAL PERIOD 1981 TO 2010
CLIMATE RECORD PERIOD 1905 TO 2017


WEATHER ITEM   OBSERVED TIME   RECORD YEAR NORMAL DEPARTURE LAST
                VALUE   (LST)  VALUE       VALUE  FROM      YEAR
                                                  NORMAL
..................................................................
TEMPERATURE (F)
 YESTERDAY
  MAXIMUM         89    347 PM 107    1960  89      0       83
  MINIMUM         39    500 AM  31    1983  45     -6       38
  AVERAGE         64                        67     -3       61

PRECIPITATION (IN)
  YESTERDAY        0.00          0.30 1971   0.01  -0.01     0.00
  MONTH TO DATE    0.00                      0.15  -0.15     0.05
  SINCE OCT 1     14.28                     13.10   1.18    13.42
  SINCE JAN 1     10.53                      8.59   1.94     7.44

SNOWFALL (IN)
  YESTERDAY       MM                        MM     MM       MM
  MONTH TO DATE   MM                        MM     MM       MM
  SINCE JUL 1     MM                        MM     MM       MM
  SNOW DEPTH      MM

DEGREE DAYS
 HEATING
  YESTERDAY        1                         1      0        4
  MONTH TO DATE    1                        29    -28       35
  SINCE JUN 1    110                       209    -99      153
  SINCE JUL 1      1                        29    -28       35

 COOLING
  YESTERDAY        0                         3     -3        0
  MONTH TO DATE   96                        43     53       35
  SINCE JUN 1    178                        54    124       83
  SINCE JAN 1    178                        54    124       83
..................................................................


WIND (MPH)
  HIGHEST WIND SPEED    23   HIGHEST WIND DIRECTION     W (280)
  HIGHEST GUST SPEED    29   HIGHEST GUST DIRECTION     W (270)
  AVERAGE WIND SPEED     5.5


SKY COVER
  POSSIBLE SUNSHINE  MM
  AVERAGE SKY COVER 0.0


WEATHER CONDITIONS
 THE FOLLOWING WEATHER WAS RECORDED YESTERDAY.
  NO SIGNIFICANT WEATHER WAS OBSERVED.


RELATIVE HUMIDITY (PERCENT)
 HIGHEST    70           500 AM
 LOWEST      5           200 PM
 AVERAGE    38

..........................................................


THE ALTURAS CA CLIMATE NORMALS FOR TODAY
                         NORMAL    RECORD    YEAR
 MAXIMUM TEMPERATURE (F)   89       103      1988
 MINIMUM TEMPERATURE (F)   45        33      1996


SUNRISE AND SUNSET
JULY 20 2017..........SUNRISE   546 AM PDT   SUNSET   831 PM PDT
JULY 21 2017..........SUNRISE   547 AM PDT   SUNSET   830 PM PDT


-  INDICATES NEGATIVE NUMBERS.
R  INDICATES RECORD WAS SET OR TIED.
MM INDICATES DATA IS MISSING.
T  INDICATES TRACE AMOUNT.




$$
