000
CDUS46 KMFR 050842
CLIAAT


CLIMATE REPORT
NATIONAL WEATHER SERVICE MEDFORD, OR
142 AM PDT SUN JUL 5 2015


...................................

...THE ALTURAS CA CLIMATE SUMMARY FOR JULY 4 2015...

CLIMATE NORMAL PERIOD 1981 TO 2010
CLIMATE RECORD PERIOD 1905 TO 2015


WEATHER ITEM   OBSERVED TIME   RECORD YEAR NORMAL DEPARTURE LAST
                VALUE   (LST)  VALUE       VALUE  FROM      YEAR
                                                  NORMAL
..................................................................
TEMPERATURE (F)
 YESTERDAY
  MAXIMUM         95    257 PM 101    2007  85     10       93
  MINIMUM         56    449 AM  34    2000  44     12       47
  AVERAGE         76                        64     12       70

PRECIPITATION (IN)
  YESTERDAY        0.00          0.26 1939   0.02  -0.02     0.00
  MONTH TO DATE    T                         0.05  -0.05     0.00
  SINCE OCT 1      9.91                     13.00  -3.09     6.04
  SINCE JAN 1      5.40                      8.49  -3.09     5.41

SNOWFALL (IN)
  YESTERDAY       MM                        MM     MM       MM
  MONTH TO DATE   MM                        MM     MM       MM
  SINCE JUL 1     MM                        MM     MM       MM
  SNOW DEPTH      MM

DEGREE DAYS
 HEATING
  YESTERDAY        0                         2     -2        0
  MONTH TO DATE    0                         9     -9        0
  SINCE JUN 1     30                       189   -159       89
  SINCE JUL 1      0                         9     -9        0

 COOLING
  YESTERDAY       11                         2      9        5
  MONTH TO DATE   53                         5     48       28
  SINCE JUN 1    156                        16    140       48
  SINCE JAN 1    156                        16    140       48
..................................................................


WIND (MPH)
  HIGHEST WIND SPEED    25   HIGHEST WIND DIRECTION     S (170)
  HIGHEST GUST SPEED    34   HIGHEST GUST DIRECTION     S (170)
  AVERAGE WIND SPEED     6.2


SKY COVER
  POSSIBLE SUNSHINE  MM
  AVERAGE SKY COVER 0.1


WEATHER CONDITIONS
 THE FOLLOWING WEATHER WAS RECORDED YESTERDAY.
  NO SIGNIFICANT WEATHER WAS OBSERVED.


RELATIVE HUMIDITY (PERCENT)
 HIGHEST    80           300 AM
 LOWEST     18           400 PM
 AVERAGE    49

..........................................................


THE ALTURAS CA CLIMATE NORMALS FOR TODAY
                         NORMAL    RECORD    YEAR
 MAXIMUM TEMPERATURE (F)   85       106      2007
 MINIMUM TEMPERATURE (F)   44        30      1986


SUNRISE AND SUNSET
JULY  5 2015..........SUNRISE   534 AM PDT   SUNSET   839 PM PDT
JULY  6 2015..........SUNRISE   535 AM PDT   SUNSET   839 PM PDT


-  INDICATES NEGATIVE NUMBERS.
R  INDICATES RECORD WAS SET OR TIED.
MM INDICATES DATA IS MISSING.
T  INDICATES TRACE AMOUNT.




$$
