760
CDUS46 KMFR 200035
CLIAAT


CLIMATE REPORT
NATIONAL WEATHER SERVICE MEDFORD, OR
535 PM PDT TUE SEP 19 2017


...................................

...THE ALTURAS CA CLIMATE SUMMARY FOR SEPTEMBER 19 2017...
VALID TODAY AS OF 0500 PM LOCAL TIME.

CLIMATE NORMAL PERIOD 1981 TO 2010
CLIMATE RECORD PERIOD 1905 TO 2017


WEATHER ITEM   OBSERVED TIME   RECORD YEAR NORMAL DEPARTURE LAST
                VALUE   (LST)  VALUE       VALUE  FROM      YEAR
                                                  NORMAL
..................................................................
TEMPERATURE (F)
 TODAY
  MAXIMUM         57   1213 PM  93    1991  77    -20       84
  MINIMUM         33    428 AM  19    1947  34     -1       44
  AVERAGE         45                        55    -10       64

PRECIPITATION (IN)
  TODAY            T             0.53 1956   0.01  -0.01     0.00
  MONTH TO DATE    0.07                      0.29  -0.22     0.03
  SINCE OCT 1     15.70                     13.94   1.76    13.45
  SINCE JAN 1     11.95                      9.43   2.52     7.47

SNOWFALL (IN)
  TODAY           MM                        MM     MM       MM
  MONTH TO DATE   MM                        MM     MM       MM
  SINCE JUL 1     MM                        MM     MM       MM
  SNOW DEPTH      MM

DEGREE DAYS
 HEATING
  TODAY           20                        10     10        1
  MONTH TO DATE   69                       137    -68      132
  SINCE SEP 1     69                       137    -68      132
  SINCE JUL 1     70                       248   -178      189

 COOLING
  TODAY            0                         0      0        0
  MONTH TO DATE   75                         3     72        0
  SINCE SEP 1     75                         3     72        0
  SINCE JAN 1    516                       154    362      254
..................................................................


WIND (MPH)
  HIGHEST WIND SPEED    18   HIGHEST WIND DIRECTION     W (270)
  HIGHEST GUST SPEED    24   HIGHEST GUST DIRECTION     W (260)
  AVERAGE WIND SPEED     7.7


SKY COVER
  POSSIBLE SUNSHINE  MM
  AVERAGE SKY COVER 0.5


WEATHER CONDITIONS
 THE FOLLOWING WEATHER WAS RECORDED TODAY.
  NO SIGNIFICANT WEATHER WAS OBSERVED.


RELATIVE HUMIDITY (PERCENT)
 HIGHEST    92           200 AM
 LOWEST     38          1000 AM
 AVERAGE    65

..........................................................


THE ALTURAS CA CLIMATE NORMALS FOR TOMORROW
                         NORMAL    RECORD    YEAR
 MAXIMUM TEMPERATURE (F)   76        97      1953
 MINIMUM TEMPERATURE (F)   34        20      1978


SUNRISE AND SUNSET
SEPTEMBER 19 2017.....SUNRISE   647 AM PDT   SUNSET   704 PM PDT
SEPTEMBER 20 2017.....SUNRISE   648 AM PDT   SUNSET   702 PM PDT


-  INDICATES NEGATIVE NUMBERS.
R  INDICATES RECORD WAS SET OR TIED.
MM INDICATES DATA IS MISSING.
T  INDICATES TRACE AMOUNT.




$$
