000
CDUS46 KMFR 300933
CLIAAT


CLIMATE REPORT
NATIONAL WEATHER SERVICE MEDFORD, OR
233 AM PDT THU MAR 30 2017


...................................

...THE ALTURAS CA CLIMATE SUMMARY FOR MARCH 29 2017...

CLIMATE NORMAL PERIOD 1981 TO 2010
CLIMATE RECORD PERIOD 1905 TO 2017


WEATHER ITEM   OBSERVED TIME   RECORD YEAR NORMAL DEPARTURE LAST
                VALUE   (LST)  VALUE       VALUE  FROM      YEAR
                                                  NORMAL
..................................................................
TEMPERATURE (F)
 YESTERDAY
  MAXIMUM         62    107 PM  80    1966  54      8       49
  MINIMUM         31    422 AM  10    1977  26      5       32
  AVERAGE         47                        40      7       41

PRECIPITATION (IN)
  YESTERDAY        0.10          0.64 2014   0.05   0.05      T
  MONTH TO DATE    1.00                      1.41  -0.41     1.84
  SINCE OCT 1     11.24                      9.02   2.22    10.32
  SINCE JAN 1      7.49                      4.51   2.98     4.34

SNOWFALL (IN)
  YESTERDAY       MM                        MM     MM       MM
  MONTH TO DATE   MM                        MM     MM       MM
  SINCE JUL 1     MM                        MM     MM       MM
  SNOW DEPTH      MM

DEGREE DAYS
 HEATING
  YESTERDAY       18                        25     -7       24
  MONTH TO DATE  647                       774   -127      667
  SINCE MAR 1    647                       774   -127      667
  SINCE JUL 1   5309                      5641   -332     5054

 COOLING
  YESTERDAY        0                         0      0        0
  MONTH TO DATE    0                         0      0        0
  SINCE MAR 1      0                         0      0        0
  SINCE JAN 1      0                         0      0        0
..................................................................


WIND (MPH)
  HIGHEST WIND SPEED    24   HIGHEST WIND DIRECTION     W (260)
  HIGHEST GUST SPEED    31   HIGHEST GUST DIRECTION     W (260)
  AVERAGE WIND SPEED     3.6


SKY COVER
  POSSIBLE SUNSHINE  MM
  AVERAGE SKY COVER 0.6


WEATHER CONDITIONS
 THE FOLLOWING WEATHER WAS RECORDED YESTERDAY.
  LIGHT RAIN
  FOG


RELATIVE HUMIDITY (PERCENT)
 HIGHEST    96           600 AM
 LOWEST     46           100 PM
 AVERAGE    71

..........................................................


THE ALTURAS CA CLIMATE NORMALS FOR TODAY
                         NORMAL    RECORD    YEAR
 MAXIMUM TEMPERATURE (F)   54        82      1966
 MINIMUM TEMPERATURE (F)   26        12      1998


SUNRISE AND SUNSET
MARCH 30 2017.........SUNRISE   648 AM PDT   SUNSET   726 PM PDT
MARCH 31 2017.........SUNRISE   646 AM PDT   SUNSET   727 PM PDT


-  INDICATES NEGATIVE NUMBERS.
R  INDICATES RECORD WAS SET OR TIED.
MM INDICATES DATA IS MISSING.
T  INDICATES TRACE AMOUNT.




$$
