000
CDUS41 KPHI 070635
CLIABE


CLIMATE REPORT
NATIONAL WEATHER SERVICE MOUNT HOLLY NJ
133 AM EST WED DEC 7 2016


...................................

...THE ALLENTOWN PA CLIMATE SUMMARY FOR DECEMBER 6 2016...

CLIMATE NORMAL PERIOD 1981 TO 2010
CLIMATE RECORD PERIOD 1922 TO 2016


WEATHER ITEM   OBSERVED TIME   RECORD YEAR NORMAL DEPARTURE LAST
                VALUE   (LST)  VALUE       VALUE  FROM      YEAR
                                                  NORMAL
..................................................................
TEMPERATURE (F)
 YESTERDAY
  MAXIMUM         43    243 PM  70    2001  44     -1       51
  MINIMUM         24    533 AM   9    2002  27     -3       22
  AVERAGE         34                        35     -1       37

PRECIPITATION (IN)
  YESTERDAY        0.44          2.68 1953   0.13   0.31     0.00
  MONTH TO DATE    0.77                      0.79  -0.02     1.02
  SINCE DEC 1      0.77                      0.79  -0.02     1.02
  SINCE JAN 1     35.16                     42.56  -7.40    37.34

SNOWFALL (IN)
  YESTERDAY        T             3.5  1926   0.1   -0.1      0.0
  MONTH TO DATE    T                         0.7   -0.7      0.0
  SINCE DEC 1      T                         0.7   -0.7      0.0
  SINCE JUL 1      T                         1.4   -1.4       T
  SNOW DEPTH       0

DEGREE DAYS
 HEATING
  YESTERDAY       31                        30      1       28
  MONTH TO DATE  142                       173    -31      136
  SINCE DEC 1    142                       173    -31      136
  SINCE JUL 1   1047                      1353   -306     1018

 COOLING
  YESTERDAY        0                         0      0        0
  MONTH TO DATE    0                         0      0        0
  SINCE DEC 1      0                         0      0        0
  SINCE JAN 1   1223                       757    466     1061
..................................................................


WIND (MPH)
  HIGHEST WIND SPEED    14   HIGHEST WIND DIRECTION    NE (60)
  HIGHEST GUST SPEED    17   HIGHEST GUST DIRECTION     E (70)
  AVERAGE WIND SPEED     5.0


SKY COVER
  POSSIBLE SUNSHINE  MM
  AVERAGE SKY COVER 0.4


WEATHER CONDITIONS
 THE FOLLOWING WEATHER WAS RECORDED YESTERDAY.
  RAIN
  LIGHT RAIN
  SLEET
  FOG
  HAZE


RELATIVE HUMIDITY (PERCENT)
 HIGHEST    92           500 AM
 LOWEST     65           100 PM
 AVERAGE    79

..........................................................


THE ALLENTOWN PA CLIMATE NORMALS FOR TODAY
                         NORMAL    RECORD    YEAR
 MAXIMUM TEMPERATURE (F)   43        71      1998
 MINIMUM TEMPERATURE (F)   27         4      1926


SUNRISE AND SUNSET
DECEMBER  7 2016......SUNRISE   712 AM EST   SUNSET   434 PM EST
DECEMBER  8 2016......SUNRISE   713 AM EST   SUNSET   434 PM EST


-  INDICATES NEGATIVE NUMBERS.
R  INDICATES RECORD WAS SET OR TIED.
MM INDICATES DATA IS MISSING.
T  INDICATES TRACE AMOUNT.




$$
