000
CDUS41 KPHI 252129
CLIABE


CLIMATE REPORT
NATIONAL WEATHER SERVICE MOUNT HOLLY NJ
529 PM EDT MON MAY 25 2015


...................................

...THE ALLENTOWN PA CLIMATE SUMMARY FOR MAY 25 2015...
VALID TODAY AS OF 0500 PM LOCAL TIME.

CLIMATE NORMAL PERIOD 1981 TO 2010
CLIMATE RECORD PERIOD 1922 TO 2015


WEATHER ITEM   OBSERVED TIME   RECORD YEAR NORMAL DEPARTURE LAST
                VALUE   (LST)  VALUE       VALUE  FROM      YEAR
                                                  NORMAL
..................................................................
TEMPERATURE (F)
 TODAY
  MAXIMUM         89    205 PM  90    1991  74     15       82
  MINIMUM         58    258 AM  33    1956  51      7       47
  AVERAGE         74                        63     11       65

PRECIPITATION (IN)
  TODAY            0.00          2.20 1952   0.14  -0.14     0.00
  MONTH TO DATE    0.09                      3.28  -3.19     4.20
  SINCE MAR 1      6.33                     10.23  -3.90    13.24
  SINCE JAN 1     10.88                     15.96  -5.08    22.23

SNOWFALL (IN)
  TODAY            0.0           0.0    MM   0.0    0.0      0.0
  MONTH TO DATE    0.0                       0.0    0.0      0.0
  SINCE MAR 1     17.8                       5.9   11.9      1.4
  SINCE JUL 1     50.1                      32.9   17.2     68.1
  SNOW DEPTH       0

DEGREE DAYS
 HEATING
  TODAY            0                         4     -4        0
  MONTH TO DATE   81                       177    -96      120
  SINCE MAR 1   1447                      1438      9     1544
  SINCE JUL 1   5928                      5747    181     6142

 COOLING
  TODAY            9                         2      7        0
  MONTH TO DATE   70                        24     46       19
  SINCE MAR 1     70                        29     41       26
  SINCE JAN 1     70                        29     41       26
..................................................................


WIND (MPH)
  HIGHEST WIND SPEED    22   HIGHEST WIND DIRECTION     S (200)
  HIGHEST GUST SPEED    28   HIGHEST GUST DIRECTION    SW (210)
  AVERAGE WIND SPEED     5.8


SKY COVER
  POSSIBLE SUNSHINE  MM
  AVERAGE SKY COVER 0.2


WEATHER CONDITIONS
 THE FOLLOWING WEATHER WAS RECORDED TODAY.
  NO SIGNIFICANT WEATHER WAS OBSERVED.


RELATIVE HUMIDITY (PERCENT)
 HIGHEST    78           600 AM
 LOWEST     29           200 PM
 AVERAGE    54

..........................................................


THE ALLENTOWN PA CLIMATE NORMALS FOR TOMORROW
                         NORMAL    RECORD    YEAR
 MAXIMUM TEMPERATURE (F)   75        92      2010
 MINIMUM TEMPERATURE (F)   52        39      1956


SUNRISE AND SUNSET
MAY 25 2015...........SUNRISE   537 AM EDT   SUNSET   821 PM EDT
MAY 26 2015...........SUNRISE   536 AM EDT   SUNSET   822 PM EDT


-  INDICATES NEGATIVE NUMBERS.
R  INDICATES RECORD WAS SET OR TIED.
MM INDICATES DATA IS MISSING.
T  INDICATES TRACE AMOUNT.




$$
