000
CDUS41 KPHI 100637
CLIABE


CLIMATE REPORT
NATIONAL WEATHER SERVICE MOUNT HOLLY NJ
133 AM EST WED FEB 10 2016


...................................

...THE ALLENTOWN PA CLIMATE SUMMARY FOR FEBRUARY 9 2016...

CLIMATE NORMAL PERIOD 1981 TO 2010
CLIMATE RECORD PERIOD 1922 TO 2016


WEATHER ITEM   OBSERVED TIME   RECORD YEAR NORMAL DEPARTURE LAST
                VALUE   (LST)  VALUE       VALUE  FROM      YEAR
                                                  NORMAL
..................................................................
TEMPERATURE (F)
 YESTERDAY
  MAXIMUM         34    329 PM  57    1990  38     -4       35
  MINIMUM         29    956 AM -12    1934  21      8       25
  AVERAGE         32                        30      2       30

PRECIPITATION (IN)
  YESTERDAY        0.18          0.67 1950   0.10   0.08     0.14
  MONTH TO DATE    1.11                      0.89   0.22     1.05
  SINCE DEC 1      8.48                      7.50   0.98     7.42
  SINCE JAN 1      4.28                      3.92   0.36     3.77

SNOWFALL (IN)
  YESTERDAY        2.1           5.0  1936   0.4    1.7      0.4
  MONTH TO DATE    2.3                       3.7   -1.4      4.4
  SINCE DEC 1     34.6                      18.9   15.7     17.8
  SINCE JUL 1     34.6                      19.6   15.0     23.5
  SNOW DEPTH       T

DEGREE DAYS
 HEATING
  YESTERDAY       33                        35     -2       35
  MONTH TO DATE  249                       325    -76      373
  SINCE DEC 1   1936                      2495   -559     2435
  SINCE JUL 1   2818                      3675   -857     3570

 COOLING
  YESTERDAY        0                         0      0        0
  MONTH TO DATE    0                         0      0        0
  SINCE DEC 1      0                         0      0        0
  SINCE JAN 1      0                         0      0        0
..................................................................


WIND (MPH)
  HIGHEST WIND SPEED    12   HIGHEST WIND DIRECTION     E (80)
  HIGHEST GUST SPEED    15   HIGHEST GUST DIRECTION     E (100)
  AVERAGE WIND SPEED     5.0


SKY COVER
  POSSIBLE SUNSHINE  MM
  AVERAGE SKY COVER 1.0


WEATHER CONDITIONS
 THE FOLLOWING WEATHER WAS RECORDED YESTERDAY.
  LIGHT SNOW
  FOG
  HAZE


RELATIVE HUMIDITY (PERCENT)
 HIGHEST    92          1000 PM
 LOWEST     72          1200 PM
 AVERAGE    82

..........................................................


THE ALLENTOWN PA CLIMATE NORMALS FOR TODAY
                         NORMAL    RECORD    YEAR
 MAXIMUM TEMPERATURE (F)   39        57      1990
 MINIMUM TEMPERATURE (F)   21       -11      1934


SUNRISE AND SUNSET
FEBRUARY 10 2016......SUNRISE   702 AM EST   SUNSET   530 PM EST
FEBRUARY 11 2016......SUNRISE   701 AM EST   SUNSET   531 PM EST


-  INDICATES NEGATIVE NUMBERS.
R  INDICATES RECORD WAS SET OR TIED.
MM INDICATES DATA IS MISSING.
T  INDICATES TRACE AMOUNT.




$$
