000
CDUS41 KPHI 280628
CLIABE


CLIMATE REPORT
NATIONAL WEATHER SERVICE MOUNT HOLLY NJ
128 AM EST WED JAN 28 2015


...................................

...THE ALLENTOWN PA CLIMATE SUMMARY FOR JANUARY 27 2015...

CLIMATE NORMAL PERIOD 1981 TO 2010
CLIMATE RECORD PERIOD 1922 TO 2015


WEATHER ITEM   OBSERVED TIME   RECORD YEAR NORMAL DEPARTURE LAST
                VALUE   (LST)  VALUE       VALUE  FROM      YEAR
                                                  NORMAL
..................................................................
TEMPERATURE (F)
 YESTERDAY
  MAXIMUM         30    330 PM  66    1974  36     -6       38
  MINIMUM         17   1159 PM  -5    1994  20     -3       16
  AVERAGE         24                        28     -4       27

PRECIPITATION (IN)
  YESTERDAY        T             1.35 1976   0.09  -0.09     0.00
  MONTH TO DATE    2.66                      2.62   0.04     4.54
  SINCE DEC 1      6.31                      6.20   0.11     8.58
  SINCE JAN 1      2.66                      2.62   0.04     4.54

SNOWFALL (IN)
  YESTERDAY        T             8.0  1897   0.3   -0.3      0.0
  MONTH TO DATE   12.4                       8.4    4.0     16.5
  SINCE DEC 1     13.0                      13.6   -0.6     30.2
  SINCE JUL 1     18.7                      14.3    4.4     30.2
  SNOW DEPTH       6

DEGREE DAYS
 HEATING
  YESTERDAY       41                        37      4       38
  MONTH TO DATE 1028                      1007     21     1106
  SINCE DEC 1   1888                      2022   -134     2129
  SINCE JUL 1   3023                      3202   -179     3288

 COOLING
  YESTERDAY        0                         0      0        0
  MONTH TO DATE    0                         0      0        0
  SINCE DEC 1      0                         0      0        0
  SINCE JAN 1      0                         0      0        0
..................................................................


WIND (MPH)
  HIGHEST WIND SPEED    23   HIGHEST WIND DIRECTION    NW (330)
  HIGHEST GUST SPEED    30   HIGHEST GUST DIRECTION    NW (330)
  AVERAGE WIND SPEED    11.6


SKY COVER
  POSSIBLE SUNSHINE  MM
  AVERAGE SKY COVER 0.7


WEATHER CONDITIONS
 THE FOLLOWING WEATHER WAS RECORDED YESTERDAY.
  LIGHT SNOW


RELATIVE HUMIDITY (PERCENT)
 HIGHEST    68          1200 AM
 LOWEST     34          1200 PM
 AVERAGE    51

..........................................................


THE ALLENTOWN PA CLIMATE NORMALS FOR TODAY
                         NORMAL    RECORD    YEAR
 MAXIMUM TEMPERATURE (F)   36        60      2002
 MINIMUM TEMPERATURE (F)   20        -7      1935


SUNRISE AND SUNSET
JANUARY 28 2015.......SUNRISE   715 AM EST   SUNSET   514 PM EST
JANUARY 29 2015.......SUNRISE   715 AM EST   SUNSET   516 PM EST


-  INDICATES NEGATIVE NUMBERS.
R  INDICATES RECORD WAS SET OR TIED.
MM INDICATES DATA IS MISSING.
T  INDICATES TRACE AMOUNT.




$$
