000
CDUS41 KPHI 040628
CLIABE


CLIMATE REPORT
NATIONAL WEATHER SERVICE MOUNT HOLLY NJ
228 AM EDT TUE AUG 4 2015


...................................

...THE ALLENTOWN PA CLIMATE SUMMARY FOR AUGUST 3 2015...

CLIMATE NORMAL PERIOD 1981 TO 2010
CLIMATE RECORD PERIOD 1922 TO 2015


WEATHER ITEM   OBSERVED TIME   RECORD YEAR NORMAL DEPARTURE LAST
                VALUE   (LST)  VALUE       VALUE  FROM      YEAR
                                                  NORMAL
..................................................................
TEMPERATURE (F)
 YESTERDAY
  MAXIMUM         88    223 PM  97    1930  84      4       76
  MINIMUM         62    539 AM  48    1927  62      0       66
  AVERAGE         75                        73      2       71

PRECIPITATION (IN)
  YESTERDAY        0.01          1.77 1971   0.14  -0.13      T
  MONTH TO DATE    0.01                      0.43  -0.42     0.07
  SINCE JUN 1     13.03                      9.69   3.34     9.79
  SINCE JAN 1     24.64                     26.51  -1.87    32.09

SNOWFALL (IN)
  YESTERDAY        0.0           0.0  2002   0.0    0.0      0.0
                                      2001
  MONTH TO DATE    0.0                       0.0    0.0      0.0
  SINCE JUN 1      0.0                       0.0    0.0      0.0
  SINCE JUL 1      0.0                       0.0    0.0      0.0
  SNOW DEPTH       0

DEGREE DAYS
 HEATING
  YESTERDAY        0                         0      0        0
  MONTH TO DATE    0                         0      0        0
  SINCE JUN 1     21                        36    -15        4
  SINCE JUL 1      0                         3     -3        0

 COOLING
  YESTERDAY       10                         8      2        6
  MONTH TO DATE   28                        24      4       23
  SINCE JUN 1    534                       444     90      484
  SINCE JAN 1    667                       489    178      523
..................................................................


WIND (MPH)
  HIGHEST WIND SPEED    17   HIGHEST WIND DIRECTION     S (200)
  HIGHEST GUST SPEED    23   HIGHEST GUST DIRECTION    SW (210)
  AVERAGE WIND SPEED     6.7


SKY COVER
  POSSIBLE SUNSHINE  MM
  AVERAGE SKY COVER 0.2


WEATHER CONDITIONS
 THE FOLLOWING WEATHER WAS RECORDED YESTERDAY.
  THUNDERSTORM
  LIGHT RAIN


RELATIVE HUMIDITY (PERCENT)
 HIGHEST    93           300 AM
 LOWEST     43           100 PM
 AVERAGE    68

..........................................................


THE ALLENTOWN PA CLIMATE NORMALS FOR TODAY
                         NORMAL    RECORD    YEAR
 MAXIMUM TEMPERATURE (F)   84        98      1944
                                             1930
 MINIMUM TEMPERATURE (F)   62        50      1966


SUNRISE AND SUNSET
AUGUST  4 2015........SUNRISE   601 AM EDT   SUNSET   814 PM EDT
AUGUST  5 2015........SUNRISE   602 AM EDT   SUNSET   813 PM EDT


-  INDICATES NEGATIVE NUMBERS.
R  INDICATES RECORD WAS SET OR TIED.
MM INDICATES DATA IS MISSING.
T  INDICATES TRACE AMOUNT.




$$
