000
CDUS44 KSJT 270651
CLIABI


CLIMATE REPORT
NATIONAL WEATHER SERVICE SAN ANGELO TX
151 AM CDT FRI MAR 27 2015


...................................

...THE ABILENE CLIMATE SUMMARY FOR MARCH 26 2015...

CLIMATE NORMAL PERIOD 1981 TO 2010
CLIMATE RECORD PERIOD 1886 TO 2015


WEATHER ITEM   OBSERVED TIME   RECORD YEAR NORMAL DEPARTURE LAST
                VALUE   (LST)  VALUE       VALUE  FROM      YEAR
                                                  NORMAL
..................................................................
TEMPERATURE (F)
 YESTERDAY
  MAXIMUM         64    445 PM  92    1890  72     -8       66
  MINIMUM         43   1159 PM  19    1955  47     -4       47
  AVERAGE         54                        59     -5       57

PRECIPITATION (IN)
  YESTERDAY        0.00          2.30 1938   0.05  -0.05     0.03
  MONTH TO DATE    1.60                      1.47   0.13     0.67
  SINCE MAR 1      1.60                      1.47   0.13     0.67
  SINCE JAN 1      5.11                      3.85   1.26     1.16

SNOWFALL (IN)
  YESTERDAY        0.0           T    1996   0.1   -0.1      0.0
  MONTH TO DATE    0.7                       0.3    0.4       T
  SINCE NOV 1      3.8                       4.4   -0.6      3.1
  SINCE JUL 1      3.8                       4.4   -0.6      3.1

DEGREE DAYS
 HEATING
  YESTERDAY       11                         7      4        8
  MONTH TO DATE  321                       264     57      332
  SINCE MAR 1    321                       264     57      332
  SINCE JUL 1   2398                      2397      1     2694

 COOLING
  YESTERDAY        0                         1     -1        0
  MONTH TO DATE   21                        21      0       17
  SINCE MAR 1     21                        21      0       17
  SINCE JAN 1     25                        26     -1       22
..................................................................


WIND (MPH)
  HIGHEST WIND SPEED    33   HIGHEST WIND DIRECTION     N (350)
  HIGHEST GUST SPEED    41   HIGHEST GUST DIRECTION     N (350)
  AVERAGE WIND SPEED    16.8


SKY COVER
  POSSIBLE SUNSHINE  MM
  AVERAGE SKY COVER 0.3


WEATHER CONDITIONS
 THE FOLLOWING WEATHER WAS RECORDED YESTERDAY.
  NO SIGNIFICANT WEATHER WAS OBSERVED.


RELATIVE HUMIDITY (PERCENT)
 HIGHEST    82           700 AM
 LOWEST     22           400 PM
 AVERAGE    52

..........................................................


THE ABILENE CLIMATE NORMALS FOR TODAY
                         NORMAL    RECORD    YEAR
 MAXIMUM TEMPERATURE (F)   72        92      1971
 MINIMUM TEMPERATURE (F)   47        19      1931


SUNRISE AND SUNSET
MARCH 27 2015.........SUNRISE   734 AM CDT   SUNSET   755 PM CDT
MARCH 28 2015.........SUNRISE   732 AM CDT   SUNSET   756 PM CDT


-  INDICATES NEGATIVE NUMBERS.
R  INDICATES RECORD WAS SET OR TIED.
MM INDICATES DATA IS MISSING.
T  INDICATES TRACE AMOUNT.


$$
