224
CDUS44 KSJT 271351
CLIABI


CLIMATE REPORT
NATIONAL WEATHER SERVICE SAN ANGELO TX
850 AM CDT MON MAR 27 2017


...................................

...THE ABILENE CLIMATE SUMMARY FOR MARCH 26 2017...

CLIMATE NORMAL PERIOD 1981 TO 2010
CLIMATE RECORD PERIOD 1886 TO 2017


WEATHER ITEM   OBSERVED TIME   RECORD YEAR NORMAL DEPARTURE LAST
                VALUE   (LST)  VALUE       VALUE  FROM      YEAR
                                                  NORMAL
..................................................................
TEMPERATURE (F)
 YESTERDAY
  MAXIMUM         83    349 PM  92    1890  72     11       79
  MINIMUM         52    617 AM  19    1955  47      5       49
  AVERAGE         68                        59      9       64

PRECIPITATION (IN)
  YESTERDAY        0.00          2.30 1938   0.05  -0.05     0.00
  MONTH TO DATE    0.02                      1.47  -1.45     2.31
  SINCE MAR 1      0.02                      1.47  -1.45     2.31
  SINCE JAN 1      3.40                      3.85  -0.45     3.03

SNOWFALL (IN)
  YESTERDAY        0.0           T    1996   0.1   -0.1      0.0
  MONTH TO DATE    0.0                       0.3   -0.3      0.0
  SINCE NOV 1      T                         4.4   -4.4      5.1
  SINCE JUL 1      T                         4.4   -4.4      5.1

DEGREE DAYS
 HEATING
  YESTERDAY        0                         7     -7        1
  MONTH TO DATE  135                       264   -129      163
  SINCE MAR 1    135                       264   -129      163
  SINCE JUL 1   1716                      2397   -681     1917

 COOLING
  YESTERDAY        3                         1      2        0
  MONTH TO DATE   76                        21     55       11
  SINCE MAR 1     76                        21     55       11
  SINCE JAN 1    107                        26     81       25
..................................................................


WIND (MPH)
  HIGHEST WIND SPEED    29   HIGHEST WIND DIRECTION     S (190)
  HIGHEST GUST SPEED    37   HIGHEST GUST DIRECTION     S (200)
  AVERAGE WIND SPEED    12.0


SKY COVER
  POSSIBLE SUNSHINE  MM
  AVERAGE SKY COVER 0.0


WEATHER CONDITIONS
 THE FOLLOWING WEATHER WAS RECORDED YESTERDAY.
  NO SIGNIFICANT WEATHER WAS OBSERVED.


RELATIVE HUMIDITY (PERCENT)
 HIGHEST    78           800 AM
 LOWEST     15           500 PM
 AVERAGE    47

..........................................................


THE ABILENE CLIMATE NORMALS FOR TODAY
                         NORMAL    RECORD    YEAR
 MAXIMUM TEMPERATURE (F)   72        92      1971
 MINIMUM TEMPERATURE (F)   47        19      1931


SUNRISE AND SUNSET
MARCH 27 2017.........SUNRISE   733 AM CDT   SUNSET   755 PM CDT
MARCH 28 2017.........SUNRISE   732 AM CDT   SUNSET   756 PM CDT


-  INDICATES NEGATIVE NUMBERS.
R  INDICATES RECORD WAS SET OR TIED.
MM INDICATES DATA IS MISSING.
T  INDICATES TRACE AMOUNT.




$$
