000
CDUS44 KSJT 010651
CLIABI


CLIMATE REPORT
NATIONAL WEATHER SERVICE SAN ANGELO TX
151 AM CDT MON SEP 1 2014


...................................

...THE ABILENE CLIMATE SUMMARY FOR AUGUST 31 2014...

CLIMATE NORMAL PERIOD 1981 TO 2010
CLIMATE RECORD PERIOD 1886 TO 2014


WEATHER ITEM   OBSERVED TIME   RECORD YEAR NORMAL DEPARTURE LAST
                VALUE   (LST)  VALUE       VALUE  FROM      YEAR
                                                  NORMAL
..................................................................
TEMPERATURE (F)
 YESTERDAY
  MAXIMUM         99    407 PM 107    1952  92      7      101
  MINIMUM         74    633 AM  48    1915  69      5       72
  AVERAGE         87                        80      7       87

PRECIPITATION (IN)
  YESTERDAY        0.00          1.71 1994   0.09  -0.09     0.00
  MONTH TO DATE    0.30                      2.59  -2.29     0.54
  SINCE JUN 1      6.51                      8.02  -1.51    10.11
  SINCE JAN 1     10.50                     16.96  -6.46    16.33

DEGREE DAYS
 HEATING
  YESTERDAY        0                         0      0        0
  MONTH TO DATE    0                         0      0        0
  SINCE JUN 1      0                         1     -1        0
  SINCE JUL 1      0                         0      0        0

 COOLING
  YESTERDAY       22                        15      7       22
  MONTH TO DATE  622                       552     70      608
  SINCE JUN 1   1670                      1548    122     1673
  SINCE JAN 1   2184                      1945    239     2154
..................................................................


WIND (MPH)
  HIGHEST WIND SPEED    22   HIGHEST WIND DIRECTION     S (160)
  HIGHEST GUST SPEED    26   HIGHEST GUST DIRECTION     S (160)
  AVERAGE WIND SPEED    12.6


SKY COVER
  POSSIBLE SUNSHINE  MM
  AVERAGE SKY COVER 0.0


WEATHER CONDITIONS
 THE FOLLOWING WEATHER WAS RECORDED YESTERDAY.
  NO SIGNIFICANT WEATHER WAS OBSERVED.


RELATIVE HUMIDITY (PERCENT)
 HIGHEST    79           700 AM
 LOWEST     31           400 PM
 AVERAGE    55

..........................................................


THE ABILENE CLIMATE NORMALS FOR TODAY
                         NORMAL    RECORD    YEAR
 MAXIMUM TEMPERATURE (F)   91       106      1952
 MINIMUM TEMPERATURE (F)   69        57      1950
                                             1915


SUNRISE AND SUNSET
SEPTEMBER  1 2014.....SUNRISE   714 AM CDT   SUNSET   803 PM CDT
SEPTEMBER  2 2014.....SUNRISE   714 AM CDT   SUNSET   802 PM CDT


-  INDICATES NEGATIVE NUMBERS.
R  INDICATES RECORD WAS SET OR TIED.
MM INDICATES DATA IS MISSING.
T  INDICATES TRACE AMOUNT.




$$
