000
CDUS44 KSJT 220651
CLIABI


CLIMATE REPORT
NATIONAL WEATHER SERVICE SAN ANGELO TX
151 AM CDT MON SEP 22 2014


...................................

...THE ABILENE CLIMATE SUMMARY FOR SEPTEMBER 21 2014...

CLIMATE NORMAL PERIOD 1981 TO 2010
CLIMATE RECORD PERIOD 1886 TO 2014


WEATHER ITEM   OBSERVED TIME   RECORD YEAR NORMAL DEPARTURE LAST
                VALUE   (LST)  VALUE       VALUE  FROM      YEAR
                                                  NORMAL
..................................................................
TEMPERATURE (F)
 YESTERDAY
  MAXIMUM         91    356 PM 101    1998  85      6       83
  MINIMUM         69    649 AM  42    1983  62      7       57
  AVERAGE         80                        74      6       70

PRECIPITATION (IN)
  YESTERDAY        0.00          1.72 1900   0.07  -0.07     0.00
  MONTH TO DATE    0.75                      1.58  -0.83     1.18
  SINCE SEP 1      0.75                      1.58  -0.83     1.18
  SINCE JAN 1     11.25                     18.54  -7.29    17.51

DEGREE DAYS
 HEATING
  YESTERDAY        0                         1     -1        0
  MONTH TO DATE    5                         2      3        0
  SINCE SEP 1      5                         2      3        0
  SINCE JUL 1      5                         2      3        0

 COOLING
  YESTERDAY       15                         9      6        5
  MONTH TO DATE  306                       256     50      338
  SINCE SEP 1    306                       256     50      338
  SINCE JAN 1   2490                      2201    289     2492
..................................................................


WIND (MPH)
  HIGHEST WIND SPEED    15   HIGHEST WIND DIRECTION     E (90)
  HIGHEST GUST SPEED    18   HIGHEST GUST DIRECTION     E (90)
  AVERAGE WIND SPEED     5.3


SKY COVER
  POSSIBLE SUNSHINE  MM
  AVERAGE SKY COVER 0.4


WEATHER CONDITIONS
 THE FOLLOWING WEATHER WAS RECORDED YESTERDAY.
  FOG


RELATIVE HUMIDITY (PERCENT)
 HIGHEST    97           600 AM
 LOWEST     36           400 PM
 AVERAGE    67

..........................................................


THE ABILENE CLIMATE NORMALS FOR TODAY
                         NORMAL    RECORD    YEAR
 MAXIMUM TEMPERATURE (F)   85        99      2000
                                             1926
 MINIMUM TEMPERATURE (F)   62        44      1995


SUNRISE AND SUNSET
SEPTEMBER 22 2014.....SUNRISE   727 AM CDT   SUNSET   735 PM CDT
SEPTEMBER 23 2014.....SUNRISE   728 AM CDT   SUNSET   734 PM CDT


-  INDICATES NEGATIVE NUMBERS.
R  INDICATES RECORD WAS SET OR TIED.
MM INDICATES DATA IS MISSING.
T  INDICATES TRACE AMOUNT.




$$
