000
CDUS44 KSJT 220754
CLIABI


CLIMATE REPORT
NATIONAL WEATHER SERVICE SAN ANGELO TX
253 AM CDT SUN OCT 22 2017


...................................

...THE ABILENE CLIMATE SUMMARY FOR OCTOBER 21 2017...

CLIMATE NORMAL PERIOD 1981 TO 2010
CLIMATE RECORD PERIOD 1886 TO 2017


WEATHER ITEM   OBSERVED TIME   RECORD YEAR NORMAL DEPARTURE LAST
                VALUE   (LST)  VALUE       VALUE  FROM      YEAR
                                                  NORMAL
..................................................................
TEMPERATURE (F)
 YESTERDAY
  MAXIMUM         84    306 PM  93    1979  76      8       73
                                      1933
  MINIMUM         57   1159 PM  34    1917  53      4       41
  AVERAGE         71                        64      7       57

PRECIPITATION (IN)
  YESTERDAY        0.00          1.93 1972   0.10  -0.10     0.00
  MONTH TO DATE    0.06                      2.08  -2.02     0.40
  SINCE SEP 1      4.49                      4.32   0.17     5.99
  SINCE JAN 1     18.94                     21.28  -2.34    33.10

SNOWFALL (IN)
  YESTERDAY        0.0           0.0  2002   0.0    0.0      0.0
  MONTH TO DATE    0.0                       0.0    0.0      0.0
  SINCE NOV 1      T                         4.7   -4.7      5.1
  SINCE JUL 1      0.0                       0.0    0.0      0.0

DEGREE DAYS
 HEATING
  YESTERDAY        0                         3     -3        8
  MONTH TO DATE   34                        45    -11       18
  SINCE SEP 1     40                        56    -16       19
  SINCE JUL 1     40                        56    -16       19

 COOLING
  YESTERDAY        6                         3      3        0
  MONTH TO DATE  133                        95     38      155
  SINCE SEP 1    466                       421     45      505
  SINCE JAN 1   2382                      2366     16     2504
..................................................................


WIND (MPH)
  HIGHEST WIND SPEED    25   HIGHEST WIND DIRECTION     N (10)
  HIGHEST GUST SPEED    35   HIGHEST GUST DIRECTION     S (170)
  AVERAGE WIND SPEED    15.3


SKY COVER
  POSSIBLE SUNSHINE  MM
  AVERAGE SKY COVER 0.2


WEATHER CONDITIONS
 THE FOLLOWING WEATHER WAS RECORDED YESTERDAY.
  THUNDERSTORM
  FOG
  HAZE


RELATIVE HUMIDITY (PERCENT)
 HIGHEST    93           500 AM
 LOWEST     48           300 PM
 AVERAGE    71

..........................................................


THE ABILENE CLIMATE NORMALS FOR TODAY
                         NORMAL    RECORD    YEAR
 MAXIMUM TEMPERATURE (F)   76        91      1934
 MINIMUM TEMPERATURE (F)   53        32      1990
                                             1911


SUNRISE AND SUNSET
OCTOBER 22 2017.......SUNRISE   748 AM CDT   SUNSET   658 PM CDT
OCTOBER 23 2017.......SUNRISE   749 AM CDT   SUNSET   657 PM CDT


-  INDICATES NEGATIVE NUMBERS.
R  INDICATES RECORD WAS SET OR TIED.
MM INDICATES DATA IS MISSING.
T  INDICATES TRACE AMOUNT.




$$
