000
CDUS44 KSJT 280753
CLIABI


CLIMATE REPORT
NATIONAL WEATHER SERVICE SAN ANGELO TX
152 AM CST FRI NOV 28 2014


...................................

...THE ABILENE CLIMATE SUMMARY FOR NOVEMBER 27 2014...

CLIMATE NORMAL PERIOD 1981 TO 2010
CLIMATE RECORD PERIOD 1886 TO 2014


WEATHER ITEM   OBSERVED TIME   RECORD YEAR NORMAL DEPARTURE LAST
                VALUE   (LST)  VALUE       VALUE  FROM      YEAR
                                                  NORMAL
..................................................................
TEMPERATURE (F)
 YESTERDAY
  MAXIMUM         60    422 PM  88    1949  62     -2       49
                                      1905
  MINIMUM         33    659 AM  13    1887  38     -5       25
  AVERAGE         47                        50     -3       37

PRECIPITATION (IN)
  YESTERDAY        0.00          1.11 1908   0.04  -0.04     0.00
  MONTH TO DATE    2.44                      1.30   1.14     1.17
  SINCE SEP 1      3.99                      6.52  -2.53     5.75
  SINCE JAN 1     14.49                     23.48  -8.99    22.08

SNOWFALL (IN)
  YESTERDAY        0.0           3.1  1968   0.0    0.0      0.0
  MONTH TO DATE    0.1                       0.6   -0.5      0.5
  SINCE NOV 1      0.1                       0.6   -0.5      0.5
  SINCE JUL 1      0.1                       0.6   -0.5      0.5

DEGREE DAYS
 HEATING
  YESTERDAY       18                        15      3       28
  MONTH TO DATE  379                       281     98      344
  SINCE SEP 1    406                       385     21      423
  SINCE JUL 1    406                       385     21      423

 COOLING
  YESTERDAY        0                         0      0        0
  MONTH TO DATE    9                        15     -6       13
  SINCE SEP 1    635                       459    176      568
  SINCE JAN 1   2819                      2404    415     2722
..................................................................


WIND (MPH)
  HIGHEST WIND SPEED    18   HIGHEST WIND DIRECTION     S (180)
  HIGHEST GUST SPEED    24   HIGHEST GUST DIRECTION     S (180)
  AVERAGE WIND SPEED     7.5


SKY COVER
  POSSIBLE SUNSHINE  MM
  AVERAGE SKY COVER 0.0


WEATHER CONDITIONS
 THE FOLLOWING WEATHER WAS RECORDED YESTERDAY.
  NO SIGNIFICANT WEATHER WAS OBSERVED.


RELATIVE HUMIDITY (PERCENT)
 HIGHEST    85           200 AM
 LOWEST     32           300 PM
 AVERAGE    59

..........................................................


THE ABILENE CLIMATE NORMALS FOR TODAY
                         NORMAL    RECORD    YEAR
 MAXIMUM TEMPERATURE (F)   61        83      1949
 MINIMUM TEMPERATURE (F)   38        16      1887


SUNRISE AND SUNSET
NOVEMBER 28 2014......SUNRISE   720 AM CST   SUNSET   534 PM CST
NOVEMBER 29 2014......SUNRISE   721 AM CST   SUNSET   533 PM CST


-  INDICATES NEGATIVE NUMBERS.
R  INDICATES RECORD WAS SET OR TIED.
MM INDICATES DATA IS MISSING.
T  INDICATES TRACE AMOUNT.




$$
