000
CDUS44 KSJT 270753
CLIABI


CLIMATE REPORT
NATIONAL WEATHER SERVICE SAN ANGELO TX
152 AM CST MON FEB 27 2017


...................................

...THE ABILENE CLIMATE SUMMARY FOR FEBRUARY 26 2017...

CLIMATE NORMAL PERIOD 1981 TO 2010
CLIMATE RECORD PERIOD 1886 TO 2017


WEATHER ITEM   OBSERVED TIME   RECORD YEAR NORMAL DEPARTURE LAST
                VALUE   (LST)  VALUE       VALUE  FROM      YEAR
                                                  NORMAL
..................................................................
TEMPERATURE (F)
 YESTERDAY
  MAXIMUM         72    355 PM  93    2009  63      9       63
  MINIMUM         43    120 AM  16    1891  39      4       30
  AVERAGE         58                        51      7       47

PRECIPITATION (IN)
  YESTERDAY        0.00          1.61 1903   0.05  -0.05     0.00
  MONTH TO DATE    1.45                      1.25   0.20     0.68
  SINCE DEC 1      4.77                      3.50   1.27     2.92
  SINCE JAN 1      3.38                      2.27   1.11     0.72

SNOWFALL (IN)
  YESTERDAY        0.0           1.0  2015   0.1   -0.1      0.0
  MONTH TO DATE    0.0                       0.8   -0.8      0.0
  SINCE NOV 1      T                         4.1   -4.1      5.1
  SINCE JUL 1      T                         4.1   -4.1      5.1

DEGREE DAYS
 HEATING
  YESTERDAY        7                        14     -7       18
  MONTH TO DATE  273                       437   -164      333
  SINCE DEC 1   1387                      1673   -286     1397
  SINCE JUL 1   1578                      2106   -528     1740

 COOLING
  YESTERDAY        0                         0      0        0
  MONTH TO DATE   24                         0     24       14
  SINCE DEC 1     27                         2     25       14
  SINCE JAN 1     27                         1     26       14
..................................................................


WIND (MPH)
  HIGHEST WIND SPEED    36   HIGHEST WIND DIRECTION    SW (210)
  HIGHEST GUST SPEED    47   HIGHEST GUST DIRECTION     S (200)
  AVERAGE WIND SPEED    13.2


SKY COVER
  POSSIBLE SUNSHINE  MM
  AVERAGE SKY COVER 0.0


WEATHER CONDITIONS
 THE FOLLOWING WEATHER WAS RECORDED YESTERDAY.
  NO SIGNIFICANT WEATHER WAS OBSERVED.


RELATIVE HUMIDITY (PERCENT)
 HIGHEST    83          1100 PM
 LOWEST     26           500 PM
 AVERAGE    55

..........................................................


THE ABILENE CLIMATE NORMALS FOR TODAY
                         NORMAL    RECORD    YEAR
 MAXIMUM TEMPERATURE (F)   63        89      2011
 MINIMUM TEMPERATURE (F)   40        16      2002


SUNRISE AND SUNSET
FEBRUARY 27 2017......SUNRISE   708 AM CST   SUNSET   635 PM CST
FEBRUARY 28 2017......SUNRISE   707 AM CST   SUNSET   636 PM CST


-  INDICATES NEGATIVE NUMBERS.
R  INDICATES RECORD WAS SET OR TIED.
MM INDICATES DATA IS MISSING.
T  INDICATES TRACE AMOUNT.




$$
