000
CDUS44 KSJT 260753
CLIABI


CLIMATE REPORT
NATIONAL WEATHER SERVICE SAN ANGELO TX
253 AM CDT MON JUN 26 2017


...................................

...THE ABILENE CLIMATE SUMMARY FOR JUNE 25 2017...

CLIMATE NORMAL PERIOD 1981 TO 2010
CLIMATE RECORD PERIOD 1886 TO 2017


WEATHER ITEM   OBSERVED TIME   RECORD YEAR NORMAL DEPARTURE LAST
                VALUE   (LST)  VALUE       VALUE  FROM      YEAR
                                                  NORMAL
..................................................................
TEMPERATURE (F)
 YESTERDAY
  MAXIMUM         84    508 PM 106    1902  92     -8       91
  MINIMUM         69    558 AM  55    1940  70     -1       75
  AVERAGE         77                        81     -4       83

PRECIPITATION (IN)
  YESTERDAY        0.00          1.76 1938   0.09  -0.09     0.00
  MONTH TO DATE    1.67                      3.14  -1.47     2.49
  SINCE JUN 1      1.67                      3.14  -1.47     2.49
  SINCE JAN 1      9.54                     12.08  -2.54    20.29

DEGREE DAYS
 HEATING
  YESTERDAY        0                         0      0        0
  MONTH TO DATE    0                         0      0        0
  SINCE JUN 1      0                         0      0        0
  SINCE JUL 1   1826                      2558   -732     2058

 COOLING
  YESTERDAY       12                        16     -4       18
  MONTH TO DATE  362                       353      9      369
  SINCE JUN 1    362                       353      9      369
  SINCE JAN 1    781                       750     31      678
..................................................................


WIND (MPH)
  HIGHEST WIND SPEED    16   HIGHEST WIND DIRECTION     E (110)
  HIGHEST GUST SPEED    22   HIGHEST GUST DIRECTION     E (70)
  AVERAGE WIND SPEED     8.2


SKY COVER
  POSSIBLE SUNSHINE  MM
  AVERAGE SKY COVER 0.6


WEATHER CONDITIONS
 THE FOLLOWING WEATHER WAS RECORDED YESTERDAY.
  NO SIGNIFICANT WEATHER WAS OBSERVED.


RELATIVE HUMIDITY (PERCENT)
 HIGHEST    97           300 AM
 LOWEST     51           600 PM
 AVERAGE    74

..........................................................


THE ABILENE CLIMATE NORMALS FOR TODAY
                         NORMAL    RECORD    YEAR
 MAXIMUM TEMPERATURE (F)   92       108      1918
 MINIMUM TEMPERATURE (F)   70        58      1974


SUNRISE AND SUNSET
JUNE 26 2017..........SUNRISE   634 AM CDT   SUNSET   850 PM CDT
JUNE 27 2017..........SUNRISE   634 AM CDT   SUNSET   850 PM CDT


-  INDICATES NEGATIVE NUMBERS.
R  INDICATES RECORD WAS SET OR TIED.
MM INDICATES DATA IS MISSING.
T  INDICATES TRACE AMOUNT.




$$
