791
CDUS44 KSJT 242226
CLIABI


CLIMATE REPORT
NATIONAL WEATHER SERVICE SAN ANGELO TX
525 PM CDT SAT SEP 24 2016


...................................

...THE ABILENE CLIMATE SUMMARY FOR SEPTEMBER 24 2016...
VALID TODAY AS OF 0500 PM LOCAL TIME.

CLIMATE NORMAL PERIOD 1981 TO 2010
CLIMATE RECORD PERIOD 1886 TO 2016


WEATHER ITEM   OBSERVED TIME   RECORD YEAR NORMAL DEPARTURE LAST
                VALUE   (LST)  VALUE       VALUE  FROM      YEAR
                                                  NORMAL
..................................................................
TEMPERATURE (F)
 TODAY
  MAXIMUM         90    232 PM  99    2011  84      6       90
                                      1979
  MINIMUM         72    515 AM  38    1989  61     11       66
  AVERAGE         81                        73      8       78

PRECIPITATION (IN)
  TODAY            0.00          2.51 1955   0.08  -0.08      T
  MONTH TO DATE    2.94                      1.81   1.13     0.92
  SINCE SEP 1      2.94                      1.81   1.13     0.92
  SINCE JAN 1     30.05                     18.77  11.28    26.09

DEGREE DAYS
 HEATING
  TODAY            0                         1     -1        0
  MONTH TO DATE    0                         5     -5        0
  SINCE SEP 1      0                         5     -5        0
  SINCE JUL 1      0                         5     -5        0

 COOLING
  TODAY           16                         8      8       13
  MONTH TO DATE  344                       282     62      401
  SINCE SEP 1    344                       282     62      401
  SINCE JAN 1   2343                      2227    116     2486
..................................................................


WIND (MPH)
  HIGHEST WIND SPEED    23   HIGHEST WIND DIRECTION     S (170)
  HIGHEST GUST SPEED    31   HIGHEST GUST DIRECTION     S (190)
  AVERAGE WIND SPEED    13.7


SKY COVER
  POSSIBLE SUNSHINE  MM
  AVERAGE SKY COVER 0.2


WEATHER CONDITIONS
 THE FOLLOWING WEATHER WAS RECORDED TODAY.
  NO SIGNIFICANT WEATHER WAS OBSERVED.


RELATIVE HUMIDITY (PERCENT)
 HIGHEST    87           400 AM
 LOWEST     50           300 PM
 AVERAGE    69

..........................................................


THE ABILENE CLIMATE NORMALS FOR TOMORROW
                         NORMAL    RECORD    YEAR
 MAXIMUM TEMPERATURE (F)   84       104      2005
                                             1977
 MINIMUM TEMPERATURE (F)   61        40      1975


SUNRISE AND SUNSET
SEPTEMBER 24 2016.....SUNRISE   729 AM CDT   SUNSET   732 PM CDT
SEPTEMBER 25 2016.....SUNRISE   729 AM CDT   SUNSET   731 PM CDT


-  INDICATES NEGATIVE NUMBERS.
R  INDICATES RECORD WAS SET OR TIED.
MM INDICATES DATA IS MISSING.
T  INDICATES TRACE AMOUNT.




$$
