000
CDUS45 KABQ 240012
CLIABQ


CLIMATE REPORT
NATIONAL WEATHER SERVICE ALBUQUERQUE NM
610 PM MDT TUE SEP 23 2014


...................................

...THE ALBUQUERQUE  NM CLIMATE SUMMARY FOR SEPTEMBER 23 2014...
VALID TODAY AS OF 0500 PM LOCAL TIME.

CLIMATE NORMAL PERIOD 1981 TO 2010
CLIMATE RECORD PERIOD 1897 TO 2014


WEATHER ITEM   OBSERVED TIME   RECORD YEAR NORMAL DEPARTURE LAST
                VALUE   (LST)  VALUE       VALUE  FROM      YEAR
                                                  NORMAL
..................................................................
TEMPERATURE (F)
 TODAY
  MAXIMUM         81    416 PM  90    1910  78      3       73
  MINIMUM         58    525 AM  30    1912  55      3       48
  AVERAGE         70                        67      3       61

PRECIPITATION (IN)
  TODAY            0.00          1.72 1929   0.04  -0.04
  MONTH TO DATE    0.56                      0.82  -0.26
  SINCE SEP 1      0.56                      0.82  -0.26
  SINCE JAN 1      6.62                      7.10  -0.48

SNOWFALL (IN)
  TODAY            0.0
  MONTH TO DATE    0.0
  SINCE SEP 1      0.0
  SINCE JUL 1      0.0
  SNOW DEPTH       0

DEGREE DAYS
 HEATING
  TODAY            0                         2     -2        4
  MONTH TO DATE    5                        10     -5        4
  SINCE SEP 1      5                        10     -5        4
  SINCE JUL 1      5                        10     -5        4

 COOLING
  TODAY            5                         3      2        0
  MONTH TO DATE  179                       141     38      181
  SINCE SEP 1    179                       141     38      181
  SINCE JAN 1   1409                      1298    111     1556
..................................................................


WIND (MPH)
  HIGHEST WIND SPEED    12   HIGHEST WIND DIRECTION    SW (230)
  HIGHEST GUST SPEED    16   HIGHEST GUST DIRECTION    SW (220)
  AVERAGE WIND SPEED     5.1


SKY COVER
  POSSIBLE SUNSHINE  MM
  AVERAGE SKY COVER 0.3



RELATIVE HUMIDITY (PERCENT)
 HIGHEST    93           100 AM
 LOWEST     33           400 PM
 AVERAGE    63

..........................................................


THE ALBUQUERQUE  NM CLIMATE NORMALS FOR TOMORROW
                         NORMAL    RECORD    YEAR
 MAXIMUM TEMPERATURE (F)   78        91      1979
 MINIMUM TEMPERATURE (F)   55        39      1916
                                             1910
                                             1907


SUNRISE AND SUNSET
SEPTEMBER 23 2014.....SUNRISE   655 AM MDT   SUNSET   702 PM MDT
SEPTEMBER 24 2014.....SUNRISE   656 AM MDT   SUNSET   700 PM MDT


-  INDICATES NEGATIVE NUMBERS.
R  INDICATES RECORD WAS SET OR TIED.
MM INDICATES DATA IS MISSING.
T  INDICATES TRACE AMOUNT.




$$
