000
CDUS45 KABQ 250012
CLIABQ


CLIMATE REPORT
NATIONAL WEATHER SERVICE ALBUQUERQUE NM
610 PM MDT THU APR 24 2014


...................................

...THE ALBUQUERQUE  NM CLIMATE SUMMARY FOR APRIL 24 2014...
VALID TODAY AS OF 0500 PM LOCAL TIME.

CLIMATE NORMAL PERIOD 1981 TO 2010
CLIMATE RECORD PERIOD 1897 TO 2014


WEATHER ITEM   OBSERVED TIME   RECORD YEAR NORMAL DEPARTURE LAST
                VALUE   (LST)  VALUE       VALUE  FROM      YEAR
                                                  NORMAL
..................................................................
TEMPERATURE (F)
 TODAY
  MAXIMUM         70    455 PM  88    2012  72     -2       69
                                      1996
  MINIMUM         44    435 AM  28    1913  46     -2       31
  AVERAGE         57                        59     -2       50

PRECIPITATION (IN)
  TODAY            0.00          0.59 1980   0.01  -0.01
  MONTH TO DATE    0.01                      0.50  -0.49
  SINCE MAR 1      0.23                      1.07  -0.84
  SINCE JAN 1      0.41                      1.93  -1.52

SNOWFALL (IN)
  TODAY            0.0
  MONTH TO DATE    0.0
  SINCE MAR 1      T
  SINCE JUL 1      6.6
  SNOW DEPTH       0

DEGREE DAYS
 HEATING
  TODAY            8                         7      1       15
  MONTH TO DATE  187                       242    -55      218
  SINCE MAR 1    657                       766   -109      625
  SINCE JUL 1   3800                      4069   -269     3823

 COOLING
  TODAY            0                         0      0        0
  MONTH TO DATE    6                         0      6        2
  SINCE MAR 1      6                         0      6        2
  SINCE JAN 1      6                         0      6        2
..................................................................


WIND (MPH)
  HIGHEST WIND SPEED    20   HIGHEST WIND DIRECTION    NW (330)
  HIGHEST GUST SPEED    25   HIGHEST GUST DIRECTION    NW (330)
  AVERAGE WIND SPEED     8.2


SKY COVER
  POSSIBLE SUNSHINE  MM
  AVERAGE SKY COVER 0.3



RELATIVE HUMIDITY (PERCENT)
 HIGHEST    25           400 AM
 LOWEST      9           400 PM
 AVERAGE    17

..........................................................


THE ALBUQUERQUE  NM CLIMATE NORMALS FOR TOMORROW
                         NORMAL    RECORD    YEAR
 MAXIMUM TEMPERATURE (F)   72        86      2012
                                             1981
 MINIMUM TEMPERATURE (F)   46        25      1921


SUNRISE AND SUNSET
APRIL 24 2014.........SUNRISE   623 AM MDT   SUNSET   746 PM MDT
APRIL 25 2014.........SUNRISE   622 AM MDT   SUNSET   747 PM MDT


-  INDICATES NEGATIVE NUMBERS.
R  INDICATES RECORD WAS SET OR TIED.
MM INDICATES DATA IS MISSING.
T  INDICATES TRACE AMOUNT.




$$
