395
CDUS45 KABQ 250012
CLIABQ


CLIMATE REPORT
NATIONAL WEATHER SERVICE ALBUQUERQUE NM
612 PM MDT SUN JUL 24 2016


...................................

...THE ALBUQUERQUE  NM CLIMATE SUMMARY FOR JULY 24 2016...
VALID TODAY AS OF 0500 PM LOCAL TIME.

CLIMATE NORMAL PERIOD 1981 TO 2010
CLIMATE RECORD PERIOD 1891 TO 2016


WEATHER ITEM   OBSERVED TIME   RECORD YEAR NORMAL DEPARTURE LAST
                VALUE   (LST)  VALUE       VALUE  FROM      YEAR
                                                  NORMAL
..................................................................
TEMPERATURE (F)
 TODAY
  MAXIMUM         99    124 PM 103    1963  89     10       94
  MINIMUM         76    639 AM  51    1913  67      9       68
  AVERAGE         88                        78     10       81

PRECIPITATION (IN)
  TODAY            0.02          1.23 1991   0.05  -0.03
  MONTH TO DATE    0.21                      1.10  -0.89
  SINCE JUN 1      0.38                      1.76  -1.38
  SINCE JAN 1      1.57                      4.30  -2.73

SNOWFALL (IN)
  TODAY            0.0
  MONTH TO DATE    0.0
  SINCE JUN 1      0.0
  SINCE JUL 1      0.0
  SNOW DEPTH       0

DEGREE DAYS
 HEATING
  TODAY            0                         0      0        0
  MONTH TO DATE    0                         0      0        0
  SINCE JUN 1      0                         4     -4        0
  SINCE JUL 1      0                         0      0        0

 COOLING
  TODAY           23                        13     10       16
  MONTH TO DATE  405                       323     82      281
  SINCE JUN 1    844                       625    219      668
  SINCE JAN 1    915                       723    192      701
..................................................................


WIND (MPH)
  HIGHEST WIND SPEED    30   HIGHEST WIND DIRECTION    SE (120)
  HIGHEST GUST SPEED    38   HIGHEST GUST DIRECTION     E (110)
  AVERAGE WIND SPEED     8.5


SKY COVER
  POSSIBLE SUNSHINE  MM
  AVERAGE SKY COVER 0.6



RELATIVE HUMIDITY (PERCENT)
 HIGHEST    40           300 AM
 LOWEST     16           100 PM
 AVERAGE    28

..........................................................


THE ALBUQUERQUE  NM CLIMATE NORMALS FOR TOMORROW
                         NORMAL    RECORD    YEAR
 MAXIMUM TEMPERATURE (F)   89       103      1963
 MINIMUM TEMPERATURE (F)   67        53      1904


SUNRISE AND SUNSET
JULY 24 2016..........SUNRISE   610 AM MDT   SUNSET   815 PM MDT
JULY 25 2016..........SUNRISE   611 AM MDT   SUNSET   815 PM MDT


-  INDICATES NEGATIVE NUMBERS.
R  INDICATES RECORD WAS SET OR TIED.
MM INDICATES DATA IS MISSING.
T  INDICATES TRACE AMOUNT.




$$
