000
CDUS45 KABQ 310013
CLIABQ


CLIMATE REPORT
NATIONAL WEATHER SERVICE ALBUQUERQUE NM
613 PM MDT THU MAR 30 2017


...................................

...THE ALBUQUERQUE  NM CLIMATE SUMMARY FOR MARCH 30 2017...
VALID TODAY AS OF 0500 PM LOCAL TIME.

CLIMATE NORMAL PERIOD 1981 TO 2010
CLIMATE RECORD PERIOD 1891 TO 2017


WEATHER ITEM   OBSERVED TIME   RECORD YEAR NORMAL DEPARTURE LAST
                VALUE   (LST)  VALUE       VALUE  FROM      YEAR
                                                  NORMAL
..................................................................
TEMPERATURE (F)
 TODAY
  MAXIMUM         72    451 PM  82    2010  64      8       54
                                      1974
  MINIMUM         37    518 AM  15    1987  38     -1       38
  AVERAGE         55                        51      4       46

PRECIPITATION (IN)
  TODAY            0.00          0.31 1916   0.02  -0.02
  MONTH TO DATE    0.20                      0.55  -0.35
  SINCE MAR 1      0.20                      0.55  -0.35
  SINCE JAN 1      1.59                      1.41   0.18

SNOWFALL (IN)
  TODAY            0.0
  MONTH TO DATE    T
  SINCE MAR 1      T
  SINCE JUL 1      2.9
  SNOW DEPTH       0

DEGREE DAYS
 HEATING
  TODAY           10                        14     -4       19
  MONTH TO DATE  296                       511   -215      390
  SINCE MAR 1    296                       511   -215      390
  SINCE JUL 1   2978                      3814   -836     3400

 COOLING
  TODAY            0                         0      0        0
  MONTH TO DATE    1                         0      1        0
  SINCE MAR 1      1                         0      1        0
  SINCE JAN 1      1                         0      1        0
..................................................................


WIND (MPH)
  HIGHEST WIND SPEED    21   HIGHEST WIND DIRECTION     S (190)
  HIGHEST GUST SPEED    24   HIGHEST GUST DIRECTION     S (180)
  AVERAGE WIND SPEED     7.3


SKY COVER
  POSSIBLE SUNSHINE  MM
  AVERAGE SKY COVER 0.4



RELATIVE HUMIDITY (PERCENT)
 HIGHEST    92           500 AM
 LOWEST     17           300 PM
 AVERAGE    55

..........................................................


THE ALBUQUERQUE  NM CLIMATE NORMALS FOR TOMORROW
                         NORMAL    RECORD    YEAR
 MAXIMUM TEMPERATURE (F)   64        81      1946
 MINIMUM TEMPERATURE (F)   39        20      1938


SUNRISE AND SUNSET
MARCH 30 2017.........SUNRISE   656 AM MDT   SUNSET   727 PM MDT
MARCH 31 2017.........SUNRISE   654 AM MDT   SUNSET   727 PM MDT


-  INDICATES NEGATIVE NUMBERS.
R  INDICATES RECORD WAS SET OR TIED.
MM INDICATES DATA IS MISSING.
T  INDICATES TRACE AMOUNT.




$$
