000
CDUS43 KABR 202334
CLIABR


CLIMATE REPORT
NATIONAL WEATHER SERVICE ABERDEEN SD
533 PM CST SAT JAN 20 2018


...................................

...THE ABERDEEN SD CLIMATE SUMMARY FOR JANUARY 20 2018...
VALID TODAY AS OF 0500 PM LOCAL TIME.

CLIMATE NORMAL PERIOD 1981 TO 2010
CLIMATE RECORD PERIOD 1893 TO 2018


WEATHER ITEM   OBSERVED TIME   RECORD YEAR NORMAL DEPARTURE LAST
                VALUE   (LST)  VALUE       VALUE  FROM      YEAR
                                                  NORMAL
..................................................................
TEMPERATURE (F)
 TODAY
  MAXIMUM         50    337 PM  60    1944  22     28       36
  MINIMUM         17   1257 AM -29    1936   1     16       30
  AVERAGE         34                        12     22       33

PRECIPITATION (IN)
  TODAY            0.00          0.90 1937   0.01  -0.01     0.00
  MONTH TO DATE    0.04                      0.32  -0.28     0.46
  SINCE DEC 1      0.39                      0.84  -0.45     2.24
  SINCE JAN 1      0.04                      0.32  -0.28     0.46

SNOWFALL (IN)
  TODAY            0.0
  MONTH TO DATE    0.6
  SINCE OCT 1      5.0
  SINCE JUL 1      5.0
  SNOW DEPTH       0

DEGREE DAYS
 HEATING
  TODAY           31                        53    -22       32
  MONTH TO DATE 1073                      1060     13     1183
  SINCE DEC 1   2536                      2588    -52     2780
  SINCE JUL 1   4313                      4551   -238     4130
..................................................................


WIND (MPH)
  HIGHEST WIND SPEED    12   HIGHEST WIND DIRECTION    NW (300)
  HIGHEST GUST SPEED    13   HIGHEST GUST DIRECTION    NW (300)
  AVERAGE WIND SPEED     3.9


SKY COVER
  POSSIBLE SUNSHINE  MM
  AVERAGE SKY COVER 0.7


WEATHER CONDITIONS
 THE FOLLOWING WEATHER WAS RECORDED TODAY.
  NO SIGNIFICANT WEATHER WAS OBSERVED.


RELATIVE HUMIDITY (PERCENT)
 HIGHEST   100           800 AM
 LOWEST     46           300 PM
 AVERAGE    73

..........................................................


THE ABERDEEN SD CLIMATE NORMALS FOR TOMORROW
                         NORMAL    RECORD    YEAR
 MAXIMUM TEMPERATURE (F)   23        57      1942
                                             1900
 MINIMUM TEMPERATURE (F)    1       -31      1949


SUNRISE AND SUNSET
JANUARY 20 2018.......SUNRISE   806 AM CST   SUNSET   524 PM CST
JANUARY 21 2018.......SUNRISE   806 AM CST   SUNSET   525 PM CST


-  INDICATES NEGATIVE NUMBERS.
R  INDICATES RECORD WAS SET OR TIED.
MM INDICATES DATA IS MISSING.
T  INDICATES TRACE AMOUNT.

&&

PEAK WIND WAS 13 MPH FROM THE NORTHWEST AT 315 PM CST

$$
