000
CDUS43 KABR 241200
CLIABR


CLIMATE REPORT
NATIONAL WEATHER SERVICE ABERDEEN SD
700 AM CDT MON JUL 24 2017


...................................

...THE ABERDEEN SD CLIMATE SUMMARY FOR JULY 23 2017...

CLIMATE NORMAL PERIOD 1981 TO 2010
CLIMATE RECORD PERIOD 1893 TO 2017


WEATHER ITEM   OBSERVED TIME   RECORD YEAR NORMAL DEPARTURE LAST
                VALUE   (LST)  VALUE       VALUE  FROM      YEAR
                                                  NORMAL
..................................................................
TEMPERATURE (F)
 YESTERDAY
  MAXIMUM         81    219 PM 109    1941  84     -3       92
  MINIMUM         59    501 AM  41    1904  60     -1       64
  AVERAGE         70                        72     -2       78

PRECIPITATION (IN)
  YESTERDAY        0.00          1.42 1988   0.09  -0.09      T
  MONTH TO DATE    1.97                      2.34  -0.37     2.82
  SINCE JUN 1      5.91                      6.04  -0.13     4.23
  SINCE JAN 1      9.29                     13.18  -3.89    11.17

DEGREE DAYS
 HEATING
  YESTERDAY        0                         0      0        0
  MONTH TO DATE    0                         8     -8        8
  SINCE JUN 1     52                        84    -32       28
  SINCE JUL 1      0                         8     -8        8

 COOLING
  YESTERDAY        5                         7     -2       13
  MONTH TO DATE  219                       152     67      166
  SINCE JUN 1    352                       244    108      358
  SINCE JAN 1    364                       267     97      391
..................................................................


WIND (MPH)
  HIGHEST WIND SPEED    16   HIGHEST WIND DIRECTION     N (350)
  HIGHEST GUST SPEED    20   HIGHEST GUST DIRECTION     N (350)
  AVERAGE WIND SPEED     7.9


SKY COVER
  POSSIBLE SUNSHINE  MM
  AVERAGE SKY COVER 0.0


WEATHER CONDITIONS
 THE FOLLOWING WEATHER WAS RECORDED YESTERDAY.
  NO SIGNIFICANT WEATHER WAS OBSERVED.


RELATIVE HUMIDITY (PERCENT)
 HIGHEST    93           500 AM
 LOWEST     45           200 PM
 AVERAGE    69

..........................................................


THE ABERDEEN SD CLIMATE NORMALS FOR TODAY
                         NORMAL    RECORD    YEAR
 MAXIMUM TEMPERATURE (F)   84       108      1931
 MINIMUM TEMPERATURE (F)   60        46      1905
                                             1895


SUNRISE AND SUNSET
JULY 24 2017..........SUNRISE   609 AM CDT   SUNSET   911 PM CDT
JULY 25 2017..........SUNRISE   610 AM CDT   SUNSET   910 PM CDT


-  INDICATES NEGATIVE NUMBERS.
R  INDICATES RECORD WAS SET OR TIED.
MM INDICATES DATA IS MISSING.
T  INDICATES TRACE AMOUNT.




$$
