000
CDUS43 KABR 211037
CLIABR


CLIMATE REPORT
NATIONAL WEATHER SERVICE ABERDEEN SD
537 AM CDT SUN SEP 21 2014


...................................

...THE ABERDEEN SD CLIMATE SUMMARY FOR SEPTEMBER 20 2014...

CLIMATE NORMAL PERIOD 1981 TO 2010
CLIMATE RECORD PERIOD 1893 TO 2014


WEATHER ITEM   OBSERVED TIME   RECORD YEAR NORMAL DEPARTURE LAST
                VALUE   (LST)  VALUE       VALUE  FROM      YEAR
                                                  NORMAL
..................................................................
TEMPERATURE (F)
 YESTERDAY
  MAXIMUM         78   1217 PM  94    1937  70      8       66
                                      1905
  MINIMUM         52    506 AM  20    1901  44      8       41
  AVERAGE         65                        57      8       54

PRECIPITATION (IN)
  YESTERDAY        T             1.50 1989   0.07  -0.07     0.01
  MONTH TO DATE    0.23                      1.48  -1.25     1.50
  SINCE SEP 1      0.23                      1.48  -1.25     1.50
  SINCE JAN 1     15.86                     17.77  -1.91    15.26

DEGREE DAYS
 HEATING
  YESTERDAY        0                         9     -9       11
  MONTH TO DATE  159                       114     45       66
  SINCE SEP 1    159                       114     45       66
  SINCE JUL 1    221                       165     56      117

 COOLING
  YESTERDAY        0                         1     -1        0
  MONTH TO DATE   14                        36    -22       76
  SINCE SEP 1     14                        36    -22       76
  SINCE JAN 1    318                       519   -201      565
..................................................................


WIND (MPH)
  HIGHEST WIND SPEED    36   HIGHEST WIND DIRECTION    NW (320)
  HIGHEST GUST SPEED    42   HIGHEST GUST DIRECTION    NW (330)
  AVERAGE WIND SPEED    10.3


SKY COVER
  POSSIBLE SUNSHINE  MM
  AVERAGE SKY COVER 0.1


WEATHER CONDITIONS
 THE FOLLOWING WEATHER WAS RECORDED YESTERDAY.
  LIGHT RAIN


RELATIVE HUMIDITY (PERCENT)
 HIGHEST    96           500 AM
 LOWEST     38           300 PM
 AVERAGE    67

..........................................................


THE ABERDEEN SD CLIMATE NORMALS FOR TODAY
                         NORMAL    RECORD    YEAR
 MAXIMUM TEMPERATURE (F)   70        99      1937
                                             1936
 MINIMUM TEMPERATURE (F)   43        22      1893


SUNRISE AND SUNSET
SEPTEMBER 21 2014.....SUNRISE   720 AM CDT   SUNSET   733 PM CDT
SEPTEMBER 22 2014.....SUNRISE   721 AM CDT   SUNSET   731 PM CDT


-  INDICATES NEGATIVE NUMBERS.
R  INDICATES RECORD WAS SET OR TIED.
MM INDICATES DATA IS MISSING.
T  INDICATES TRACE AMOUNT.




$$
