000
CDUS43 KABR 231043
CLIABR


CLIMATE REPORT
NATIONAL WEATHER SERVICE ABERDEEN SD
542 AM CDT SAT SEP 23 2017


...................................

...THE ABERDEEN SD CLIMATE SUMMARY FOR SEPTEMBER 22 2017...

CLIMATE NORMAL PERIOD 1981 TO 2010
CLIMATE RECORD PERIOD 1893 TO 2017


WEATHER ITEM   OBSERVED TIME   RECORD YEAR NORMAL DEPARTURE LAST
                VALUE   (LST)  VALUE       VALUE  FROM      YEAR
                                                  NORMAL
..................................................................
TEMPERATURE (F)
 YESTERDAY
  MAXIMUM         91    136 PM 103    1936  69     22       64
  MINIMUM         54   1159 PM  20    1995  43     11       55
  AVERAGE         73                        56     17       60

PRECIPITATION (IN)
  YESTERDAY        0.00          1.20 1901   0.07  -0.07     0.05
  MONTH TO DATE    0.17                      1.62  -1.45     1.17
  SINCE SEP 1      0.17                      1.62  -1.45     1.17
  SINCE JAN 1     12.23                     17.91  -5.68    15.23

DEGREE DAYS
 HEATING
  YESTERDAY        0                        10    -10        5
  MONTH TO DATE   70                       133    -63       65
  SINCE SEP 1     70                       133    -63       65
  SINCE JUL 1     89                       184    -95       96

 COOLING
  YESTERDAY        8                         1      7        0
  MONTH TO DATE   63                        38     25       50
  SINCE SEP 1     63                        38     25       50
  SINCE JAN 1    548                       521     27      711
..................................................................


WIND (MPH)
  HIGHEST WIND SPEED    25   HIGHEST WIND DIRECTION     S (200)
  HIGHEST GUST SPEED    32   HIGHEST GUST DIRECTION     S (190)
  AVERAGE WIND SPEED    13.3


SKY COVER
  POSSIBLE SUNSHINE  MM
  AVERAGE SKY COVER 0.3


WEATHER CONDITIONS
 THE FOLLOWING WEATHER WAS RECORDED YESTERDAY.
  THUNDERSTORM
  FOG


RELATIVE HUMIDITY (PERCENT)
 HIGHEST   100           500 AM
 LOWEST     37           300 PM
 AVERAGE    69

..........................................................


THE ABERDEEN SD CLIMATE NORMALS FOR TODAY
                         NORMAL    RECORD    YEAR
 MAXIMUM TEMPERATURE (F)   69        94      1935
 MINIMUM TEMPERATURE (F)   42        22      2012


SUNRISE AND SUNSET
SEPTEMBER 23 2017.....SUNRISE   722 AM CDT   SUNSET   729 PM CDT
SEPTEMBER 24 2017.....SUNRISE   724 AM CDT   SUNSET   727 PM CDT


-  INDICATES NEGATIVE NUMBERS.
R  INDICATES RECORD WAS SET OR TIED.
MM INDICATES DATA IS MISSING.
T  INDICATES TRACE AMOUNT.




$$
