000
CDUS43 KABR 261030
CLIABR


CLIMATE REPORT
NATIONAL WEATHER SERVICE ABERDEEN SD
530 AM CDT TUE MAY 26 2015


...................................

...THE ABERDEEN SD CLIMATE SUMMARY FOR MAY 25 2015...

CLIMATE NORMAL PERIOD 1981 TO 2010
CLIMATE RECORD PERIOD 1893 TO 2015


WEATHER ITEM   OBSERVED TIME   RECORD YEAR NORMAL DEPARTURE LAST
                VALUE   (LST)  VALUE       VALUE  FROM      YEAR
                                                  NORMAL
..................................................................
TEMPERATURE (F)
 YESTERDAY
  MAXIMUM         69    345 PM  93    1941  71     -2       84
  MINIMUM         52   1106 PM  29    1924  47      5       57
  AVERAGE         61                        59      2       71

PRECIPITATION (IN)
  YESTERDAY        0.44          3.70 1906   0.09   0.35     0.04
  MONTH TO DATE    5.86                      2.53   3.33     1.46
  SINCE MAR 1      6.64                      5.54   1.10     4.27
  SINCE JAN 1      7.69                      6.56   1.13     4.71

DEGREE DAYS
 HEATING
  YESTERDAY        4                         7     -3        0
  MONTH TO DATE  265                       251     14      338
  SINCE MAR 1   1678                      1959   -281     2282
  SINCE JUL 1   7946                      8422   -476     9441

 COOLING
  YESTERDAY        0                         1     -1        6
  MONTH TO DATE    2                        15    -13       14
  SINCE MAR 1      2                        17    -15       14
  SINCE JAN 1      2                        17    -15       14
..................................................................


WIND (MPH)
  HIGHEST WIND SPEED    28   HIGHEST WIND DIRECTION    NE (50)
  HIGHEST GUST SPEED    33   HIGHEST GUST DIRECTION    NE (60)
  AVERAGE WIND SPEED    11.2


SKY COVER
  POSSIBLE SUNSHINE  MM
  AVERAGE SKY COVER 0.8


WEATHER CONDITIONS
 THE FOLLOWING WEATHER WAS RECORDED YESTERDAY.
  RAIN
  LIGHT RAIN
  FOG


RELATIVE HUMIDITY (PERCENT)
 HIGHEST    93          1200 AM
 LOWEST     55           300 PM
 AVERAGE    74

..........................................................


THE ABERDEEN SD CLIMATE NORMALS FOR TODAY
                         NORMAL    RECORD    YEAR
 MAXIMUM TEMPERATURE (F)   71        94      1900
 MINIMUM TEMPERATURE (F)   48        30      1992


SUNRISE AND SUNSET
MAY 26 2015...........SUNRISE   553 AM CDT   SUNSET   909 PM CDT
MAY 27 2015...........SUNRISE   552 AM CDT   SUNSET   910 PM CDT


-  INDICATES NEGATIVE NUMBERS.
R  INDICATES RECORD WAS SET OR TIED.
MM INDICATES DATA IS MISSING.
T  INDICATES TRACE AMOUNT.




$$
