000
CDUS43 KABR 302227
CLIABR


CLIMATE REPORT
NATIONAL WEATHER SERVICE ABERDEEN SD
526 PM CDT SUN AUG 30 2015


...................................

...THE ABERDEEN SD CLIMATE SUMMARY FOR AUGUST 30 2015...
VALID TODAY AS OF 0500 PM LOCAL TIME.

CLIMATE NORMAL PERIOD 1981 TO 2010
CLIMATE RECORD PERIOD 1893 TO 2015


WEATHER ITEM   OBSERVED TIME   RECORD YEAR NORMAL DEPARTURE LAST
                VALUE   (LST)  VALUE       VALUE  FROM      YEAR
                                                  NORMAL
..................................................................
TEMPERATURE (F)
 TODAY
  MAXIMUM         85    347 PM 100    1898  79      6       71
  MINIMUM         64    640 AM  37    2003  53     11       56
  AVERAGE         75                        66      9       64

PRECIPITATION (IN)
  TODAY            0.00          2.08 1939   0.08  -0.08     0.00
  MONTH TO DATE    2.94                      2.35   0.59     6.18
  SINCE JUN 1      9.10                      9.07   0.03    10.19
  SINCE JAN 1     17.32                     16.21   1.11    15.62

DEGREE DAYS
 COOLING
  TODAY           10                         3      7        0
  MONTH TO DATE  156                       158     -2      101
  SINCE JUN 1    544                       458     86      261
  SINCE JAN 1    558                       481     77      303
..................................................................


WIND (MPH)
  HIGHEST WIND SPEED    22   HIGHEST WIND DIRECTION     S (160)
  HIGHEST GUST SPEED    29   HIGHEST GUST DIRECTION     S (160)
  AVERAGE WIND SPEED    13.6


SKY COVER
  POSSIBLE SUNSHINE  MM
  AVERAGE SKY COVER 0.0


WEATHER CONDITIONS
 THE FOLLOWING WEATHER WAS RECORDED TODAY.
  FOG


RELATIVE HUMIDITY (PERCENT)
 HIGHEST    93          1200 AM
 LOWEST     61           300 PM
 AVERAGE    77

..........................................................


THE ABERDEEN SD CLIMATE NORMALS FOR TOMORROW
                         NORMAL    RECORD    YEAR
 MAXIMUM TEMPERATURE (F)   78        98      1921
                                             1898
 MINIMUM TEMPERATURE (F)   52        32      1987


SUNRISE AND SUNSET
AUGUST 30 2015........SUNRISE   652 AM CDT   SUNSET   815 PM CDT
AUGUST 31 2015........SUNRISE   654 AM CDT   SUNSET   814 PM CDT


-  INDICATES NEGATIVE NUMBERS.
R  INDICATES RECORD WAS SET OR TIED.
MM INDICATES DATA IS MISSING.
T  INDICATES TRACE AMOUNT.

&&

PEAK WIND WAS 29 MPH FROM THE SOUTH AT 316 PM

$$
