000
CDUS43 KABR 221024
CLIABR


CLIMATE REPORT
NATIONAL WEATHER SERVICE ABERDEEN SD
523 AM CDT TUE JUL 22 2014


...................................

...THE ABERDEEN SD CLIMATE SUMMARY FOR JULY 21 2014...

CLIMATE NORMAL PERIOD 1981 TO 2010
CLIMATE RECORD PERIOD 1893 TO 2014


WEATHER ITEM   OBSERVED TIME   RECORD YEAR NORMAL DEPARTURE LAST
                VALUE   (LST)  VALUE       VALUE  FROM      YEAR
                                                  NORMAL
..................................................................
TEMPERATURE (F)
 YESTERDAY
  MAXIMUM         89    532 PM 106    1899  84      5       84
  MINIMUM         62    531 AM  41    1902  60      2       61
  AVERAGE         76                        72      4       73

PRECIPITATION (IN)
  YESTERDAY        0.00          2.03 1939   0.10  -0.10     0.00
  MONTH TO DATE    0.50                      2.16  -1.66     2.35
  SINCE JUN 1      3.81                      5.86  -2.05     4.55
  SINCE JAN 1      9.24                     13.00  -3.76    13.07

DEGREE DAYS
 HEATING
  YESTERDAY        0                         0      0        0
  MONTH TO DATE   25                         8     17        0
  SINCE JUN 1    108                        84     24       81
  SINCE JUL 1     25                         8     17        0

 COOLING
  YESTERDAY       11                         7      4        8
  MONTH TO DATE   90                       138    -48      181
  SINCE JUN 1    136                       230    -94      277
  SINCE JAN 1    178                       253    -75      298
..................................................................


WIND (MPH)
  HIGHEST WIND SPEED    25   HIGHEST WIND DIRECTION    SE (140)
  HIGHEST GUST SPEED    34   HIGHEST GUST DIRECTION    SE (140)
  AVERAGE WIND SPEED    10.5


SKY COVER
  POSSIBLE SUNSHINE  MM
  AVERAGE SKY COVER 0.1


WEATHER CONDITIONS
 THE FOLLOWING WEATHER WAS RECORDED YESTERDAY.
  THUNDERSTORM
  FOG
  FOG W/VISIBILITY <= 1/4 MILE


RELATIVE HUMIDITY (PERCENT)
 HIGHEST   100          1200 AM
 LOWEST     68           300 PM
 AVERAGE    84

..........................................................


THE ABERDEEN SD CLIMATE NORMALS FOR TODAY
                         NORMAL    RECORD    YEAR
 MAXIMUM TEMPERATURE (F)   84       111      1934
 MINIMUM TEMPERATURE (F)   60        46      1980
                                             1949
                                             1925


SUNRISE AND SUNSET
JULY 22 2014..........SUNRISE   607 AM CDT   SUNSET   913 PM CDT
JULY 23 2014..........SUNRISE   608 AM CDT   SUNSET   912 PM CDT


-  INDICATES NEGATIVE NUMBERS.
R  INDICATES RECORD WAS SET OR TIED.
MM INDICATES DATA IS MISSING.
T  INDICATES TRACE AMOUNT.




$$
