000
CDUS43 KABR 022227
CLIABR


CLIMATE REPORT
NATIONAL WEATHER SERVICE ABERDEEN SD
526 PM CDT TUE SEP 2 2014


...................................

...THE ABERDEEN SD CLIMATE SUMMARY FOR SEPTEMBER 2 2014...
VALID TODAY AS OF 0500 PM LOCAL TIME.

CLIMATE NORMAL PERIOD 1981 TO 2010
CLIMATE RECORD PERIOD 1893 TO 2014


WEATHER ITEM   OBSERVED TIME   RECORD YEAR NORMAL DEPARTURE LAST
                VALUE   (LST)  VALUE       VALUE  FROM      YEAR
                                                  NORMAL
..................................................................
TEMPERATURE (F)
 TODAY
  MAXIMUM         80    326 PM 101    1983  78      2       77
                                      1898
  MINIMUM         46    614 AM  35    1896  52     -6       45
  AVERAGE         63                        65     -2       61

PRECIPITATION (IN)
  TODAY            0.00          1.56 1973   0.08  -0.08     0.00
  MONTH TO DATE    0.01                      0.16  -0.15     0.00
  SINCE SEP 1      0.01                      0.16  -0.15     0.00
  SINCE JAN 1     15.64                     16.45  -0.81    13.76

DEGREE DAYS
 HEATING
  TODAY            2                         3     -1        4
  MONTH TO DATE    2                         6     -4        6
  SINCE SEP 1      2                         6     -4        6
  SINCE JUL 1     64                        57      7       57

 COOLING
  TODAY            0                         3     -3        0
  MONTH TO DATE    0                         6     -6        0
  SINCE SEP 1      0                         6     -6        0
  SINCE JAN 1    304                       489   -185      489
..................................................................


WIND (MPH)
  HIGHEST WIND SPEED    16   HIGHEST WIND DIRECTION    SW (230)
  HIGHEST GUST SPEED    21   HIGHEST GUST DIRECTION    SW (230)
  AVERAGE WIND SPEED     7.6


SKY COVER
  POSSIBLE SUNSHINE  MM
  AVERAGE SKY COVER 0.0


WEATHER CONDITIONS
 THE FOLLOWING WEATHER WAS RECORDED TODAY.
  NO SIGNIFICANT WEATHER WAS OBSERVED.


RELATIVE HUMIDITY (PERCENT)
 HIGHEST   100          1200 AM
 LOWEST     37           400 PM
 AVERAGE    69

..........................................................


THE ABERDEEN SD CLIMATE NORMALS FOR TOMORROW
                         NORMAL    RECORD    YEAR
 MAXIMUM TEMPERATURE (F)   77       102      1897
 MINIMUM TEMPERATURE (F)   51        31      1974


SUNRISE AND SUNSET
SEPTEMBER  2 2014.....SUNRISE   656 AM CDT   SUNSET   809 PM CDT
SEPTEMBER  3 2014.....SUNRISE   658 AM CDT   SUNSET   808 PM CDT


-  INDICATES NEGATIVE NUMBERS.
R  INDICATES RECORD WAS SET OR TIED.
MM INDICATES DATA IS MISSING.
T  INDICATES TRACE AMOUNT.

&&

PEAK WIND WAS 21 MPH FROM THE SOUTHWEST AT 407 PM CDT.




$$
