000
CDUS42 KTAE 290634
CLIABY


CLIMATE REPORT
NATIONAL WEATHER SERVICE TALLAHASSEE FL
234 AM EDT THU SEP 29 2016


...................................

...THE ALBANY CLIMATE SUMMARY FOR SEPTEMBER 28 2016...

CLIMATE NORMAL PERIOD 1981 TO 2010
CLIMATE RECORD PERIOD 1930 TO 2016


WEATHER ITEM   OBSERVED TIME   RECORD YEAR NORMAL DEPARTURE LAST
                VALUE   (LST)  VALUE       VALUE  FROM      YEAR
                                                  NORMAL
..................................................................
TEMPERATURE (F)
 YESTERDAY
  MAXIMUM         92    403 PM 100    1986  85      7       80
  MINIMUM         70    640 AM  46    1985  63      7       72
  AVERAGE         81                        74      7       76

PRECIPITATION (IN)
  YESTERDAY        T                         0.09  -0.09     0.09
  MONTH TO DATE    3.29                      3.29   0.00     2.48
  SINCE SEP 1      3.29                      3.29   0.00     2.48
  SINCE JAN 1     37.34                     38.89  -1.55    33.66

SNOWFALL (IN)
  YESTERDAY        0.0

DEGREE DAYS
 HEATING
  YESTERDAY        0                         0      0        0
  MONTH TO DATE    0                         0      0        0
  SINCE SEP 1      0                         0      0        0
  SINCE JUL 1      0                         0      0        0

 COOLING
  YESTERDAY       16                         9      7       11
  MONTH TO DATE  459                       366     93      349
  SINCE SEP 1    459                       366     93      349
  SINCE JAN 1   2696                      2339    357     2602
..................................................................


WIND (MPH)
  HIGHEST WIND SPEED    14   HIGHEST WIND DIRECTION     S (190)
  HIGHEST GUST SPEED    17   HIGHEST GUST DIRECTION     S (200)
  AVERAGE WIND SPEED     4.5




RELATIVE HUMIDITY (PERCENT)
 HIGHEST    93
 LOWEST     47
 AVERAGE    70

..........................................................


THE ALBANY CLIMATE NORMALS FOR TODAY
                         NORMAL    RECORD    YEAR
 MAXIMUM TEMPERATURE (F)   85        99      1986
 MINIMUM TEMPERATURE (F)   63        42      1967


SUNRISE AND SUNSET
SEPTEMBER 29 2016.....SUNRISE   730 AM EDT   SUNSET   724 PM EDT
SEPTEMBER 30 2016.....SUNRISE   730 AM EDT   SUNSET   722 PM EDT


-  INDICATES NEGATIVE NUMBERS.
R  INDICATES RECORD WAS SET OR TIED.
MM INDICATES DATA IS MISSING.
T  INDICATES TRACE AMOUNT.




$$
