227
CDUS42 KTAE 242135
CLIABY


CLIMATE REPORT
NATIONAL WEATHER SERVICE TALLAHASSEE FL
535 PM EDT FRI MAR 24 2017


...................................

...THE ALBANY CLIMATE SUMMARY FOR MARCH 24 2017...
VALID TODAY AS OF 0500 PM LOCAL TIME.

CLIMATE NORMAL PERIOD 1981 TO 2010
CLIMATE RECORD PERIOD 1930 TO 2017


WEATHER ITEM   OBSERVED TIME   RECORD YEAR NORMAL DEPARTURE LAST
                VALUE   (LST)  VALUE       VALUE  FROM      YEAR
                                                  NORMAL
..................................................................
TEMPERATURE (F)
 TODAY
  MAXIMUM         80    350 PM  88    1935  74      6       81
  MINIMUM         53    456 AM  28    1968  48      5       50
  AVERAGE         67                        61      6       66

PRECIPITATION (IN)
  TODAY            0.00                      0.18  -0.18     0.44
  MONTH TO DATE    1.21                      3.72  -2.51     2.33
  SINCE MAR 1      1.21                      3.72  -2.51     2.33
  SINCE JAN 1     13.03                     12.70   0.33    12.64

..................................................................







THE ALBANY CLIMATE NORMALS FOR TOMORROW
                         NORMAL    RECORD    YEAR
 MAXIMUM TEMPERATURE (F)   74        90      2007
 MINIMUM TEMPERATURE (F)   49        28      1968



-  INDICATES NEGATIVE NUMBERS.
R  INDICATES RECORD WAS SET OR TIED.
MM INDICATES DATA IS MISSING.
T  INDICATES TRACE AMOUNT.




$$
