000
CDUS42 KTAE 280825
CLIABY


CLIMATE REPORT
NATIONAL WEATHER SERVICE TALLAHASSEE FL
424 AM EDT FRI AUG 28 2015


...................................

...THE ALBANY CLIMATE SUMMARY FOR AUGUST 27 2015...

CLIMATE NORMAL PERIOD 1981 TO 2010
CLIMATE RECORD PERIOD 1930 TO 2015


WEATHER ITEM   OBSERVED TIME   RECORD YEAR NORMAL DEPARTURE LAST
                VALUE   (LST)  VALUE       VALUE  FROM      YEAR
                                                  NORMAL
..................................................................
TEMPERATURE (F)
 YESTERDAY
  MAXIMUM         92    527 PM 103    1938  91      1       92
  MINIMUM         62    548 AM  60    1969  72    -10       67
  AVERAGE         77                        82     -5       80

PRECIPITATION (IN)
  YESTERDAY        0.00                      0.13  -0.13     0.00
  MONTH TO DATE    4.29                      4.35  -0.06     0.78
  SINCE JUN 1     14.19                     14.75  -0.56     6.07
  SINCE JAN 1     30.05                     35.11  -5.06    25.13

SNOWFALL (IN)
  YESTERDAY        0.0

DEGREE DAYS
 HEATING
  YESTERDAY        0                         0      0        0
  MONTH TO DATE    0                         0      0        0
  SINCE JUN 1      0                         0      0        0
  SINCE JUL 1      0                         0      0        0

 COOLING
  YESTERDAY       12                        16     -4       15
  MONTH TO DATE  494                       458     36      481
  SINCE JUN 1   1585                      1464    121     1472
  SINCE JAN 1   2189                      1904    285     1866
..................................................................


WIND (MPH)
  HIGHEST WIND SPEED    13   HIGHEST WIND DIRECTION     E (70)
  HIGHEST GUST SPEED    17   HIGHEST GUST DIRECTION     E (70)
  AVERAGE WIND SPEED     4.0




RELATIVE HUMIDITY (PERCENT)
 HIGHEST    93
 LOWEST     30
 AVERAGE    62

..........................................................


THE ALBANY CLIMATE NORMALS FOR TODAY
                         NORMAL    RECORD    YEAR
 MAXIMUM TEMPERATURE (F)   91       100      1959
 MINIMUM TEMPERATURE (F)   72        61      2014
                                             1969


SUNRISE AND SUNSET
AUGUST 28 2015........SUNRISE   710 AM EDT   SUNSET   806 PM EDT
AUGUST 29 2015........SUNRISE   710 AM EDT   SUNSET   804 PM EDT


-  INDICATES NEGATIVE NUMBERS.
R  INDICATES RECORD WAS SET OR TIED.
MM INDICATES DATA IS MISSING.
T  INDICATES TRACE AMOUNT.




$$
