259
CDUS42 KTAE 230635
CLIABY


CLIMATE REPORT
NATIONAL WEATHER SERVICE TALLAHASSEE FL
234 AM EDT MON OCT 23 2017

...................................

...THE ALBANY CLIMATE SUMMARY FOR OCTOBER 22 2017...

CLIMATE NORMAL PERIOD 1981 TO 2010
CLIMATE RECORD PERIOD 1930 TO 2017


WEATHER ITEM   OBSERVED TIME   RECORD YEAR NORMAL DEPARTURE LAST
                VALUE   (LST)  VALUE       VALUE  FROM      YEAR
                                                  NORMAL
..................................................................
TEMPERATURE (F)
 YESTERDAY
  MAXIMUM         89R   223 PM  89    1943  79     10       74
  MINIMUM         64    513 AM  32    1989  54     10       47
  AVERAGE         77                        66     11       61

PRECIPITATION (IN)
  YESTERDAY        0.28                      0.09   0.19     0.00
  MONTH TO DATE    0.86                      1.85  -0.99      T
  SINCE SEP 1      3.75                      5.29  -1.54     3.29
  SINCE JAN 1     36.52                     40.89  -4.37    37.34

SNOWFALL (IN)
  YESTERDAY        0.0

DEGREE DAYS
 HEATING
  YESTERDAY        0                         2     -2        4
  MONTH TO DATE    2                        18    -16        4
  SINCE SEP 1      2                        19    -17        4
  SINCE JUL 1      2                        19    -17        4

 COOLING
  YESTERDAY       12                         3      9        0
  MONTH TO DATE  261                       121    140      199
  SINCE SEP 1    667                       504    163      675
  SINCE JAN 1   2875                      2477    398     2912
..................................................................


WIND (MPH)
  HIGHEST WIND SPEED    17   HIGHEST WIND DIRECTION    SE (140)
  HIGHEST GUST SPEED    24   HIGHEST GUST DIRECTION    SE (130)
  AVERAGE WIND SPEED     7.8




RELATIVE HUMIDITY (PERCENT)
 HIGHEST   100
 LOWEST     46
 AVERAGE    73

..........................................................


THE ALBANY CLIMATE NORMALS FOR TODAY
                         NORMAL    RECORD    YEAR
 MAXIMUM TEMPERATURE (F)   79        91      2007
 MINIMUM TEMPERATURE (F)   53        33      1987


SUNRISE AND SUNSET
OCTOBER 23 2017.......SUNRISE   746 AM EDT   SUNSET   656 PM EDT
OCTOBER 24 2017.......SUNRISE   747 AM EDT   SUNSET   655 PM EDT


-  INDICATES NEGATIVE NUMBERS.
R  INDICATES RECORD WAS SET OR TIED.
MM INDICATES DATA IS MISSING.
T  INDICATES TRACE AMOUNT.

$$
