000
CDUS42 KTAE 242139
CLIABY


CLIMATE REPORT
NATIONAL WEATHER SERVICE TALLAHASSEE FL
538 PM EDT THU JUL 24 2014

...................................

...THE ALBANY CLIMATE SUMMARY FOR JULY 24 2014...
VALID TODAY AS OF 0500 PM LOCAL TIME.

CLIMATE NORMAL PERIOD 1981 TO 2010
CLIMATE RECORD PERIOD 1930 TO 2014


WEATHER ITEM   OBSERVED TIME   RECORD YEAR NORMAL DEPARTURE LAST
                VALUE   (LST)  VALUE       VALUE  FROM      YEAR
                                                  NORMAL
..................................................................
TEMPERATURE (F)
 TODAY
  MAXIMUM         92    352 PM 102    1940  93     -1       89
  MINIMUM         73    612 AM  65    1981  72      1       69
  AVERAGE         83                        83      0       79

PRECIPITATION (IN)
  TODAY            0.00                      0.18  -0.18     0.18
  MONTH TO DATE    0.53                      4.30  -3.77     6.56
  SINCE JUN 1      5.29                      9.24  -3.95    15.34
  SINCE JAN 1     24.35                     29.60  -5.25    31.86

..................................................................

THE ALBANY CLIMATE NORMALS FOR TOMORROW
                         NORMAL    RECORD    YEAR
 MAXIMUM TEMPERATURE (F)   93       103      1940
 MINIMUM TEMPERATURE (F)   72        66      1990



-  INDICATES NEGATIVE NUMBERS.
R  INDICATES RECORD WAS SET OR TIED.
MM INDICATES DATA IS MISSING.
T  INDICATES TRACE AMOUNT.

$$
