000
CDUS42 KTAE 170634
CLIABY


CLIMATE REPORT
NATIONAL WEATHER SERVICE TALLAHASSEE FL
132 AM EST TUE JAN 17 2017

...................................

...THE ALBANY CLIMATE SUMMARY FOR JANUARY 16 2017...

CLIMATE NORMAL PERIOD 1981 TO 2010
CLIMATE RECORD PERIOD 1930 TO 2017


WEATHER ITEM   OBSERVED TIME   RECORD YEAR NORMAL DEPARTURE LAST
                VALUE   (LST)  VALUE       VALUE  FROM      YEAR
                                                  NORMAL
..................................................................
TEMPERATURE (F)
 YESTERDAY
  MAXIMUM         79    220 PM  80    2013  61     18       65
  MINIMUM         54   1158 PM  18    1972  38     16       43
  AVERAGE         67                        49     18       54

PRECIPITATION (IN)
  YESTERDAY        0.00                      0.15  -0.15     0.00
  MONTH TO DATE    3.30                      2.11   1.19     1.62
  SINCE DEC 1     13.98                      5.86   8.12     8.48
  SINCE JAN 1      3.30                      2.11   1.19     1.62

SNOWFALL (IN)
  YESTERDAY        0.0

DEGREE DAYS
 HEATING
  YESTERDAY        0                        16    -16       11
  MONTH TO DATE  159                       256    -97      257
  SINCE DEC 1    412                       699   -287      410
  SINCE JUL 1    553                       969   -416      534

 COOLING
  YESTERDAY        2                         0      2        0
  MONTH TO DATE    9                         0      9        0
  SINCE DEC 1     32                         9     23       76
  SINCE JAN 1      9                         0      9        0
..................................................................


WIND (MPH)
  HIGHEST WIND SPEED    13   HIGHEST WIND DIRECTION     S (160)
  HIGHEST GUST SPEED    17   HIGHEST GUST DIRECTION     S (180)
  AVERAGE WIND SPEED     3.3




RELATIVE HUMIDITY (PERCENT)
 HIGHEST   100
 LOWEST     42
 AVERAGE    71

..........................................................


THE ALBANY CLIMATE NORMALS FOR TODAY
                         NORMAL    RECORD    YEAR
 MAXIMUM TEMPERATURE (F)   61        80      1950
 MINIMUM TEMPERATURE (F)   38        11      1977


SUNRISE AND SUNSET
JANUARY 17 2017.......SUNRISE   736 AM EST   SUNSET   558 PM EST
JANUARY 18 2017.......SUNRISE   736 AM EST   SUNSET   559 PM EST


-  INDICATES NEGATIVE NUMBERS.
R  INDICATES RECORD WAS SET OR TIED.
MM INDICATES DATA IS MISSING.
T  INDICATES TRACE AMOUNT.

$$
