000
CDUS42 KTAE 290700
CLIABY


CLIMATE REPORT
NATIONAL WEATHER SERVICE TALLAHASSEE FL
300 AM EDT FRI MAY 29 2015


...................................

...THE ALBANY CLIMATE SUMMARY FOR MAY 28 2015...

CLIMATE NORMAL PERIOD 1981 TO 2010
CLIMATE RECORD PERIOD 1930 TO 2015


WEATHER ITEM   OBSERVED TIME   RECORD YEAR NORMAL DEPARTURE LAST
                VALUE   (LST)  VALUE       VALUE  FROM      YEAR
                                                  NORMAL
..................................................................
TEMPERATURE (F)
 YESTERDAY
  MAXIMUM         90    257 PM 101    1962  89      1       88
  MINIMUM         68    541 AM  46    1988  66      2       67
  AVERAGE         79                        78      1       78

PRECIPITATION (IN)
  YESTERDAY        0.00                      0.13  -0.13     0.36
  MONTH TO DATE    0.29                      2.26  -1.97     2.44
  SINCE MAR 1      7.64                     10.95  -3.31    13.17
  SINCE JAN 1     14.97                     19.93  -4.96    18.41

SNOWFALL (IN)
  YESTERDAY        0.0

DEGREE DAYS
 HEATING
  YESTERDAY        0                         0      0        0
  MONTH TO DATE    2                         0      2       11
  SINCE MAR 1    125                       274   -149      349
  SINCE JUL 1   1849                      1834     15     1945

 COOLING
  YESTERDAY       14                        13      1       13
  MONTH TO DATE  313                       262     51      251
  SINCE MAR 1    559                       393    166      347
  SINCE JAN 1    561                       402    159      351
..................................................................


WIND (MPH)
  HIGHEST WIND SPEED    16   HIGHEST WIND DIRECTION    SE (140)
  HIGHEST GUST SPEED    24   HIGHEST GUST DIRECTION     E (90)
  AVERAGE WIND SPEED     4.9




RELATIVE HUMIDITY (PERCENT)
 HIGHEST    90
 LOWEST     38
 AVERAGE    64

..........................................................


THE ALBANY CLIMATE NORMALS FOR TODAY
                         NORMAL    RECORD    YEAR
 MAXIMUM TEMPERATURE (F)   90        99      1937
 MINIMUM TEMPERATURE (F)   66        49      1988


SUNRISE AND SUNSET
MAY 29 2015...........SUNRISE   634 AM EDT   SUNSET   835 PM EDT
MAY 30 2015...........SUNRISE   633 AM EDT   SUNSET   836 PM EDT


-  INDICATES NEGATIVE NUMBERS.
R  INDICATES RECORD WAS SET OR TIED.
MM INDICATES DATA IS MISSING.
T  INDICATES TRACE AMOUNT.




$$
