000
CDUS42 KTAE 220718
CLIABY


CLIMATE REPORT
NATIONAL WEATHER SERVICE TALLAHASSEE FL
237 AM EDT MON MAY 22 2017


...................................

...THE ALBANY CLIMATE SUMMARY FOR MAY 21 2017...

CLIMATE NORMAL PERIOD 1981 TO 2010
CLIMATE RECORD PERIOD 1930 TO 2017


WEATHER ITEM   OBSERVED TIME   RECORD YEAR NORMAL DEPARTURE LAST
                VALUE   (LST)  VALUE       VALUE  FROM      YEAR
                                                  NORMAL
..................................................................
TEMPERATURE (F)
 YESTERDAY
  MAXIMUM         86    244 PM 101    1962  88     -2       88
  MINIMUM         69    718 AM  46    2002  64      5       67
  AVERAGE         78                        76      2       78

PRECIPITATION (IN)
  YESTERDAY        0.61                      0.07   0.54     0.00
  MONTH TO DATE    2.32                      1.55   0.77     0.78
  SINCE MAR 1      5.67                     10.24  -4.57    12.42
  SINCE JAN 1     17.49                     19.22  -1.73    22.73

SNOWFALL (IN)
  YESTERDAY        0.0

DEGREE DAYS
 HEATING
  YESTERDAY        0                         0      0        0
  MONTH TO DATE   10                         0     10        4
  SINCE MAR 1    199                       274    -75      155
  SINCE JUL 1   1002                      1834   -832     1290

 COOLING
  YESTERDAY       13                        11      2       13
  MONTH TO DATE  192                       178     14      184
  SINCE MAR 1    473                       309    164      368
  SINCE JAN 1    511                       318    193      371
..................................................................


WIND (MPH)
  HIGHEST WIND SPEED    25   HIGHEST WIND DIRECTION    NW (310)
  HIGHEST GUST SPEED    32   HIGHEST GUST DIRECTION    NW (320)
  AVERAGE WIND SPEED     5.6




RELATIVE HUMIDITY (PERCENT)
 HIGHEST    97
 LOWEST     55
 AVERAGE    76

..........................................................


THE ALBANY CLIMATE NORMALS FOR TODAY
                         NORMAL    RECORD    YEAR
 MAXIMUM TEMPERATURE (F)   89       100      1962
 MINIMUM TEMPERATURE (F)   64        45      1981


SUNRISE AND SUNSET
MAY 22 2017...........SUNRISE   636 AM EDT   SUNSET   831 PM EDT
MAY 23 2017...........SUNRISE   636 AM EDT   SUNSET   832 PM EDT


-  INDICATES NEGATIVE NUMBERS.
R  INDICATES RECORD WAS SET OR TIED.
MM INDICATES DATA IS MISSING.
T  INDICATES TRACE AMOUNT.




$$
