274
CDUS42 KTAE 240638
CLIABY


CLIMATE REPORT
NATIONAL WEATHER SERVICE TALLAHASSEE FL
237 AM EDT WED AUG 24 2016

...................................

...THE ALBANY CLIMATE SUMMARY FOR AUGUST 23 2016...

CLIMATE NORMAL PERIOD 1981 TO 2010
CLIMATE RECORD PERIOD 1930 TO 2016


WEATHER ITEM   OBSERVED TIME   RECORD YEAR NORMAL DEPARTURE LAST
                VALUE   (LST)  VALUE       VALUE  FROM      YEAR
                                                  NORMAL
..................................................................
TEMPERATURE (F)
 YESTERDAY
  MAXIMUM         98   1212 PM 104    1980  92      6       92
  MINIMUM         77   1159 PM  62    1930  72      5       72
  AVERAGE         88                        82      6       82

PRECIPITATION (IN)
  YESTERDAY        0.54                      0.15   0.39     0.72
  MONTH TO DATE    4.04                      3.76   0.28     4.29
  SINCE JUN 1     10.68                     14.16  -3.48    14.19
  SINCE JAN 1     33.41                     34.52  -1.11    30.05

SNOWFALL (IN)
  YESTERDAY        0.0

DEGREE DAYS
 HEATING
  YESTERDAY        0                         0      0        0
  MONTH TO DATE    0                         0      0        0
  SINCE JUN 1      0                         0      0        0
  SINCE JUL 1      0                         0      0        0

 COOLING
  YESTERDAY       23                        17      6       17
  MONTH TO DATE  450                       391     59      436
  SINCE JUN 1   1591                      1397    194     1527
  SINCE JAN 1   2083                      1837    246     2131
..................................................................


WIND (MPH)
  HIGHEST WIND SPEED    28   HIGHEST WIND DIRECTION    NW (310)
  HIGHEST GUST SPEED    37   HIGHEST GUST DIRECTION     E (80)
  AVERAGE WIND SPEED     5.4




RELATIVE HUMIDITY (PERCENT)
 HIGHEST    91
 LOWEST     42
 AVERAGE    67

..........................................................


THE ALBANY CLIMATE NORMALS FOR TODAY
                         NORMAL    RECORD    YEAR
 MAXIMUM TEMPERATURE (F)   92       102      1938
 MINIMUM TEMPERATURE (F)   72        59      1957


SUNRISE AND SUNSET
AUGUST 24 2016........SUNRISE   708 AM EDT   SUNSET   809 PM EDT
AUGUST 25 2016........SUNRISE   709 AM EDT   SUNSET   808 PM EDT


-  INDICATES NEGATIVE NUMBERS.
R  INDICATES RECORD WAS SET OR TIED.
MM INDICATES DATA IS MISSING.
T  INDICATES TRACE AMOUNT.


$$
