120
CDUS44 KFWD 120640
CLIACT


CLIMATE REPORT
NATIONAL WEATHER SERVICE FORT WORTH TX
1238 AM CST FRI FEB 12 2016


...................................

...THE WACO CLIMATE SUMMARY FOR FEBRUARY 11 2016...

CLIMATE NORMAL PERIOD 1981 TO 2010
CLIMATE RECORD PERIOD 1901 TO 2016


WEATHER ITEM   OBSERVED TIME   RECORD YEAR NORMAL DEPARTURE LAST
                VALUE   (LST)  VALUE       VALUE  FROM      YEAR
                                                  NORMAL
..................................................................
TEMPERATURE (F)
 YESTERDAY
  MAXIMUM         83R   332 PM  81    1922  61     22       72
  MINIMUM         37    718 AM  12    1981  39     -2       42
  AVERAGE         60                        50     10       57

PRECIPITATION (IN)
  YESTERDAY        0.00          2.30 1977   0.10  -0.10     0.00
  MONTH TO DATE    0.03                      0.94  -0.91      T
  SINCE DEC 1      3.94                      5.81  -1.87     4.02
  SINCE JAN 1      0.32                      3.06  -2.74     3.48

SNOWFALL (IN)
  YESTERDAY        0.0           1.0  1963   0.1   -0.1      0.0
  MONTH TO DATE    0.0                       0.2   -0.2      0.0
  SINCE DEC 1      0.0                       0.5   -0.5       T
  SINCE JUL 1      0.0                       0.6   -0.6       T
  SNOW DEPTH       0

DEGREE DAYS
 HEATING
  YESTERDAY        5                        15    -10        8
  MONTH TO DATE  178                       177      1      157
  SINCE DEC 1   1108                      1257   -149     1219
  SINCE JUL 1   1343                      1585   -242     1601

 COOLING
  YESTERDAY        0                         0      0        0
  MONTH TO DATE    0                         0      0        0
  SINCE DEC 1      5                         8     -3        4
  SINCE JAN 1      0                         3     -3        0
..................................................................


WIND (MPH)
  HIGHEST WIND SPEED    15   HIGHEST WIND DIRECTION     S (180)
  HIGHEST GUST SPEED    20   HIGHEST GUST DIRECTION     S (180)
  AVERAGE WIND SPEED     7.1


SKY COVER
  POSSIBLE SUNSHINE  MM
  AVERAGE SKY COVER 0.0


WEATHER CONDITIONS
 THE FOLLOWING WEATHER WAS RECORDED YESTERDAY.
  NO SIGNIFICANT WEATHER WAS OBSERVED.


RELATIVE HUMIDITY (PERCENT)
 HIGHEST    76           600 AM
 LOWEST     17           300 PM
 AVERAGE    47

..........................................................


THE WACO CLIMATE NORMALS FOR TODAY
                         NORMAL    RECORD    YEAR
 MAXIMUM TEMPERATURE (F)   61        84      1962
 MINIMUM TEMPERATURE (F)   39        13      1905


SUNRISE AND SUNSET
FEBRUARY 12 2016......SUNRISE   714 AM CST   SUNSET   613 PM CST
FEBRUARY 13 2016......SUNRISE   713 AM CST   SUNSET   614 PM CST


-  INDICATES NEGATIVE NUMBERS.
R  INDICATES RECORD WAS SET OR TIED.
MM INDICATES DATA IS MISSING.
T  INDICATES TRACE AMOUNT.




$$
