000
CDUS44 KFWD 260642
CLIACT


CLIMATE REPORT
NATIONAL WEATHER SERVICE FORT WORTH TX
142 AM CDT THU MAR 26 2015


...................................

...THE WACO CLIMATE SUMMARY FOR MARCH 25 2015...

CLIMATE NORMAL PERIOD 1981 TO 2010
CLIMATE RECORD PERIOD 1901 TO 2015


WEATHER ITEM   OBSERVED TIME   RECORD YEAR NORMAL DEPARTURE LAST
                VALUE   (LST)  VALUE       VALUE  FROM      YEAR
                                                  NORMAL
..................................................................
TEMPERATURE (F)
 YESTERDAY
  MAXIMUM         80    401 PM  91    1928  72      8       65
  MINIMUM         60    657 AM  29    1955  49     11       39
  AVERAGE         70                        60     10       52

PRECIPITATION (IN)
  YESTERDAY        T             2.00 1934   0.09  -0.09     0.00
  MONTH TO DATE    2.84                      2.63   0.21     0.58
  SINCE MAR 1      2.84                      2.63   0.21     0.58
  SINCE JAN 1      7.57                      7.38   0.19     1.34

SNOWFALL (IN)
  YESTERDAY        0.0           0.0    MM   0.0    0.0      0.0
  MONTH TO DATE    0.7                       0.1    0.6      0.1
  SINCE MAR 1      0.7                       0.1    0.6      0.1
  SINCE JUL 1      1.4                       1.0    0.4      0.1
  SNOW DEPTH       0

DEGREE DAYS
 HEATING
  YESTERDAY        0                         6     -6       13
  MONTH TO DATE  275                       214     61      326
  SINCE MAR 1    275                       214     61      326
  SINCE JUL 1   2229                      2026    203     2469

 COOLING
  YESTERDAY        5                         2      3        0
  MONTH TO DATE   14                        25    -11        4
  SINCE MAR 1     14                        25    -11        4
  SINCE JAN 1     14                        34    -20        4
..................................................................


WIND (MPH)
  HIGHEST WIND SPEED    24   HIGHEST WIND DIRECTION     S (160)
  HIGHEST GUST SPEED    30   HIGHEST GUST DIRECTION     S (160)
  AVERAGE WIND SPEED    15.0


SKY COVER
  POSSIBLE SUNSHINE  MM
  AVERAGE SKY COVER 0.1


WEATHER CONDITIONS
 THE FOLLOWING WEATHER WAS RECORDED YESTERDAY.
  NO SIGNIFICANT WEATHER WAS OBSERVED.


RELATIVE HUMIDITY (PERCENT)
 HIGHEST    97           400 AM
 LOWEST     48           300 PM
 AVERAGE    73

..........................................................


THE WACO CLIMATE NORMALS FOR TODAY
                         NORMAL    RECORD    YEAR
 MAXIMUM TEMPERATURE (F)   72        94      2011
 MINIMUM TEMPERATURE (F)   49        22      2013


SUNRISE AND SUNSET
MARCH 26 2015.........SUNRISE   725 AM CDT   SUNSET   744 PM CDT
MARCH 27 2015.........SUNRISE   724 AM CDT   SUNSET   745 PM CDT


-  INDICATES NEGATIVE NUMBERS.
R  INDICATES RECORD WAS SET OR TIED.
MM INDICATES DATA IS MISSING.
T  INDICATES TRACE AMOUNT.




$$
