000
CDUS44 KFWD 220649
CLIACT

CLIMATE REPORT
NATIONAL WEATHER SERVICE FORT WORTH TX
150 AM CDT FRI SEP 22 2017

...................................

...THE WACO CLIMATE SUMMARY FOR SEPTEMBER 21 2017...

CLIMATE NORMAL PERIOD 1981 TO 2010
CLIMATE RECORD PERIOD 1901 TO 2017


WEATHER ITEM   OBSERVED TIME   RECORD YEAR NORMAL DEPARTURE LAST
                VALUE   (LST)  VALUE       VALUE  FROM      YEAR
                                                  NORMAL
..................................................................
TEMPERATURE (F)
 YESTERDAY
  MAXIMUM         99    256 PM 101    1933  88     11       95
  MINIMUM         76   1159 PM  45    1938  64     12       70
  AVERAGE         88                        76     12       83

PRECIPITATION (IN)
  YESTERDAY        0.00          2.25 1995   0.09  -0.09     0.00
  MONTH TO DATE    0.00                      2.11  -2.11     0.33
  SINCE SEP 1      0.00                      2.11  -2.11     0.33
  SINCE JAN 1     28.71                     24.27   4.44    32.31

DEGREE DAYS
 HEATING
  YESTERDAY        0                         0      0        0
  MONTH TO DATE    0                         0      0        0
  SINCE SEP 1      0                         0      0        0
  SINCE JUL 1      0                         0      0        0

 COOLING
  YESTERDAY       23                        12     11       18
  MONTH TO DATE  302                       308     -6      380
  SINCE SEP 1    302                       308     -6      380
  SINCE JAN 1   2642                      2503    139     2620
..................................................................


WIND (MPH)
  HIGHEST WIND SPEED    22   HIGHEST WIND DIRECTION    SE (140)
  HIGHEST GUST SPEED    28   HIGHEST GUST DIRECTION    SE (150)
  AVERAGE WIND SPEED    13.8


SKY COVER
  POSSIBLE SUNSHINE  MM
  AVERAGE SKY COVER 0.3


WEATHER CONDITIONS
 THE FOLLOWING WEATHER WAS RECORDED YESTERDAY.
  NO SIGNIFICANT WEATHER WAS OBSERVED.


RELATIVE HUMIDITY (PERCENT)
 HIGHEST    91           700 AM
 LOWEST     35           300 PM
 AVERAGE    63

..........................................................


THE WACO CLIMATE NORMALS FOR TODAY
                         NORMAL    RECORD    YEAR
 MAXIMUM TEMPERATURE (F)   88       100      2005
 MINIMUM TEMPERATURE (F)   64        40      1983


SUNRISE AND SUNSET
SEPTEMBER 22 2017.....SUNRISE   717 AM CDT   SUNSET   725 PM CDT
SEPTEMBER 23 2017.....SUNRISE   718 AM CDT   SUNSET   724 PM CDT


-  INDICATES NEGATIVE NUMBERS.
R  INDICATES RECORD WAS SET OR TIED.
MM INDICATES DATA IS MISSING.
T  INDICATES TRACE AMOUNT.

$$
