000
CDUS44 KFWD 200646
CLIACT


CLIMATE REPORT
NATIONAL WEATHER SERVICE FORT WORTH TX
1246 AM CST TUE FEB 20 2018


...................................

...THE WACO CLIMATE SUMMARY FOR FEBRUARY 19 2018...

CLIMATE NORMAL PERIOD 1981 TO 2010
CLIMATE RECORD PERIOD 1901 TO 2018


WEATHER ITEM   OBSERVED TIME   RECORD YEAR NORMAL DEPARTURE LAST
                VALUE   (LST)  VALUE       VALUE  FROM      YEAR
                                                  NORMAL
..................................................................
TEMPERATURE (F)
 YESTERDAY
  MAXIMUM         79    333 PM  88    1986  63     16       80
  MINIMUM         66    426 AM  12    1910  41     25       62
  AVERAGE         73                        52     21       71

PRECIPITATION (IN)
  YESTERDAY        0.01          2.53 1932   0.09  -0.08      T
  MONTH TO DATE    0.31                      1.72  -1.41     2.09
  SINCE DEC 1      2.40                      6.59  -4.19     6.47
  SINCE JAN 1      0.62                      3.84  -3.22     5.20

SNOWFALL (IN)
  YESTERDAY        0.0           0.2  1942   0.0    0.0      0.0
  MONTH TO DATE    T                         0.3   -0.3      0.0
  SINCE DEC 1      T                         0.6   -0.6       T
  SINCE JUL 1      T                         0.7   -0.7       T
  SNOW DEPTH       0

DEGREE DAYS
 HEATING
  YESTERDAY        0                        14    -14        0
  MONTH TO DATE  296                       292      4      120
  SINCE DEC 1   1461                      1372     89      979
  SINCE JUL 1   1702                      1700      2     1122

 COOLING
  YESTERDAY        8                         0      8        6
  MONTH TO DATE   14                         0     14       32
  SINCE DEC 1     23                         8     15       64
  SINCE JAN 1     14                         3     11       41
..................................................................


WIND (MPH)
  HIGHEST WIND SPEED    32   HIGHEST WIND DIRECTION     S (170)
  HIGHEST GUST SPEED    40   HIGHEST GUST DIRECTION     S (170)
  AVERAGE WIND SPEED    20.7


SKY COVER
  POSSIBLE SUNSHINE  MM
  AVERAGE SKY COVER 0.7


WEATHER CONDITIONS
 THE FOLLOWING WEATHER WAS RECORDED YESTERDAY.
  THUNDERSTORM
  LIGHT RAIN


RELATIVE HUMIDITY (PERCENT)
 HIGHEST    87           500 AM
 LOWEST     52           200 PM
 AVERAGE    70

..........................................................


THE WACO CLIMATE NORMALS FOR TODAY
                         NORMAL    RECORD    YEAR
 MAXIMUM TEMPERATURE (F)   63        92      1986
 MINIMUM TEMPERATURE (F)   41        25      1908


SUNRISE AND SUNSET
FEBRUARY 20 2018......SUNRISE   706 AM CST   SUNSET   620 PM CST
FEBRUARY 21 2018......SUNRISE   705 AM CST   SUNSET   621 PM CST


-  INDICATES NEGATIVE NUMBERS.
R  INDICATES RECORD WAS SET OR TIED.
MM INDICATES DATA IS MISSING.
T  INDICATES TRACE AMOUNT.




$$
