000
CDUS44 KFWD 300638
CLIACT

CLIMATE REPORT
NATIONAL WEATHER SERVICE FORT WORTH TX
1237 AM CST FRI JAN 30 2015


...................................

...THE WACO CLIMATE SUMMARY FOR JANUARY 29 2015...

CLIMATE NORMAL PERIOD 1981 TO 2010
CLIMATE RECORD PERIOD 1901 TO 2015


WEATHER ITEM   OBSERVED TIME   RECORD YEAR NORMAL DEPARTURE LAST
                VALUE   (LST)  VALUE       VALUE  FROM      YEAR
                                                  NORMAL
..................................................................
TEMPERATURE (F)
 YESTERDAY
  MAXIMUM         71    255 PM  86    1911  59     12       45
  MINIMUM         42    701 AM  13    1966  37      5       17
  AVERAGE         57                        48      9       31

PRECIPITATION (IN)
  YESTERDAY        0.00          1.74 1999   0.09  -0.09     0.00
  MONTH TO DATE    3.06                      1.97   1.09     0.30
  SINCE DEC 1      3.60                      4.72  -1.12     1.64
  SINCE JAN 1      3.06                      1.97   1.09     0.30

SNOWFALL (IN)
  YESTERDAY        0.0           1.0  1948   0.0    0.0      0.0
  MONTH TO DATE    T                         0.3   -0.3       T
  SINCE DEC 1      T                         0.3   -0.3       T
  SINCE JUL 1      T                         0.4   -0.4       T
  SNOW DEPTH       0

DEGREE DAYS
 HEATING
  YESTERDAY        8                        17     -9       34
  MONTH TO DATE  601                       522     79      583
  SINCE DEC 1   1033                      1046    -13     1235
  SINCE JUL 1   1415                      1374     41     1649

 COOLING
  YESTERDAY        0                         0      0        0
  MONTH TO DATE    0                         0      0        0
  SINCE DEC 1      4                         5     -1        0
  SINCE JAN 1      0                         0      0        0
..................................................................


WIND (MPH)
  HIGHEST WIND SPEED    22   HIGHEST WIND DIRECTION     N (360)
  HIGHEST GUST SPEED    28   HIGHEST GUST DIRECTION     N (360)
  AVERAGE WIND SPEED    10.9


SKY COVER
  POSSIBLE SUNSHINE  MM
  AVERAGE SKY COVER 0.2


WEATHER CONDITIONS
 THE FOLLOWING WEATHER WAS RECORDED YESTERDAY.
  NO SIGNIFICANT WEATHER WAS OBSERVED.


RELATIVE HUMIDITY (PERCENT)
 HIGHEST    93           600 AM
 LOWEST     33           200 PM
 AVERAGE    63

..........................................................


THE WACO CLIMATE NORMALS FOR TODAY
                         NORMAL    RECORD    YEAR
 MAXIMUM TEMPERATURE (F)   59        90      1911
 MINIMUM TEMPERATURE (F)   37         1      1949


SUNRISE AND SUNSET
JANUARY 30 2015.......SUNRISE   723 AM CST   SUNSET   602 PM CST
JANUARY 31 2015.......SUNRISE   723 AM CST   SUNSET   602 PM CST


-  INDICATES NEGATIVE NUMBERS.
R  INDICATES RECORD WAS SET OR TIED.
MM INDICATES DATA IS MISSING.
T  INDICATES TRACE AMOUNT.




$$
