200
CDUS44 KFWD 230637
CLIACT


CLIMATE REPORT
NATIONAL WEATHER SERVICE FORT WORTH TX
137 AM CDT SAT JUL 23 2016


...................................

...THE WACO CLIMATE SUMMARY FOR JULY 22 2016...

CLIMATE NORMAL PERIOD 1981 TO 2010
CLIMATE RECORD PERIOD 1901 TO 2016


WEATHER ITEM   OBSERVED TIME   RECORD YEAR NORMAL DEPARTURE LAST
                VALUE   (LST)  VALUE       VALUE  FROM      YEAR
                                                  NORMAL
..................................................................
TEMPERATURE (F)
 YESTERDAY
  MAXIMUM        101    421 PM 106    1974  97      4       97
  MINIMUM         76    552 AM  61    1970  75      1       77
  AVERAGE         89                        86      3       87

PRECIPITATION (IN)
  YESTERDAY        0.00          1.44 1904   0.05  -0.05     0.00
  MONTH TO DATE    T                         1.28  -1.28     0.00
  SINCE JUN 1      4.59                      4.71  -0.12     5.97
  SINCE JAN 1     27.23                     19.60   7.63    27.31

DEGREE DAYS
 HEATING
  YESTERDAY        0                         0      0        0
  MONTH TO DATE    0                         0      0        0
  SINCE JUN 1      0                         0      0        0
  SINCE JUL 1      0                         0      0        0

 COOLING
  YESTERDAY       24                        21      3       22
  MONTH TO DATE  496                       437     59      441
  SINCE JUN 1   1025                       925    100      945
  SINCE JAN 1   1416                      1377     39     1380
..................................................................


WIND (MPH)
  HIGHEST WIND SPEED    16   HIGHEST WIND DIRECTION     S (170)
  HIGHEST GUST SPEED    21   HIGHEST GUST DIRECTION     S (180)
  AVERAGE WIND SPEED     8.1


SKY COVER
  POSSIBLE SUNSHINE  MM
  AVERAGE SKY COVER 0.0


WEATHER CONDITIONS
 THE FOLLOWING WEATHER WAS RECORDED YESTERDAY.
  NO SIGNIFICANT WEATHER WAS OBSERVED.


RELATIVE HUMIDITY (PERCENT)
 HIGHEST    82           600 AM
 LOWEST     27           300 PM
 AVERAGE    55

..........................................................


THE WACO CLIMATE NORMALS FOR TODAY
                         NORMAL    RECORD    YEAR
 MAXIMUM TEMPERATURE (F)   97       107      1974
 MINIMUM TEMPERATURE (F)   75        62      1915


SUNRISE AND SUNSET
JULY 23 2016..........SUNRISE   640 AM CDT   SUNSET   831 PM CDT
JULY 24 2016..........SUNRISE   640 AM CDT   SUNSET   830 PM CDT


-  INDICATES NEGATIVE NUMBERS.
R  INDICATES RECORD WAS SET OR TIED.
MM INDICATES DATA IS MISSING.
T  INDICATES TRACE AMOUNT.




$$
