000
CDUS44 KFWD 252126
CLIACT


CLIMATE REPORT
NATIONAL WEATHER SERVICE FORT WORTH TX
425 PM CDT MON MAY 25 2015


...................................

...THE WACO CLIMATE SUMMARY FOR MAY 25 2015...
VALID AS OF 0400 PM LOCAL TIME.

CLIMATE NORMAL PERIOD 1981 TO 2010
CLIMATE RECORD PERIOD 1901 TO 2015


WEATHER ITEM   OBSERVED TIME   RECORD YEAR NORMAL DEPARTURE LAST
                VALUE   (LST)  VALUE       VALUE  FROM      YEAR
                                                  NORMAL
..................................................................
TEMPERATURE (F)
 TODAY
  MAXIMUM         78   1031 AM  98    2011  87     -9       84
  MINIMUM         64    259 PM  53    1979  66     -2       69
  AVERAGE         71

PRECIPITATION (IN)
  TODAY            1.32          2.67 1933   0.14   1.18     0.90
  MONTH TO DATE    7.59                      3.43   4.16     6.18
  SINCE MAR 1     14.93                      9.27   5.66     8.81
  SINCE JAN 1     19.66                     14.02   5.64     9.57

..................................................................


WIND (MPH)
  HIGHEST WIND SPEED    32   HIGHEST WIND DIRECTION    NW (310)
  HIGHEST GUST SPEED    41   HIGHEST GUST DIRECTION    NW (300)
  AVERAGE WIND SPEED    12.1




..........................................................


THE WACO CLIMATE NORMALS FOR TOMORROW
                         NORMAL    RECORD    YEAR
 MAXIMUM TEMPERATURE (F)   87        98      1904
 MINIMUM TEMPERATURE (F)   67        54      1947


SUNRISE AND SUNSET
MAY 25 2015...........SUNRISE   627 AM CDT   SUNSET   825 PM CDT
MAY 26 2015...........SUNRISE   627 AM CDT   SUNSET   826 PM CDT


-  INDICATES NEGATIVE NUMBERS.
R  INDICATES RECORD WAS SET OR TIED.
MM INDICATES DATA IS MISSING.
T  INDICATES TRACE AMOUNT.




$$
