000
CDUS44 KFWD 272133
CLIACT


CLIMATE REPORT
NATIONAL WEATHER SERVICE FORT WORTH TX
432 PM CDT MON JUL 27 2015


...................................

...THE WACO CLIMATE SUMMARY FOR JULY 27 2015...
VALID AS OF 0400 PM LOCAL TIME.

CLIMATE NORMAL PERIOD 1981 TO 2010
CLIMATE RECORD PERIOD 1901 TO 2015


WEATHER ITEM   OBSERVED TIME   RECORD YEAR NORMAL DEPARTURE LAST
                VALUE   (LST)  VALUE       VALUE  FROM      YEAR
                                                  NORMAL
..................................................................
TEMPERATURE (F)
 TODAY
  MAXIMUM         99    218 PM 105    2011  98      1       99
                                      1977
                                      1960
  MINIMUM         78    613 AM  66    1911  75      3       77
  AVERAGE         89

PRECIPITATION (IN)
  TODAY            0.00          0.85 1928   0.05  -0.05     0.00
  MONTH TO DATE    0.00                      1.56  -1.56     0.15
  SINCE JUN 1      5.97                      4.99   0.98     8.46
  SINCE JAN 1     27.31                     19.88   7.43    19.60

..................................................................


WIND (MPH)
  HIGHEST WIND SPEED    16   HIGHEST WIND DIRECTION     S (170)
  HIGHEST GUST SPEED    21   HIGHEST GUST DIRECTION     S (180)
  AVERAGE WIND SPEED    10.1




..........................................................


THE WACO CLIMATE NORMALS FOR TOMORROW
                         NORMAL    RECORD    YEAR
 MAXIMUM TEMPERATURE (F)   98       106      1969
 MINIMUM TEMPERATURE (F)   75        60      1994


SUNRISE AND SUNSET
JULY 27 2015..........SUNRISE   642 AM CDT   SUNSET   829 PM CDT
JULY 28 2015..........SUNRISE   642 AM CDT   SUNSET   828 PM CDT


-  INDICATES NEGATIVE NUMBERS.
R  INDICATES RECORD WAS SET OR TIED.
MM INDICATES DATA IS MISSING.
T  INDICATES TRACE AMOUNT.




$$
