000
CDUS44 KFWD 230644
CLIACT


CLIMATE REPORT
NATIONAL WEATHER SERVICE FORT WORTH TX
1244 AM CST THU FEB 23 2017


...................................

...THE WACO CLIMATE SUMMARY FOR FEBRUARY 22 2017...

CLIMATE NORMAL PERIOD 1981 TO 2010
CLIMATE RECORD PERIOD 1901 TO 2017


WEATHER ITEM   OBSERVED TIME   RECORD YEAR NORMAL DEPARTURE LAST
                VALUE   (LST)  VALUE       VALUE  FROM      YEAR
                                                  NORMAL
..................................................................
TEMPERATURE (F)
 YESTERDAY
  MAXIMUM         81    304 PM  96    1996  63     18       66
  MINIMUM         40    639 AM  21    1939  42     -2       52
  AVERAGE         61                        52      9       59

PRECIPITATION (IN)
  YESTERDAY        0.00          2.97 1928   0.10  -0.10      T
  MONTH TO DATE    3.05                      2.00   1.05     1.09
  SINCE DEC 1      7.43                      6.87   0.56     5.00
  SINCE JAN 1      6.16                      4.12   2.04     1.38

SNOWFALL (IN)
  YESTERDAY        0.0           4.2  1966   0.0    0.0      0.0
  MONTH TO DATE    0.0                       0.3   -0.3      0.0
  SINCE DEC 1      T                         0.6   -0.6      0.0
  SINCE JUL 1      T                         0.7   -0.7      0.0
  SNOW DEPTH       0

DEGREE DAYS
 HEATING
  YESTERDAY        4                        13     -9        6
  MONTH TO DATE  130                       331   -201      234
  SINCE DEC 1    989                      1411   -422     1164
  SINCE JUL 1   1132                      1739   -607     1399

 COOLING
  YESTERDAY        0                         0      0        0
  MONTH TO DATE   32                         0     32        8
  SINCE DEC 1     64                         8     56       13
  SINCE JAN 1     41                         3     38        8
..................................................................


WIND (MPH)
  HIGHEST WIND SPEED    13   HIGHEST WIND DIRECTION     S (170)
  HIGHEST GUST SPEED    16   HIGHEST GUST DIRECTION     S (160)
  AVERAGE WIND SPEED     6.9


SKY COVER
  POSSIBLE SUNSHINE  MM
  AVERAGE SKY COVER 0.0


WEATHER CONDITIONS
 THE FOLLOWING WEATHER WAS RECORDED YESTERDAY.
  NO SIGNIFICANT WEATHER WAS OBSERVED.


RELATIVE HUMIDITY (PERCENT)
 HIGHEST    96           400 AM
 LOWEST     32           100 PM
 AVERAGE    64

..........................................................


THE WACO CLIMATE NORMALS FOR TODAY
                         NORMAL    RECORD    YEAR
 MAXIMUM TEMPERATURE (F)   63        89      1996
 MINIMUM TEMPERATURE (F)   42        23      1939
                                             1914


SUNRISE AND SUNSET
FEBRUARY 23 2017......SUNRISE   702 AM CST   SUNSET   623 PM CST
FEBRUARY 24 2017......SUNRISE   701 AM CST   SUNSET   623 PM CST


-  INDICATES NEGATIVE NUMBERS.
R  INDICATES RECORD WAS SET OR TIED.
MM INDICATES DATA IS MISSING.
T  INDICATES TRACE AMOUNT.




$$
