000
CDUS44 KFWD 222224
CLIACT


CLIMATE REPORT
NATIONAL WEATHER SERVICE FORT WORTH TX
424 PM CST SUN JAN 22 2017


...................................

...THE WACO CLIMATE SUMMARY FOR JANUARY 22 2017...
VALID AS OF 0400 PM LOCAL TIME.

CLIMATE NORMAL PERIOD 1981 TO 2010
CLIMATE RECORD PERIOD 1901 TO 2017


WEATHER ITEM   OBSERVED TIME   RECORD YEAR NORMAL DEPARTURE LAST
                VALUE   (LST)  VALUE       VALUE  FROM      YEAR
                                                  NORMAL
..................................................................
TEMPERATURE (F)
 TODAY
  MAXIMUM         66    359 PM  88    1943  59      7       50
  MINIMUM         53    629 AM  11    1930  36     17       32
  AVERAGE         60

PRECIPITATION (IN)
  TODAY            0.00          1.31 2015   0.07  -0.07     0.00
  MONTH TO DATE    3.11                      1.44   1.67     0.29
  SINCE DEC 1      4.38                      4.19   0.19     3.91
  SINCE JAN 1      3.11                      1.44   1.67     0.29

SNOWFALL (IN)
  TODAY            0.0           2.8  1940   0.0    0.0      0.0
  MONTH TO DATE    0.0                       0.2   -0.2      0.0
  SINCE DEC 1      T                         0.2   -0.2      0.0
  SINCE JUL 1      T                         0.3   -0.3      0.0
  SNOW DEPTH       0

..................................................................


WIND (MPH)
  HIGHEST WIND SPEED    35   HIGHEST WIND DIRECTION    NW (310)
  HIGHEST GUST SPEED    46   HIGHEST GUST DIRECTION    NW (300)
  AVERAGE WIND SPEED    19.8




..........................................................


THE WACO CLIMATE NORMALS FOR TOMORROW
                         NORMAL    RECORD    YEAR
 MAXIMUM TEMPERATURE (F)   59        90      1943
 MINIMUM TEMPERATURE (F)   36         7      1940


SUNRISE AND SUNSET
JANUARY 22 2017.......SUNRISE   727 AM CST   SUNSET   555 PM CST
JANUARY 23 2017.......SUNRISE   726 AM CST   SUNSET   556 PM CST


-  INDICATES NEGATIVE NUMBERS.
R  INDICATES RECORD WAS SET OR TIED.
MM INDICATES DATA IS MISSING.
T  INDICATES TRACE AMOUNT.




$$
