000
CDUS41 KPHI 110635
CLIACY


CLIMATE REPORT
NATIONAL WEATHER SERVICE MOUNT HOLLY NJ
131 AM EST THU FEB 11 2016


...................................

...THE ATLANTIC CITY NJ CLIMATE SUMMARY FOR FEBRUARY 10 2016...

CLIMATE NORMAL PERIOD 1981 TO 2010
CLIMATE RECORD PERIOD 1874 TO 2016


WEATHER ITEM   OBSERVED TIME   RECORD YEAR NORMAL DEPARTURE LAST
                VALUE   (LST)  VALUE       VALUE  FROM      YEAR
                                                  NORMAL
..................................................................
TEMPERATURE (F)
 YESTERDAY
  MAXIMUM         37    113 PM  60    2001  43     -6       41
                                      1959
  MINIMUM         28   1159 PM  -7    1979  26      2       28
                                      1899
  AVERAGE         33                        34     -1       35

PRECIPITATION (IN)
  YESTERDAY        0.05          0.90 2010   0.10  -0.05     0.00
  MONTH TO DATE    1.64                      0.97   0.67     1.10
  SINCE DEC 1      9.92                      7.88   2.04    11.91
  SINCE JAN 1      4.48                      4.19   0.29     6.38

SNOWFALL (IN)
  YESTERDAY        0.5          11.1  1967   0.2    0.3      0.0
  MONTH TO DATE    2.8                       2.5    0.3       T
  SINCE DEC 1     19.5                      10.7    8.8      5.2
  SINCE JUL 1     19.5                      10.9    8.6      5.2
  SNOW DEPTH       T

DEGREE DAYS
 HEATING
  YESTERDAY       32                        31      1       30
  MONTH TO DATE  250                       312    -62      330
  SINCE DEC 1   1661                      2166   -505     2170
  SINCE JUL 1   2356                      3073   -717     3077

 COOLING
  YESTERDAY        0                         0      0        0
  MONTH TO DATE    0                         0      0        0
  SINCE DEC 1      3                         0      3        0
  SINCE JAN 1      0                         0      0        0
..................................................................


WIND (MPH)
  HIGHEST WIND SPEED    23   HIGHEST WIND DIRECTION     W (290)
  HIGHEST GUST SPEED    29   HIGHEST GUST DIRECTION     W (290)
  AVERAGE WIND SPEED    12.8


SKY COVER
  POSSIBLE SUNSHINE  MM
  AVERAGE SKY COVER 0.9


WEATHER CONDITIONS
 THE FOLLOWING WEATHER WAS RECORDED YESTERDAY.
  LIGHT SNOW
  FOG
  HAZE


RELATIVE HUMIDITY (PERCENT)
 HIGHEST    92           800 AM
 LOWEST     43          1000 PM
 AVERAGE    68

..........................................................


THE ATLANTIC CITY NJ CLIMATE NORMALS FOR TODAY
                         NORMAL    RECORD    YEAR
 MAXIMUM TEMPERATURE (F)   43        69      2009
 MINIMUM TEMPERATURE (F)   26        -8      1979


SUNRISE AND SUNSET
FEBRUARY 11 2016......SUNRISE   656 AM EST   SUNSET   530 PM EST
FEBRUARY 12 2016......SUNRISE   655 AM EST   SUNSET   531 PM EST


-  INDICATES NEGATIVE NUMBERS.
R  INDICATES RECORD WAS SET OR TIED.
MM INDICATES DATA IS MISSING.
T  INDICATES TRACE AMOUNT.




$$
