000
CDUS41 KPHI 200629
CLIACY


CLIMATE REPORT
NATIONAL WEATHER SERVICE MOUNT HOLLY NJ
127 AM EST MON FEB 20 2017


...................................

...THE ATLANTIC CITY NJ CLIMATE SUMMARY FOR FEBRUARY 19 2017...

CLIMATE NORMAL PERIOD 1981 TO 2010
CLIMATE RECORD PERIOD 1874 TO 2017


WEATHER ITEM   OBSERVED TIME   RECORD YEAR NORMAL DEPARTURE LAST
                VALUE   (LST)  VALUE       VALUE  FROM      YEAR
                                                  NORMAL
..................................................................
TEMPERATURE (F)
 YESTERDAY
  MAXIMUM         71    309 PM  73    1961  45     26       41
  MINIMUM         43   1138 PM   4    1903  27     16       17
  AVERAGE         57                        36     21       29

PRECIPITATION (IN)
  YESTERDAY        0.00          1.70 1927   0.10  -0.10     0.00
  MONTH TO DATE    0.97                      1.87  -0.90     3.02
  SINCE DEC 1      8.44                      8.78  -0.34    11.30
  SINCE JAN 1      5.15                      5.09   0.06     5.86

SNOWFALL (IN)
  YESTERDAY        0.0          16.6  1979   0.3   -0.3      0.0
  MONTH TO DATE    0.3                       4.9   -4.6      3.9
  SINCE DEC 1      7.5                      13.1   -5.6     20.6
  SINCE JUL 1      7.5                      13.3   -5.8     20.6
  SNOW DEPTH       0

DEGREE DAYS
 HEATING
  YESTERDAY        8                        29    -21       36
  MONTH TO DATE  464                       579   -115      583
  SINCE DEC 1   2102                      2433   -331     1994
  SINCE JUL 1   2849                      3340   -491     2689

 COOLING
  YESTERDAY        0                         0      0        0
  MONTH TO DATE    0                         0      0        0
  SINCE DEC 1      0                         0      0        3
  SINCE JAN 1      0                         0      0        0
..................................................................


WIND (MPH)
  HIGHEST WIND SPEED    16   HIGHEST WIND DIRECTION    NW (330)
  HIGHEST GUST SPEED    20   HIGHEST GUST DIRECTION    NW (330)
  AVERAGE WIND SPEED     7.0


SKY COVER
  POSSIBLE SUNSHINE  MM
  AVERAGE SKY COVER 0.2


WEATHER CONDITIONS
 THE FOLLOWING WEATHER WAS RECORDED YESTERDAY.
  NO SIGNIFICANT WEATHER WAS OBSERVED.


RELATIVE HUMIDITY (PERCENT)
 HIGHEST    61          1000 PM
 LOWEST     28           300 PM
 AVERAGE    45

..........................................................


THE ATLANTIC CITY NJ CLIMATE NORMALS FOR TODAY
                         NORMAL    RECORD    YEAR
 MAXIMUM TEMPERATURE (F)   45        71      1930
 MINIMUM TEMPERATURE (F)   27        -1      2015


SUNRISE AND SUNSET
FEBRUARY 20 2017......SUNRISE   643 AM EST   SUNSET   541 PM EST
FEBRUARY 21 2017......SUNRISE   642 AM EST   SUNSET   542 PM EST


-  INDICATES NEGATIVE NUMBERS.
R  INDICATES RECORD WAS SET OR TIED.
MM INDICATES DATA IS MISSING.
T  INDICATES TRACE AMOUNT.




$$
