000
CDUS41 KPHI 170628
CLIACY


CLIMATE REPORT
NATIONAL WEATHER SERVICE MOUNT HOLLY NJ
228 AM EDT WED SEP 17 2014


...................................

...THE ATLANTIC CITY NJ CLIMATE SUMMARY FOR SEPTEMBER 16 2014...

CLIMATE NORMAL PERIOD 1981 TO 2010
CLIMATE RECORD PERIOD 1874 TO 2014


WEATHER ITEM   OBSERVED TIME   RECORD YEAR NORMAL DEPARTURE LAST
                VALUE   (LST)  VALUE       VALUE  FROM      YEAR
                                                  NORMAL
..................................................................
TEMPERATURE (F)
 YESTERDAY
  MAXIMUM         76    135 PM  93    1998  77     -1       71
                                      1991
  MINIMUM         54    344 AM  42    1988  58     -4       55
  AVERAGE         65                        67     -2       63

PRECIPITATION (IN)
  YESTERDAY        T             2.43 1999   0.11  -0.11     0.03
  MONTH TO DATE    1.05                      1.56  -0.51     0.71
  SINCE SEP 1      1.05                      1.56  -0.51     0.71
  SINCE JAN 1     37.77                     29.78   7.99    32.13

SNOWFALL (IN)
  YESTERDAY        0.0           0.0  1903   0.0    0.0      0.0
  MONTH TO DATE    0.0                       0.0    0.0      0.0
  SINCE SEP 1      0.0                       0.0    0.0      0.0
  SINCE JUL 1      0.0                       0.0    0.0      0.0
  SNOW DEPTH       0

DEGREE DAYS
 HEATING
  YESTERDAY        0                         2     -2        2
  MONTH TO DATE   10                        15     -5       22
  SINCE SEP 1     10                        15     -5       22
  SINCE JUL 1     10                        18     -8       22

 COOLING
  YESTERDAY        0                         4     -4        0
  MONTH TO DATE  111                        90     21       96
  SINCE SEP 1    111                        90     21       96
  SINCE JAN 1    823                       999   -176     1052
..................................................................


WIND (MPH)
  HIGHEST WIND SPEED    18   HIGHEST WIND DIRECTION    NW (320)
  HIGHEST GUST SPEED    25   HIGHEST GUST DIRECTION     N (350)
  AVERAGE WIND SPEED     6.3


SKY COVER
  POSSIBLE SUNSHINE  MM
  AVERAGE SKY COVER 0.6


WEATHER CONDITIONS
 THE FOLLOWING WEATHER WAS RECORDED YESTERDAY.
  LIGHT RAIN


RELATIVE HUMIDITY (PERCENT)
 HIGHEST   100          1100 PM
 LOWEST     46           100 PM
 AVERAGE    73

..........................................................


THE ATLANTIC CITY NJ CLIMATE NORMALS FOR TODAY
                         NORMAL    RECORD    YEAR
 MAXIMUM TEMPERATURE (F)   77        93      1991
 MINIMUM TEMPERATURE (F)   57        40      1990
                                             1986


SUNRISE AND SUNSET
SEPTEMBER 17 2014.....SUNRISE   641 AM EDT   SUNSET   704 PM EDT
SEPTEMBER 18 2014.....SUNRISE   642 AM EDT   SUNSET   702 PM EDT


-  INDICATES NEGATIVE NUMBERS.
R  INDICATES RECORD WAS SET OR TIED.
MM INDICATES DATA IS MISSING.
T  INDICATES TRACE AMOUNT.




$$
