999
CDUS41 KPHI 240627
CLIACY


CLIMATE REPORT
NATIONAL WEATHER SERVICE MOUNT HOLLY NJ
227 AM EDT MON APR 24 2017


...................................

...THE ATLANTIC CITY NJ CLIMATE SUMMARY FOR APRIL 23 2017...

CLIMATE NORMAL PERIOD 1981 TO 2010
CLIMATE RECORD PERIOD 1874 TO 2017


WEATHER ITEM   OBSERVED TIME   RECORD YEAR NORMAL DEPARTURE LAST
                VALUE   (LST)  VALUE       VALUE  FROM      YEAR
                                                  NORMAL
..................................................................
TEMPERATURE (F)
 YESTERDAY
  MAXIMUM         59   1259 PM  85    2007  64     -5       68
                                      1952
  MINIMUM         45    612 AM  24    1989  44      1       50
  AVERAGE         52                        54     -2       59

PRECIPITATION (IN)
  YESTERDAY        0.00          1.09 1928   0.11  -0.11     0.14
  MONTH TO DATE    1.53                      2.88  -1.35     2.42
  SINCE MAR 1      7.15                      7.09   0.06     5.54
  SINCE JAN 1     12.70                     13.18  -0.48    12.89

SNOWFALL (IN)
  YESTERDAY        0.0           T    1986   0.0    0.0      0.0
  MONTH TO DATE    0.0                       0.3   -0.3      1.8
  SINCE MAR 1      0.2                       1.4   -1.2      6.9
  SINCE JUL 1      7.7                      16.5   -8.8     27.5
  SNOW DEPTH       0

DEGREE DAYS
 HEATING
  YESTERDAY       13                        11      2        6
  MONTH TO DATE  219                       336   -117      359
  SINCE MAR 1    938                      1042   -104      890
  SINCE JUL 1   3934                      4633   -699     3771

 COOLING
  YESTERDAY        0                         0      0        0
  MONTH TO DATE   10                         0     10        8
  SINCE MAR 1     10                         0     10       11
  SINCE JAN 1     10                         0     10       11
..................................................................


WIND (MPH)
  HIGHEST WIND SPEED    16   HIGHEST WIND DIRECTION     E (70)
  HIGHEST GUST SPEED    21   HIGHEST GUST DIRECTION    SE (130)
  AVERAGE WIND SPEED     7.2


SKY COVER
  POSSIBLE SUNSHINE  MM
  AVERAGE SKY COVER 0.1


WEATHER CONDITIONS
 THE FOLLOWING WEATHER WAS RECORDED YESTERDAY.
  NO SIGNIFICANT WEATHER WAS OBSERVED.


RELATIVE HUMIDITY (PERCENT)
 HIGHEST    89           300 AM
 LOWEST     57          1000 AM
 AVERAGE    73

..........................................................


THE ATLANTIC CITY NJ CLIMATE NORMALS FOR TODAY
                         NORMAL    RECORD    YEAR
 MAXIMUM TEMPERATURE (F)   65        85      2001
 MINIMUM TEMPERATURE (F)   44        26      1989


SUNRISE AND SUNSET
APRIL 24 2017.........SUNRISE   608 AM EDT   SUNSET   745 PM EDT
APRIL 25 2017.........SUNRISE   607 AM EDT   SUNSET   746 PM EDT


-  INDICATES NEGATIVE NUMBERS.
R  INDICATES RECORD WAS SET OR TIED.
MM INDICATES DATA IS MISSING.
T  INDICATES TRACE AMOUNT.




$$
