000
CDUS41 KPHI 042135
CLIACY


CLIMATE REPORT
NATIONAL WEATHER SERVICE MOUNT HOLLY NJ
533 PM EDT FRI SEP 4 2015


...................................

...THE ATLANTIC CITY NJ CLIMATE SUMMARY FOR SEPTEMBER 4 2015...
VALID TODAY AS OF 0500 PM LOCAL TIME.

CLIMATE NORMAL PERIOD 1981 TO 2010
CLIMATE RECORD PERIOD 1874 TO 2015


WEATHER ITEM   OBSERVED TIME   RECORD YEAR NORMAL DEPARTURE LAST
                VALUE   (LST)  VALUE       VALUE  FROM      YEAR
                                                  NORMAL
..................................................................
TEMPERATURE (F)
 TODAY
  MAXIMUM         88   1211 PM  92    2008  81      7       84
                                      1985
                                      1964
  MINIMUM         66    440 AM  48    1976  62      4       60
                                      1883
  AVERAGE         77                        71      6       72

PRECIPITATION (IN)
  TODAY            0.00          2.77 1935   0.08  -0.08     0.00
  MONTH TO DATE    0.00                      0.40  -0.40     0.30
  SINCE SEP 1      0.00                      0.40  -0.40     0.30
  SINCE JAN 1     32.45                     28.62   3.83    37.02

SNOWFALL (IN)
  TODAY            0.0           0.0  1903   0.0    0.0      0.0
  MONTH TO DATE    0.0                       0.0    0.0      0.0
  SINCE SEP 1      0.0                       0.0    0.0      0.0
  SINCE JUL 1      0.0                       0.0    0.0      0.0
  SNOW DEPTH       0

DEGREE DAYS
 HEATING
  TODAY            0                         1     -1        0
  MONTH TO DATE    0                         1     -1        0
  SINCE SEP 1      0                         1     -1        0
  SINCE JUL 1      0                         4     -4        0

 COOLING
  TODAY           12                         7      5        7
  MONTH TO DATE   58                        28     30       49
  SINCE SEP 1     58                        28     30       49
  SINCE JAN 1   1138                       937    201      761
..................................................................


WIND (MPH)
  HIGHEST WIND SPEED    22   HIGHEST WIND DIRECTION    NE (60)
  HIGHEST GUST SPEED    27   HIGHEST GUST DIRECTION    NE (60)
  AVERAGE WIND SPEED     6.8


SKY COVER
  POSSIBLE SUNSHINE  MM
  AVERAGE SKY COVER 0.1


WEATHER CONDITIONS
 THE FOLLOWING WEATHER WAS RECORDED TODAY.
  FOG
  HAZE


RELATIVE HUMIDITY (PERCENT)
 HIGHEST    97           600 AM
 LOWEST     53          1100 AM
 AVERAGE    75

..........................................................


THE ATLANTIC CITY NJ CLIMATE NORMALS FOR TOMORROW
                         NORMAL    RECORD    YEAR
 MAXIMUM TEMPERATURE (F)   80        94      1880
 MINIMUM TEMPERATURE (F)   61        44      1994


SUNRISE AND SUNSET
SEPTEMBER  4 2015.....SUNRISE   629 AM EDT   SUNSET   725 PM EDT
SEPTEMBER  5 2015.....SUNRISE   630 AM EDT   SUNSET   723 PM EDT


-  INDICATES NEGATIVE NUMBERS.
R  INDICATES RECORD WAS SET OR TIED.
MM INDICATES DATA IS MISSING.
T  INDICATES TRACE AMOUNT.




$$
