000
CDUS41 KPHI 250632
CLIACY


CLIMATE REPORT
NATIONAL WEATHER SERVICE MOUNT HOLLY NJ
231 AM EDT SAT MAR 25 2017


...................................

...THE ATLANTIC CITY NJ CLIMATE SUMMARY FOR MARCH 24 2017...

CLIMATE NORMAL PERIOD 1981 TO 2010
CLIMATE RECORD PERIOD 1874 TO 2017


WEATHER ITEM   OBSERVED TIME   RECORD YEAR NORMAL DEPARTURE LAST
                VALUE   (LST)  VALUE       VALUE  FROM      YEAR
                                                  NORMAL
..................................................................
TEMPERATURE (F)
 YESTERDAY
  MAXIMUM         58    133 PM  78    1929  54      4       63
  MINIMUM         28    445 AM  16    1885  35     -7       39
  AVERAGE         43                        44     -1       51

PRECIPITATION (IN)
  YESTERDAY        0.00          1.08 1912   0.14  -0.14     0.00
  MONTH TO DATE    3.71                      3.22   0.49     2.37
  SINCE MAR 1      3.71                      3.22   0.49     2.37
  SINCE JAN 1      9.26                      9.31  -0.05     9.72

SNOWFALL (IN)
  YESTERDAY        0.0           2.4  1990   0.0    0.0      0.0
  MONTH TO DATE    0.2                       1.0   -0.8      5.1
  SINCE MAR 1      0.2                       1.0   -0.8      5.1
  SINCE JUL 1      7.7                      16.1   -8.4     25.7
  SNOW DEPTH       0

DEGREE DAYS
 HEATING
  YESTERDAY       22                        20      2       14
  MONTH TO DATE  620                       571     49      437
  SINCE MAR 1    620                       571     49      437
  SINCE JUL 1   3616                      4162   -546     3318

 COOLING
  YESTERDAY        0                         0      0        0
  MONTH TO DATE    0                         0      0        3
  SINCE MAR 1      0                         0      0        3
  SINCE JAN 1      0                         0      0        3
..................................................................


WIND (MPH)
  HIGHEST WIND SPEED    24   HIGHEST WIND DIRECTION    SW (220)
  HIGHEST GUST SPEED    33   HIGHEST GUST DIRECTION    SW (210)
  AVERAGE WIND SPEED     9.9


SKY COVER
  POSSIBLE SUNSHINE  MM
  AVERAGE SKY COVER 0.1


WEATHER CONDITIONS
 THE FOLLOWING WEATHER WAS RECORDED YESTERDAY.
  NO SIGNIFICANT WEATHER WAS OBSERVED.


RELATIVE HUMIDITY (PERCENT)
 HIGHEST    85           500 AM
 LOWEST     24          1100 AM
 AVERAGE    55

..........................................................


THE ATLANTIC CITY NJ CLIMATE NORMALS FOR TODAY
                         NORMAL    RECORD    YEAR
 MAXIMUM TEMPERATURE (F)   54        79      1963
 MINIMUM TEMPERATURE (F)   35        10      1878


SUNRISE AND SUNSET
MARCH 25 2017.........SUNRISE   653 AM EDT   SUNSET   716 PM EDT
MARCH 26 2017.........SUNRISE   652 AM EDT   SUNSET   716 PM EDT


-  INDICATES NEGATIVE NUMBERS.
R  INDICATES RECORD WAS SET OR TIED.
MM INDICATES DATA IS MISSING.
T  INDICATES TRACE AMOUNT.




$$
