000
CDUS41 KPHI 020630
CLIACY


CLIMATE REPORT
NATIONAL WEATHER SERVICE MOUNT HOLLY NJ
227 AM EDT TUE JUN 2 2015


...................................

...THE ATLANTIC CITY NJ CLIMATE SUMMARY FOR JUNE 1 2015...

CLIMATE NORMAL PERIOD 1981 TO 2010
CLIMATE RECORD PERIOD 1874 TO 2015


WEATHER ITEM   OBSERVED TIME   RECORD YEAR NORMAL DEPARTURE LAST
                VALUE   (LST)  VALUE       VALUE  FROM      YEAR
                                                  NORMAL
..................................................................
TEMPERATURE (F)
 YESTERDAY
  MAXIMUM         82    125 PM  97    1895  76      6       73
  MINIMUM         59    836 PM  37    1967  56      3       45
  AVERAGE         71                        66      5       59

PRECIPITATION (IN)
  YESTERDAY        2.22R         0.93 1979   0.11   2.11     0.00
  MONTH TO DATE    2.22                      0.11   2.11     0.00
  SINCE JUN 1      2.22                      0.11   2.11     0.00
  SINCE JAN 1     20.18                     17.39   2.79    20.18

SNOWFALL (IN)
  YESTERDAY        0.0           0.0  1903   0.0    0.0      0.0
  MONTH TO DATE    0.0                       0.0    0.0      0.0
  SINCE JUN 1      0.0                       0.0    0.0      0.0
  SINCE JUL 1     22.4                      16.5    5.9     43.8
  SNOW DEPTH       0

DEGREE DAYS
 HEATING
  YESTERDAY        0                         2     -2        6
  MONTH TO DATE    0                         2     -2        6
  SINCE JUN 1      0                         2     -2        6
  SINCE JUL 1   5154                      4880    274     5303

 COOLING
  YESTERDAY        6                         4      2        0
  MONTH TO DATE    6                         4      2        0
  SINCE JUN 1      6                         4      2        0
  SINCE JAN 1    140                        68     72       36
..................................................................


WIND (MPH)
  HIGHEST WIND SPEED    15   HIGHEST WIND DIRECTION    NE (30)
  HIGHEST GUST SPEED    22   HIGHEST GUST DIRECTION     S (180)
  AVERAGE WIND SPEED     8.1


SKY COVER
  POSSIBLE SUNSHINE  MM
  AVERAGE SKY COVER 0.6


WEATHER CONDITIONS
 THE FOLLOWING WEATHER WAS RECORDED YESTERDAY.
  THUNDERSTORM
  HEAVY RAIN
  RAIN
  LIGHT RAIN
  FOG


RELATIVE HUMIDITY (PERCENT)
 HIGHEST   100          1000 PM
 LOWEST     67           200 PM
 AVERAGE    84

..........................................................


THE ATLANTIC CITY NJ CLIMATE NORMALS FOR TODAY
                         NORMAL    RECORD    YEAR
 MAXIMUM TEMPERATURE (F)   76        95      1923
                                             1895
 MINIMUM TEMPERATURE (F)   57        39      1966


SUNRISE AND SUNSET
JUNE  2 2015..........SUNRISE   533 AM EDT   SUNSET   820 PM EDT
JUNE  3 2015..........SUNRISE   533 AM EDT   SUNSET   821 PM EDT


-  INDICATES NEGATIVE NUMBERS.
R  INDICATES RECORD WAS SET OR TIED.
MM INDICATES DATA IS MISSING.
T  INDICATES TRACE AMOUNT.




$$
