091
CDUS41 KPHI 220546
CLIACY


CLIMATE REPORT
NATIONAL WEATHER SERVICE MOUNT HOLLY NJ
145 AM EDT FRI SEP 22 2017


...................................

...THE ATLANTIC CITY NJ CLIMATE SUMMARY FOR SEPTEMBER 21 2017...

CLIMATE NORMAL PERIOD 1981 TO 2010
CLIMATE RECORD PERIOD 1874 TO 2017


WEATHER ITEM   OBSERVED TIME   RECORD YEAR NORMAL DEPARTURE LAST
                VALUE   (LST)  VALUE       VALUE  FROM      YEAR
                                                  NORMAL
..................................................................
TEMPERATURE (F)
 YESTERDAY
  MAXIMUM         85    229 PM  90    1940  75     10       81
                                      1906
                                      1895
  MINIMUM         66    458 AM  37    1962  55     11       63
  AVERAGE         76                        65     11       72

PRECIPITATION (IN)
  YESTERDAY        0.00          4.50 1938   0.11  -0.11     0.00
  MONTH TO DATE    4.04                      2.11   1.93     2.74
  SINCE SEP 1      4.04                      2.11   1.93     2.74
  SINCE JAN 1     42.61                     30.33  12.28    35.04

SNOWFALL (IN)
  YESTERDAY        0.0           0.0    MM   0.0    0.0      0.0
  MONTH TO DATE    0.0                       0.0    0.0      0.0
  SINCE SEP 1      0.0                       0.0    0.0      0.0
  SINCE JUL 1      0.0                       0.0    0.0      0.0
  SNOW DEPTH       0

DEGREE DAYS
 HEATING
  YESTERDAY        0                         3     -3        0
  MONTH TO DATE   10                        26    -16        2
  SINCE SEP 1     10                        26    -16        2
  SINCE JUL 1     10                        29    -19        2

 COOLING
  YESTERDAY       11                         3      8        7
  MONTH TO DATE  112                       107      5      187
  SINCE SEP 1    112                       107      5      187
  SINCE JAN 1   1129                      1016    113     1290
..................................................................


WIND (MPH)
  HIGHEST WIND SPEED    20   HIGHEST WIND DIRECTION     N (10)
  HIGHEST GUST SPEED    29   HIGHEST GUST DIRECTION     N (350)
  AVERAGE WIND SPEED     6.6


SKY COVER
  POSSIBLE SUNSHINE  MM
  AVERAGE SKY COVER 0.0


WEATHER CONDITIONS
 THE FOLLOWING WEATHER WAS RECORDED YESTERDAY.
  NO SIGNIFICANT WEATHER WAS OBSERVED.


RELATIVE HUMIDITY (PERCENT)
 HIGHEST    93           300 AM
 LOWEST     51          1200 PM
 AVERAGE    72

..........................................................


THE ATLANTIC CITY NJ CLIMATE NORMALS FOR TODAY
                         NORMAL    RECORD    YEAR
 MAXIMUM TEMPERATURE (F)   75        94      1980
 MINIMUM TEMPERATURE (F)   55        38      1997
                                             1991


SUNRISE AND SUNSET
SEPTEMBER 22 2017.....SUNRISE   646 AM EDT   SUNSET   655 PM EDT
SEPTEMBER 23 2017.....SUNRISE   647 AM EDT   SUNSET   653 PM EDT


-  INDICATES NEGATIVE NUMBERS.
R  INDICATES RECORD WAS SET OR TIED.
MM INDICATES DATA IS MISSING.
T  INDICATES TRACE AMOUNT.




$$
