206
CDAK48 PAFC 241256
CLIADQ


CLIMATE REPORT
NATIONAL WEATHER SERVICE ANCHORAGE, AK
355 AM AKST FRI NOV 24 2017


...................................

...THE KODIAK CLIMATE SUMMARY FOR NOVEMBER 23 2017...

CLIMATE NORMAL PERIOD 1981 TO 2010
CLIMATE RECORD PERIOD 1913 TO 2017


WEATHER ITEM   OBSERVED TIME   RECORD YEAR NORMAL DEPARTURE LAST
                VALUE   (LST)  VALUE       VALUE  FROM      YEAR
                                                  NORMAL
..................................................................
TEMPERATURE (F)
 YESTERDAY
  MAXIMUM         39        MM  49    2010  38      1       45
  MINIMUM         27        MM   7    2005  28     -1       39
  AVERAGE         33                        33      0       42

PRECIPITATION (IN)
  YESTERDAY        0.02          2.59 1937   0.24  -0.22     0.34
  MONTH TO DATE    0.77                      5.13  -4.36     8.10
  SINCE SEP 1     13.14                     20.74  -7.60    24.67
  SINCE JAN 1     53.66                     67.53 -13.87    75.97

SNOWFALL (IN)
  YESTERDAY        T             8.9  1991   0.3   -0.3      0.0
  MONTH TO DATE    4.1                       4.0    0.1       T
  SINCE SEP 1      4.3                       5.1   -0.8      0.2
  SINCE JUL 1      4.3                       5.1   -0.8      0.2
  SNOW DEPTH       1

DEGREE DAYS
 HEATING
  YESTERDAY       32                        32      0       23
  MONTH TO DATE  614                       704    -90      606
  SINCE SEP 1   1720                      1933   -213     1640
  SINCE JUL 1   2325                      2566   -241     1981

 COOLING
  YESTERDAY        0                         0      0        0
  MONTH TO DATE    0                         0      0        0
  SINCE SEP 1      0                         0      0        0
  SINCE JAN 1      0                         1     -1       29
..................................................................


WIND (MPH)
  RESULTANT WIND SPEED  10   RESULTANT WIND DIRECTION  NW (300)
  HIGHEST WIND SPEED    21   HIGHEST WIND DIRECTION     N (340)
  HIGHEST GUST SPEED    47   HIGHEST GUST DIRECTION     W (280)
  AVERAGE WIND SPEED    11.1



WEATHER CONDITIONS
 THE FOLLOWING WEATHER WAS RECORDED YESTERDAY.
  LIGHT RAIN
  LIGHT SNOW
  FOG


RELATIVE HUMIDITY (PERCENT)
 HIGHEST    89
 LOWEST     61
 AVERAGE    75

..........................................................


THE KODIAK CLIMATE NORMALS FOR TODAY
                         NORMAL    RECORD    YEAR
 MAXIMUM TEMPERATURE (F)   38        52      1970
 MINIMUM TEMPERATURE (F)   28         5      1927


SUNRISE AND SUNSET
NOVEMBER 24 2017......SUNRISE   916 AM AKST  SUNSET   438 PM AKST
NOVEMBER 25 2017......SUNRISE   918 AM AKST  SUNSET   436 PM AKST


-  INDICATES NEGATIVE NUMBERS.
R  INDICATES RECORD WAS SET OR TIED.
MM INDICATES DATA IS MISSING.
T  INDICATES TRACE AMOUNT.




$$
