450
CDAK48 PAFC 250040
CLIADQ

CLIMATE REPORT
NATIONAL WEATHER SERVICE ANCHORAGE, AK
439 PM AKDT SAT SEP 24 2016


...................................

...THE KODIAK CLIMATE SUMMARY FOR SEPTEMBER 24 2016...
VALID TODAY AS OF 0400 PM LOCAL TIME.

CLIMATE NORMAL PERIOD 1981 TO 2010
CLIMATE RECORD PERIOD 1913 TO 2016


WEATHER ITEM   OBSERVED TIME   RECORD YEAR NORMAL DEPARTURE LAST
                VALUE   (LST)  VALUE       VALUE  FROM      YEAR
                                                  NORMAL
..................................................................
TEMPERATURE (F)
 TODAY
  MAXIMUM         57        MM  64    1951  53      4       52
  MINIMUM         36        MM  29    2015  41     -5       29
  AVERAGE         47                        47      0       41

PRECIPITATION (IN)
  TODAY            0.02          3.28 1939   0.27  -0.25     0.00
  MONTH TO DATE    4.93                      5.63  -0.70     1.50
  SINCE SEP 1      4.93                      5.63  -0.70     1.50
  SINCE JAN 1     56.23                     52.42   3.81    48.98

SNOWFALL (IN)
  TODAY            0.0          MM      MM   0.0    0.0      0.0
  MONTH TO DATE    0.0                       0.0    0.0      0.0
  SINCE SEP 1      0.0                       0.0    0.0      0.0
  SINCE JUL 1      0.0                       0.0    0.0      0.0
  SNOW DEPTH       0

DEGREE DAYS
 HEATING
  TODAY           18                        18      0       24
  MONTH TO DATE  277                       353    -76      335
  SINCE SEP 1    277                       353    -76      335
  SINCE JUL 1    618                       986   -368      741

 COOLING
  TODAY            0                         0      0        0
  MONTH TO DATE    0                         0      0        0
  SINCE SEP 1      0                         0      0        0
  SINCE JAN 1     29                         1     28        1
..................................................................


WIND (MPH)
  RESULTANT WIND SPEED   3   RESULTANT WIND DIRECTION   W (290)
  HIGHEST WIND SPEED     7   HIGHEST WIND DIRECTION     W (290)
  HIGHEST GUST SPEED    MM   HIGHEST GUST DIRECTION    MM
  AVERAGE WIND SPEED     5.6



WEATHER CONDITIONS
 THE FOLLOWING WEATHER WAS RECORDED TODAY.
  LIGHT RAIN
  FOG


RELATIVE HUMIDITY (PERCENT)
 HIGHEST   100
 LOWEST     55
 AVERAGE    78

..........................................................


THE KODIAK CLIMATE NORMALS FOR TOMORROW
                         NORMAL    RECORD    YEAR
 MAXIMUM TEMPERATURE (F)   53        61      1915
 MINIMUM TEMPERATURE (F)   40        27      1992


SUNRISE AND SUNSET
SEPTEMBER 24 2016.....SUNRISE   801 AM AKDT  SUNSET   802 PM AKDT
SEPTEMBER 25 2016.....SUNRISE   803 AM AKDT  SUNSET   759 PM AKDT

CIVIL TWILIGHT
SEPTEMBER 24 2016       START   708 AM AKDT     END   835 PM AKDT
SEPTEMBER 25 2016       START   711 AM AKDT     END   831 PM AKDT



-  INDICATES NEGATIVE NUMBERS.
R  INDICATES RECORD WAS SET OR TIED.
MM INDICATES DATA IS MISSING.
T  INDICATES TRACE AMOUNT.




$$
&&
------------------------------------------------------
AMOUNT OF DAYLIGHT TODAY  (HOUR:MIN)........12:00
GAIN/LOSS SINCE YESTERDAY (HOUR:MIN:SEC)....-0:05:39

-
