000
CDAK48 PADQ 051257
CLIADQ

CLIMATE REPORT
NATIONAL WEATHER SERVICE KODIAK, AK
457 AM AKDT THU MAY 5 2016

...................................
...THE KODIAK AP CLIMATE SUMMARY FOR MAY 4 2016...

CLIMATE NORMAL PERIOD  1981 TO  2010
CLIMATE RECORD PERIOD  1913 TO  2016

WEATHER ITEM   OBSERVED TIME    RECORD YEAR NORMAL DEPARTURE LAST
               VALUE    (LST)   VALUE       VALUE  FROM      YEAR
                                                   NORMAL
...................................................................
TEMPERATURE
YESTERDAY
 MAXIMUM            49  0442 PM    68  2004     48       1     52
 MINIMUM            37  0500 AM    18  1945     36       1     37
 AVERAGE            43                          42       1     45

PRECIPITATION
(INCHES)
 YESTERDAY        0.11           1.91  2008   0.17   -0.06      T
 MONTH TO DATE    1.42                        0.71    0.71   0.29
 SINCE MAR 1     17.66                       12.05    5.61  14.46
 SINCE JAN 1     40.95                       26.48   14.47  33.38

SNOWFALL
(INCHES)
 YESTERDAY         0.0            1.3  1949    0.0     0.0    0.0
 MONTH TO DATE     0.0                         0.1    -0.1    0.0
 SINCE MAR 1       3.6                        19.4   -15.8    4.7
 SINCE JUL 1        MM                        68.8      MM   20.1
 SNOW DEPTH (IN)     0                                          0

DEGREE DAYS
 HEATING
  YESTERDAY         22                          23      -1     20
  MONTH TO DATE     86                          93      -7     89
  SINCE MAR 1     1553                        1912    -359   1738
  SINCE JUL 1     6490                        7785   -1295   6656

 COOLING
  YESTERDAY          0                           0       0      0
  MONTH TO DATE      0                           0       0      0
  SINCE MAR 1        0                           0       0      0
  SINCE JAN 1        0                           0       0      0
...................................................................

WIND (MPH)
 HIGHEST WIND SPEED    15     HIGHEST WIND DIRECTION     60
 HIGHEST GUST SPEED    19     HIGHEST GUST DIRECTION     30
 AVERAGE WIND SPEED   5.1

SKY COVER
  POSSIBLE SUNSHINE    MM          AVERAGE SKY COVER     MM

WEATHER CONDITIONS
 THE FOLLOWING WEATHER WAS RECORDED YESTERDAY.
  FOG
RAIN


RELATIVE HUMIDITY
 HIGHEST RH     MM PERCENT       MM
 LOWEST  RH     MM PERCENT       MM
 AVERAGE RH     MM PERCENT       MM
...................................................................

THE KODIAK CLIMATE NORMALS FOR TODAY
                           NORMAL    RECORD   YEAR
 MAXIMUM TEMPERATURE (F)     48        69     2004
 MINIMUM TEMPERATURE (F)     37        26     1920

SUNRISE AND SUNSET
 MAY 5 2016..........SUNRISE  6:08 AM      SUNSET 10:08 PM
 MAY 6 2016..........SUNRISE  6:06 AM      SUNSET 10:10 PM

-  INDICATES NEGATIVE NUMBERS.
R  INDICATES RECORD HAS BEEN SET OR TIED.
MM INDICATES DATA IS MISSING.
T  INDICATES TRACE OF PRECIPITATION.

&&
-------------------------------------------------------------------

AMOUNT OF DAYLIGHT TODAY  (HOUR:MIN)........16 HOURS 0 MINUTES
GAIN/LOSS SINCE YESTERDAY (HOUR:MIN:SEC)....+0:04:30

$$
CSB MAY 16
