000
CDAK48 PADQ 201058
CLIADQ

CLIMATE REPORT
NATIONAL WEATHER SERVICE KODIAK, AK
158 AM AKST THU NOV 20 2014

...................................
...THE KODIAK AP CLIMATE SUMMARY FOR NOVEMBER 19 2014...

CLIMATE NORMAL PERIOD  1981 TO  2010
CLIMATE RECORD PERIOD  1949 TO  2014

WEATHER ITEM   OBSERVED TIME    RECORD YEAR NORMAL DEPARTURE LAST
               VALUE    (LST)   VALUE       VALUE  FROM      YEAR
                                                   NORMAL
...................................................................
TEMPERATURE
YESTERDAY
 MAXIMUM            44  1156 PM    50  2010     38       6     28
 MINIMUM            34  0913 AM    16  2013     28       6     16
 AVERAGE            39                          33       6     22

PRECIPITATION
(INCHES)
 YESTERDAY        0.03           1.33  2001   0.22   -0.19      T
 MONTH TO DATE   12.20                        4.21    7.99   1.48
 SINCE SEP 1     25.62                       19.82    5.80  18.98
 SINCE JAN 1     74.85                       66.61    8.24  58.89

SNOWFALL
(INCHES)
 YESTERDAY         0.0            8.4  1979    0.3    -0.3      T
 MONTH TO DATE     0.0                         3.0    -3.0      T
 SINCE SEP 1       0.7                         4.1    -3.4    0.0
 SINCE JUL 1       0.7                         4.1    -3.4      T
 SNOW DEPTH (IN)     0                                          T

DEGREE DAYS
 HEATING
  YESTERDAY         26                          32      -6     43
  MONTH TO DATE    433                         576    -143    499
  SINCE SEP 1     1581                        1804    -223   1568
  SINCE JUL 1     2082                        2434    -352   2047

 COOLING
  YESTERDAY          0                           0       0      0
  MONTH TO DATE      0                           0       0      0
  SINCE SEP 1        0                           0       0      0
  SINCE JAN 1        4                           0       4      6
...................................................................

WIND (MPH)
 HIGHEST WIND SPEED    31     HIGHEST WIND DIRECTION    120
 HIGHEST GUST SPEED    39     HIGHEST GUST DIRECTION    130
 AVERAGE WIND SPEED  11.3

SKY COVER
  POSSIBLE SUNSHINE    MM          AVERAGE SKY COVER     MM

WEATHER CONDITIONS
 THE FOLLOWING WEATHER WAS RECORDED YESTERDAY.
  FOG
RAIN


RELATIVE HUMIDITY
 HIGHEST RH     MM PERCENT       MM
 LOWEST  RH     MM PERCENT       MM
 AVERAGE RH     MM PERCENT       MM
...................................................................

THE KODIAK CLIMATE NORMALS FOR TODAY
                           NORMAL    RECORD   YEAR
 MAXIMUM TEMPERATURE (F)     38        48     2003
 MINIMUM TEMPERATURE (F)     28        10     1974

SUNRISE AND SUNSET
 NOV 20 2014..........SUNRISE  9:07 AM      SUNSET  4:45 PM
 NOV 21 2014..........SUNRISE  9:09 AM      SUNSET  4:43 PM

-  INDICATES NEGATIVE NUMBERS.
R  INDICATES RECORD HAS BEEN SET OR TIED.
MM INDICATES DATA IS MISSING.
T  INDICATES TRACE OF PRECIPITATION.

&&
-------------------------------------------------------------------

AMOUNT OF DAYLIGHT TODAY  (HOUR:MIN)........7 HOURS 38 MINUTES
GAIN/LOSS SINCE YESTERDAY (HOUR:MIN:SEC)....-0:03:48

$$
*** NOV 14
