000
CDAK48 PADQ 301230
CLIADQ

CLIMATE REPORT
NATIONAL WEATHER SERVICE KODIAK, AK
430 AM AKDT MON MAR 30 2015

...................................
...THE KODIAK AP CLIMATE SUMMARY FOR MARCH 29 2015...

CLIMATE NORMAL PERIOD  1981 TO  2010
CLIMATE RECORD PERIOD  1949 TO  2015

WEATHER ITEM   OBSERVED TIME    RECORD YEAR NORMAL DEPARTURE LAST
               VALUE    (LST)   VALUE       VALUE  FROM      YEAR
                                                   NORMAL
...................................................................
TEMPERATURE
YESTERDAY
 MAXIMUM            44  0553 PM    52  1996     39       5     46
 MINIMUM            38  1159 PM     7  1952     29       9     25
 AVERAGE            41                          34       7     36

PRECIPITATION
(INCHES)
 YESTERDAY        0.30           0.89  1957   0.17    0.13   0.00
 MONTH TO DATE    7.51                        5.18    2.33   3.96
 SINCE MAR 1      7.51                        5.18    2.33   3.96
 SINCE JAN 1     26.43                       19.61    6.82  25.21

SNOWFALL
(INCHES)
 YESTERDAY         0.0            2.3  1980    0.4    -0.4    0.0
 MONTH TO DATE     1.5                        10.6    -9.1   11.5
 SINCE MAR 1       1.5                        10.6    -9.1   11.5
 SINCE JUL 1      16.9                        60.0   -43.1   42.5
 SNOW DEPTH (IN)     0                                          0

DEGREE DAYS
 HEATING
  YESTERDAY         24                          31      -7     29
  MONTH TO DATE    824                         936    -112    910
  SINCE MAR 1      824                         936    -112    910
  SINCE JUL 1     5742                        6809   -1067   6196

 COOLING
  YESTERDAY          0                           0       0      0
  MONTH TO DATE      0                           0       0      0
  SINCE MAR 1        0                           0       0      0
  SINCE JAN 1        0                           0       0      0
...................................................................

WIND (MPH)
 HIGHEST WIND SPEED    31     HIGHEST WIND DIRECTION     40
 HIGHEST GUST SPEED    37     HIGHEST GUST DIRECTION     30
 AVERAGE WIND SPEED   9.1

SKY COVER
  POSSIBLE SUNSHINE    MM          AVERAGE SKY COVER     MM

WEATHER CONDITIONS
 THE FOLLOWING WEATHER WAS RECORDED YESTERDAY.
  FOG
RAIN


RELATIVE HUMIDITY
 HIGHEST RH     MM PERCENT       MM
 LOWEST  RH     MM PERCENT       MM
 AVERAGE RH     MM PERCENT       MM
...................................................................

THE KODIAK CLIMATE NORMALS FOR TODAY
                           NORMAL    RECORD   YEAR
 MAXIMUM TEMPERATURE (F)     39        52     1970
 MINIMUM TEMPERATURE (F)     29         5     2004

SUNRISE AND SUNSET
 MAR 30 2015..........SUNRISE  7:44 AM      SUNSET  8:47 PM
 MAR 31 2015..........SUNRISE  7:42 AM      SUNSET  8:49 PM

-  INDICATES NEGATIVE NUMBERS.
R  INDICATES RECORD HAS BEEN SET OR TIED.
MM INDICATES DATA IS MISSING.
T  INDICATES TRACE OF PRECIPITATION.

&&
-------------------------------------------------------------------

AMOUNT OF DAYLIGHT TODAY  (HOUR:MIN)........13 HOURS 3 MINUTES
GAIN/LOSS SINCE YESTERDAY (HOUR:MIN:SEC)....+0:04:59

$$
*** MAR 15
