000
CDAK48 PAFC 200023
CLIADQ


CLIMATE REPORT
NATIONAL WEATHER SERVICE ANCHORAGE, AK
423 PM AKDT TUE SEP 19 2017


...................................

...THE KODIAK CLIMATE SUMMARY FOR SEPTEMBER 19 2017...
VALID TODAY AS OF 0400 PM LOCAL TIME.

CLIMATE NORMAL PERIOD 1981 TO 2010
CLIMATE RECORD PERIOD 1913 TO 2017


WEATHER ITEM   OBSERVED TIME   RECORD YEAR NORMAL DEPARTURE LAST
                VALUE   (LST)  VALUE       VALUE  FROM      YEAR
                                                  NORMAL
..................................................................
TEMPERATURE (F)
 TODAY
  MAXIMUM         62        MM  71    1965  55      7       57
  MINIMUM         49        MM  33    1948  42      7       37
  AVERAGE         56                        48      8       47

PRECIPITATION (IN)
  TODAY            0.00          2.30 1995   0.26  -0.26     0.00
  MONTH TO DATE    4.86                      4.28   0.58     2.96
  SINCE SEP 1      4.86                      4.28   0.58     2.96
  SINCE JAN 1     45.38                     51.07  -5.69    54.26

SNOWFALL (IN)
  TODAY            0.0          MM      MM   0.0    0.0      0.0
  MONTH TO DATE    0.0                       0.0    0.0      0.0
  SINCE SEP 1      0.0                       0.0    0.0      0.0
  SINCE JUL 1      0.0                       0.0    0.0      0.0
  SNOW DEPTH       0

DEGREE DAYS
 HEATING
  TODAY            9                        17     -8       18
  MONTH TO DATE  264                       266     -2      203
  SINCE SEP 1    264                       266     -2      203
  SINCE JUL 1    869                       899    -30      544

 COOLING
  TODAY            0                         0      0        0
  MONTH TO DATE    0                         0      0        0
  SINCE SEP 1      0                         0      0        0
  SINCE JAN 1      0                         1     -1       29
..................................................................


WIND (MPH)
  RESULTANT WIND SPEED  11   RESULTANT WIND DIRECTION   W (280)
  HIGHEST WIND SPEED    21   HIGHEST WIND DIRECTION     W (270)
  HIGHEST GUST SPEED    38   HIGHEST GUST DIRECTION     W (250)
  AVERAGE WIND SPEED    12.8



WEATHER CONDITIONS
 THE FOLLOWING WEATHER WAS RECORDED TODAY.
  NO SIGNIFICANT WEATHER WAS OBSERVED.


RELATIVE HUMIDITY (PERCENT)
 HIGHEST    71
 LOWEST     32
 AVERAGE    52

..........................................................


THE KODIAK CLIMATE NORMALS FOR TOMORROW
                         NORMAL    RECORD    YEAR
 MAXIMUM TEMPERATURE (F)   54        65      1942
 MINIMUM TEMPERATURE (F)   42        30      1992


SUNRISE AND SUNSET
SEPTEMBER 19 2017.....SUNRISE   750 AM AKDT  SUNSET   816 PM AKDT
SEPTEMBER 20 2017.....SUNRISE   752 AM AKDT  SUNSET   814 PM AKDT


-  INDICATES NEGATIVE NUMBERS.
R  INDICATES RECORD WAS SET OR TIED.
MM INDICATES DATA IS MISSING.
T  INDICATES TRACE AMOUNT.




$$
