000
CDAK48 PAFC 011247
CLIADQ


CLIMATE REPORT
NATIONAL WEATHER SERVICE ANCHORAGE, AK
347 AM AKST WED MAR 1 2017


...................................

...THE KODIAK CLIMATE SUMMARY FOR FEBRUARY 28 2017...

CLIMATE NORMAL PERIOD 1981 TO 2010
CLIMATE RECORD PERIOD 1913 TO 2017


WEATHER ITEM   OBSERVED TIME   RECORD YEAR NORMAL DEPARTURE LAST
                VALUE   (LST)  VALUE       VALUE  FROM      YEAR
                                                  NORMAL
..................................................................
TEMPERATURE (F)
 YESTERDAY
  MAXIMUM         26    146 AM  51    2014  37    -11       43
                                      1962
  MINIMUM         19   1159 PM  -4    1986  27     -8       36
  AVERAGE         23                        32     -9       40

PRECIPITATION (IN)
  YESTERDAY        0.00          2.10 1981   0.21  -0.21     0.54
  MONTH TO DATE    2.59                      6.14  -3.55    12.70
  SINCE DEC 1      9.65                     23.16 -13.51    34.80
  SINCE JAN 1      5.54                     14.43  -8.89    22.53

SNOWFALL (IN)
  YESTERDAY        0.0           5.0  1984   0.5   -0.5       T
  MONTH TO DATE    8.0                      15.1   -7.1      1.0
  SINCE DEC 1     19.0                      41.9  -22.9     16.0
  SINCE JUL 1     21.0                      49.4  -28.4     17.0
  SNOW DEPTH       1

DEGREE DAYS
 HEATING
  YESTERDAY       42                        33      9       25
  MONTH TO DATE  938                       959    -21      608
  SINCE DEC 1   3103                      3077     26     2265
  SINCE JUL 1   5305                      5872   -567     4483

 COOLING
  YESTERDAY        0                         0      0        0
  MONTH TO DATE    0                         0      0        0
  SINCE DEC 1      0                         0      0        0
  SINCE JAN 1      0                         0      0        0
..................................................................


WIND (MPH)
  RESULTANT WIND SPEED  21   RESULTANT WIND DIRECTION   W (290)
  HIGHEST WIND SPEED    37   HIGHEST WIND DIRECTION     W (280)
  HIGHEST GUST SPEED    47   HIGHEST GUST DIRECTION     W (280)
  AVERAGE WIND SPEED    20.4



WEATHER CONDITIONS
 THE FOLLOWING WEATHER WAS RECORDED YESTERDAY.
  NO SIGNIFICANT WEATHER WAS OBSERVED.


RELATIVE HUMIDITY (PERCENT)
 HIGHEST    56
 LOWEST     42
 AVERAGE    49

..........................................................


THE KODIAK CLIMATE NORMALS FOR TODAY
                         NORMAL    RECORD    YEAR
 MAXIMUM TEMPERATURE (F)   37        49      1985
 MINIMUM TEMPERATURE (F)   27         2      1936


SUNRISE AND SUNSET
MARCH  1 2017.........SUNRISE   803 AM AKST  SUNSET   643 PM AKST
MARCH  2 2017.........SUNRISE   800 AM AKST  SUNSET   645 PM AKST


-  INDICATES NEGATIVE NUMBERS.
R  INDICATES RECORD WAS SET OR TIED.
MM INDICATES DATA IS MISSING.
T  INDICATES TRACE AMOUNT.




$$
