000
CDAK48 PADQ 221146
CLIADQ

CLIMATE REPORT
NATIONAL WEATHER SERVICE KODIAK, AK
346 AM AKDT FRI MAY 22 2015

...................................
...THE KODIAK AP CLIMATE SUMMARY FOR MAY 21 2015...

CLIMATE NORMAL PERIOD  1981 TO  2010
CLIMATE RECORD PERIOD  1949 TO  2015

WEATHER ITEM   OBSERVED TIME    RECORD YEAR NORMAL DEPARTURE LAST
               VALUE    (LST)   VALUE       VALUE  FROM      YEAR
                                                   NORMAL
...................................................................
TEMPERATURE
YESTERDAY
 MAXIMUM            49  0450 PM    66  1949     51      -2     54
 MINIMUM            45  0320 AM    30  1985     40       5     38
 AVERAGE            47                          45       2     46

PRECIPITATION
(INCHES)
 YESTERDAY           T           1.00  2001   0.18   -0.18   0.00
 MONTH TO DATE    5.45                        3.67    1.78   0.31
 SINCE MAR 1     19.62                       15.01    4.61  11.40
 SINCE JAN 1     38.54                       29.44    9.10  32.65

SNOWFALL
(INCHES)
 YESTERDAY         0.0            0.2  1975    0.0     0.0    0.0
 MONTH TO DATE     0.0                         0.2    -0.2    0.0
 SINCE MAR 1       4.7                        19.5   -14.8   12.4
 SINCE JUL 1      20.1                        68.9   -48.8     MM
 SNOW DEPTH (IN)     0                                          0

DEGREE DAYS
 HEATING
  YESTERDAY         18                          20      -2     19
  MONTH TO DATE    408                         454     -46    302
  SINCE MAR 1     2057                        2273    -216   2039
  SINCE JUL 1     6975                        8146   -1171   7325

 COOLING
  YESTERDAY          0                           0       0      0
  MONTH TO DATE      0                           0       0      4
  SINCE MAR 1        0                           0       0      4
  SINCE JAN 1        0                           0       0      4
...................................................................

WIND (MPH)
 HIGHEST WIND SPEED    14     HIGHEST WIND DIRECTION    110
 HIGHEST GUST SPEED    16     HIGHEST GUST DIRECTION    100
 AVERAGE WIND SPEED   9.1

SKY COVER
  POSSIBLE SUNSHINE    MM          AVERAGE SKY COVER     MM

WEATHER CONDITIONS
 THE FOLLOWING WEATHER WAS RECORDED YESTERDAY.
  FOG
RAIN


RELATIVE HUMIDITY
 HIGHEST RH     MM PERCENT       MM
 LOWEST  RH     MM PERCENT       MM
 AVERAGE RH     MM PERCENT       MM
...................................................................

THE KODIAK CLIMATE NORMALS FOR TODAY
                           NORMAL    RECORD   YEAR
 MAXIMUM TEMPERATURE (F)     51        69     1991
 MINIMUM TEMPERATURE (F)     40        30     1985

SUNRISE AND SUNSET
 MAY 22 2015..........SUNRISE  5:34 AM      SUNSET 10:41 PM
 MAY 23 2015..........SUNRISE  5:33 AM      SUNSET 10:43 PM

-  INDICATES NEGATIVE NUMBERS.
R  INDICATES RECORD HAS BEEN SET OR TIED.
MM INDICATES DATA IS MISSING.
T  INDICATES TRACE OF PRECIPITATION.

&&
-------------------------------------------------------------------

AMOUNT OF DAYLIGHT TODAY  (HOUR:MIN)........17 HOURS 7 MINUTES
GAIN/LOSS SINCE YESTERDAY (HOUR:MIN:SEC)....+0:03:39

$$
*** MAY 15
