397
CDAK48 PADQ 071202
CLIADQ

CLIMATE REPORT
NATIONAL WEATHER SERVICE KODIAK, AK
302 AM AKST SUN FEB 7 2016

...................................
...THE KODIAK AP CLIMATE SUMMARY FOR FEBRUARY 6 2016...

CLIMATE NORMAL PERIOD  1981 TO  2010
CLIMATE RECORD PERIOD  1913 TO  2016

WEATHER ITEM   OBSERVED TIME    RECORD YEAR NORMAL DEPARTURE LAST
               VALUE    (LST)   VALUE       VALUE  FROM      YEAR
                                                   NORMAL
...................................................................
TEMPERATURE
YESTERDAY
 MAXIMUM            37  1159 PM    48  1982     35       2     33
 MINIMUM            23  0759 AM    -1  1993     26      -3     26
 AVERAGE            30                          30       0     30

PRECIPITATION
(INCHES)
 YESTERDAY        0.00           1.83  1986   0.23   -0.23   0.00
 MONTH TO DATE    1.73                        1.41    0.32   0.07
 SINCE DEC 1     24.42                       18.43    5.99  23.99
 SINCE JAN 1     12.14                        9.70    2.44  10.20

SNOWFALL
(INCHES)
 YESTERDAY         0.0            8.2  1961    0.5    -0.5    0.0
 MONTH TO DATE       T                         3.1    -3.1      T
 SINCE DEC 1      15.0                        29.9   -14.9    4.5
 SINCE JUL 1        MM                        37.4      MM    5.2
 SNOW DEPTH (IN)     0                                          0

DEGREE DAYS
 HEATING
  YESTERDAY         35                          35       0     35
  MONTH TO DATE    186                         210     -24    185
  SINCE DEC 1     1992                        2332    -340   1888
  SINCE JUL 1     4288                        5124    -836   4284

 COOLING
  YESTERDAY          0                           0       0      0
  MONTH TO DATE      0                           0       0      0
  SINCE DEC 1        0                           0       0      0
  SINCE JAN 1        0                           0       0      0
...................................................................

WIND (MPH)
 HIGHEST WIND SPEED    23     HIGHEST WIND DIRECTION     50
 HIGHEST GUST SPEED    28     HIGHEST GUST DIRECTION     40
 AVERAGE WIND SPEED   5.3

SKY COVER
  POSSIBLE SUNSHINE    MM          AVERAGE SKY COVER     MM

WEATHER CONDITIONS
 THE FOLLOWING WEATHER WAS RECORDED YESTERDAY.
  NO SIGNIFICANT WEATHER WAS OBSERVED.

RELATIVE HUMIDITY
 HIGHEST RH     MM PERCENT       MM
 LOWEST  RH     MM PERCENT       MM
 AVERAGE RH     MM PERCENT       MM
...................................................................

THE KODIAK CLIMATE NORMALS FOR TODAY
                           NORMAL    RECORD   YEAR
 MAXIMUM TEMPERATURE (F)     35        53     1982
 MINIMUM TEMPERATURE (F)     26        -2     1991

SUNRISE AND SUNSET
 FEB 7 2016..........SUNRISE  9:00 AM      SUNSET  5:50 PM
 FEB 8 2016..........SUNRISE  8:58 AM      SUNSET  5:52 PM

-  INDICATES NEGATIVE NUMBERS.
R  INDICATES RECORD HAS BEEN SET OR TIED.
MM INDICATES DATA IS MISSING.
T  INDICATES TRACE OF PRECIPITATION.

&&
-------------------------------------------------------------------

AMOUNT OF DAYLIGHT TODAY  (HOUR:MIN)........8 HOURS 50 MINUTES
GAIN/LOSS SINCE YESTERDAY (HOUR:MIN:SEC)....+0:04:37

$$
JTS FEB 16
