000
CDUS44 KLCH 260817
CLIAEX


CLIMATE REPORT
NATIONAL WEATHER SERVICE LAKE CHARLES, LA
316 AM CDT SAT JUL 26 2014


...................................

...THE ALEXANDRIA CLIMATE SUMMARY FOR JULY 25 2014...

CLIMATE NORMAL PERIOD 1981 TO 2010
CLIMATE RECORD PERIOD 1892 TO 2014


WEATHER ITEM   OBSERVED TIME   RECORD YEAR NORMAL DEPARTURE LAST
                VALUE   (LST)  VALUE       VALUE  FROM      YEAR
                                                  NORMAL
..................................................................
TEMPERATURE (F)
 YESTERDAY
  MAXIMUM         95    359 PM 102    1954  92      3       94
                                      1907
  MINIMUM         73    553 AM  61    1894  73      0       72
  AVERAGE         84                        83      1       83

PRECIPITATION (IN)
  YESTERDAY        0.00          9.75 1933   0.08  -0.08     0.00
  MONTH TO DATE    5.15                      3.14   2.01     2.07
  SINCE JUN 1      8.03                      8.24  -0.21     6.26
  SINCE JAN 1     26.25                     32.24  -5.99    31.52

DEGREE DAYS
 COOLING
  YESTERDAY       19                        18      1       18
  MONTH TO DATE  392                       432    -40      418
  SINCE JUN 1    865                       885    -20      899
  SINCE JAN 1   1276                      1339    -63     1292
..................................................................


WIND (MPH)
  HIGHEST WIND SPEED     8   HIGHEST WIND DIRECTION     N (360)
  HIGHEST GUST SPEED    11   HIGHEST GUST DIRECTION     N (360)
  AVERAGE WIND SPEED     2.2


SKY COVER
  POSSIBLE SUNSHINE  MM
  AVERAGE SKY COVER 0.1


WEATHER CONDITIONS
 THE FOLLOWING WEATHER WAS RECORDED YESTERDAY.
  FOG
  HAZE


RELATIVE HUMIDITY (PERCENT)
 HIGHEST   100           100 AM
 LOWEST     46           600 PM
 AVERAGE    73

..........................................................


THE ALEXANDRIA CLIMATE NORMALS FOR TODAY
                         NORMAL    RECORD    YEAR
 MAXIMUM TEMPERATURE (F)   92       102      1925
                                             1907
 MINIMUM TEMPERATURE (F)   73        61      1911
                                             1894


SUNRISE AND SUNSET
JULY 26 2014..........SUNRISE   623 AM CDT   SUNSET   810 PM CDT
JULY 27 2014..........SUNRISE   624 AM CDT   SUNSET   809 PM CDT


-  INDICATES NEGATIVE NUMBERS.
R  INDICATES RECORD WAS SET OR TIED.
MM INDICATES DATA IS MISSING.
T  INDICATES TRACE AMOUNT.




$$
