000
CDUS44 KLCH 220829
CLIAEX


CLIMATE REPORT
NATIONAL WEATHER SERVICE LAKE CHARLES, LA
228 AM CST WED NOV 22 2017


...................................

...THE ALEXANDRIA CLIMATE SUMMARY FOR NOVEMBER 21 2017...

CLIMATE NORMAL PERIOD 1981 TO 2010
CLIMATE RECORD PERIOD 1892 TO 2017


WEATHER ITEM   OBSERVED TIME   RECORD YEAR NORMAL DEPARTURE LAST
                VALUE   (LST)  VALUE       VALUE  FROM      YEAR
                                                  NORMAL
..................................................................
TEMPERATURE (F)
 YESTERDAY
  MAXIMUM         58   1245 PM  84    2007  67     -9       68
                                      1942
                                      1900
  MINIMUM         36    251 AM  27    2006  44     -8       30
  AVERAGE         47                        56     -9       49

PRECIPITATION (IN)
  YESTERDAY        0.16          3.28 1906   0.22  -0.06     0.00
  MONTH TO DATE    1.85                      3.31  -1.46     0.53
  SINCE SEP 1      2.41                     11.39  -8.98     4.22
  SINCE JAN 1     45.64                     47.62  -1.98    44.96

SNOWFALL (IN)
  YESTERDAY       MM             0.0    MM  MM     MM        0.0
  MONTH TO DATE    0.0                      MM     MM        0.0
  SINCE SEP 1      0.0                      MM     MM        0.0
  SINCE JUL 1      0.0                      MM     MM        0.0
  SNOW DEPTH       0

DEGREE DAYS
 HEATING
  YESTERDAY       18                        10      8       16
  MONTH TO DATE  100                       149    -49       88
  SINCE SEP 1    173                       222    -49      107
  SINCE JUL 1    173                       222    -49      107
..................................................................


WIND (MPH)
  HIGHEST WIND SPEED     9   HIGHEST WIND DIRECTION     E (70)
  HIGHEST GUST SPEED    12   HIGHEST GUST DIRECTION    NE (50)
  AVERAGE WIND SPEED     3.6


SKY COVER
  POSSIBLE SUNSHINE  MM
  AVERAGE SKY COVER 0.6


WEATHER CONDITIONS
 THE FOLLOWING WEATHER WAS RECORDED YESTERDAY.
  RAIN
  LIGHT RAIN
  FOG


RELATIVE HUMIDITY (PERCENT)
 HIGHEST   100           700 AM
 LOWEST     66          1100 AM
 AVERAGE    83

..........................................................


THE ALEXANDRIA CLIMATE NORMALS FOR TODAY
                         NORMAL    RECORD    YEAR
 MAXIMUM TEMPERATURE (F)   67        88      1900
 MINIMUM TEMPERATURE (F)   44        25      1898


SUNRISE AND SUNSET
NOVEMBER 22 2017......SUNRISE   644 AM CST   SUNSET   509 PM CST
NOVEMBER 23 2017......SUNRISE   645 AM CST   SUNSET   508 PM CST


-  INDICATES NEGATIVE NUMBERS.
R  INDICATES RECORD WAS SET OR TIED.
MM INDICATES DATA IS MISSING.
T  INDICATES TRACE AMOUNT.




$$
