000
CDUS44 KLCH 242241
CLIAEX


CLIMATE REPORT
NATIONAL WEATHER SERVICE LAKE CHARLES, LA
541 PM CDT SUN MAY 24 2015


...................................

...THE ALEXANDRIA CLIMATE SUMMARY FOR MAY 24 2015...
VALID TODAY AS OF 0500 PM LOCAL TIME.

CLIMATE NORMAL PERIOD 1981 TO 2010
CLIMATE RECORD PERIOD 1892 TO 2015


WEATHER ITEM   OBSERVED TIME   RECORD YEAR NORMAL DEPARTURE LAST
                VALUE   (LST)  VALUE       VALUE  FROM      YEAR
                                                  NORMAL
..................................................................
TEMPERATURE (F)
 TODAY
  MAXIMUM         86   1133 AM  96    2005  87     -1       87
  MINIMUM         72    146 PM  51    1967  66      6       65
                                      1917
                                      1893
  AVERAGE         79                        76      3       76

PRECIPITATION (IN)
  TODAY            0.23          1.94 1922   0.19   0.04     0.00
  MONTH TO DATE    3.86                      3.62   0.24     1.34
  SINCE MAR 1     16.96                     13.22   3.74     9.04
  SINCE JAN 1     22.06                     22.90  -0.84    15.42

DEGREE DAYS
 COOLING
  TODAY           14                        11      3       11
  MONTH TO DATE  241                       209     32      191
  SINCE MAR 1    437                       351     86      316
  SINCE JAN 1    438                       368     70      327
..................................................................


WIND (MPH)
  HIGHEST WIND SPEED    32   HIGHEST WIND DIRECTION     S (200)
  HIGHEST GUST SPEED    43   HIGHEST GUST DIRECTION     S (200)
  AVERAGE WIND SPEED    10.1


SKY COVER
  POSSIBLE SUNSHINE  MM
  AVERAGE SKY COVER 0.5


WEATHER CONDITIONS
 THE FOLLOWING WEATHER WAS RECORDED TODAY.
  THUNDERSTORM
  RAIN
  LIGHT RAIN
  FOG


RELATIVE HUMIDITY (PERCENT)
 HIGHEST   100           100 AM
 LOWEST     61          1200 PM
 AVERAGE    81

..........................................................


THE ALEXANDRIA CLIMATE NORMALS FOR TOMORROW
                         NORMAL    RECORD    YEAR
 MAXIMUM TEMPERATURE (F)   87        96      1898
                                             1896
 MINIMUM TEMPERATURE (F)   66        52      1913


SUNRISE AND SUNSET
MAY 24 2015...........SUNRISE   609 AM CDT   SUNSET   805 PM CDT
MAY 25 2015...........SUNRISE   609 AM CDT   SUNSET   806 PM CDT


-  INDICATES NEGATIVE NUMBERS.
R  INDICATES RECORD WAS SET OR TIED.
MM INDICATES DATA IS MISSING.
T  INDICATES TRACE AMOUNT.




$$
