000
CDUS44 KLCH 032205
CLIAEX


CLIMATE REPORT
NATIONAL WEATHER SERVICE LAKE CHARLES, LA
505 PM CDT MON AUG 3 2015


...................................

...THE ALEXANDRIA CLIMATE SUMMARY FOR AUGUST 3 2015...
VALID TODAY AS OF 0500 PM LOCAL TIME.

CLIMATE NORMAL PERIOD 1981 TO 2010
CLIMATE RECORD PERIOD 1892 TO 2015


WEATHER ITEM   OBSERVED TIME   RECORD YEAR NORMAL DEPARTURE LAST
                VALUE   (LST)  VALUE       VALUE  FROM      YEAR
                                                  NORMAL
..................................................................
TEMPERATURE (F)
 TODAY
  MAXIMUM         99    305 PM 106    1998  93      6       87
  MINIMUM         69    510 AM  66    1976  73     -4       72
                                      1965
                                      1911
  AVERAGE         84                        83      1       80

PRECIPITATION (IN)
  TODAY            0.00          2.95 1983   0.12  -0.12     0.12
  MONTH TO DATE    0.00                      0.34  -0.34     1.44
  SINCE JUN 1      8.34                      9.07  -0.73     9.47
  SINCE JAN 1     33.59                     33.07   0.52    27.69

DEGREE DAYS
 COOLING
  TODAY           19                        18      1       15
  MONTH TO DATE   54                        54      0       42
  SINCE JUN 1   1147                      1046    101     1010
  SINCE JAN 1   1669                      1500    169     1421
..................................................................


WIND (MPH)
  HIGHEST WIND SPEED    14   HIGHEST WIND DIRECTION     E (110)
  HIGHEST GUST SPEED    18   HIGHEST GUST DIRECTION    SE (120)
  AVERAGE WIND SPEED     2.4


SKY COVER
  POSSIBLE SUNSHINE  MM
  AVERAGE SKY COVER 0.1


WEATHER CONDITIONS
 THE FOLLOWING WEATHER WAS RECORDED TODAY.
  FOG


RELATIVE HUMIDITY (PERCENT)
 HIGHEST   100           500 AM
 LOWEST     31           200 PM
 AVERAGE    66

..........................................................


THE ALEXANDRIA CLIMATE NORMALS FOR TOMORROW
                         NORMAL    RECORD    YEAR
 MAXIMUM TEMPERATURE (F)   93       103      1899
 MINIMUM TEMPERATURE (F)   73        64      1920


SUNRISE AND SUNSET
AUGUST  3 2015........SUNRISE   628 AM CDT   SUNSET   804 PM CDT
AUGUST  4 2015........SUNRISE   629 AM CDT   SUNSET   804 PM CDT


-  INDICATES NEGATIVE NUMBERS.
R  INDICATES RECORD WAS SET OR TIED.
MM INDICATES DATA IS MISSING.
T  INDICATES TRACE AMOUNT.




$$
