000
CDUS44 KLCH 272206
CLIAEX


CLIMATE REPORT
NATIONAL WEATHER SERVICE LAKE CHARLES, LA
505 PM CDT SAT MAY 27 2017


...................................

...THE ALEXANDRIA CLIMATE SUMMARY FOR MAY 27 2017...
VALID TODAY AS OF 0500 PM LOCAL TIME.

CLIMATE NORMAL PERIOD 1981 TO 2010
CLIMATE RECORD PERIOD 1892 TO 2017


WEATHER ITEM   OBSERVED TIME   RECORD YEAR NORMAL DEPARTURE LAST
                VALUE   (LST)  VALUE       VALUE  FROM      YEAR
                                                  NORMAL
..................................................................
TEMPERATURE (F)
 TODAY
  MAXIMUM         90    346 PM  95    1964  88      2       84
                                      1912
                                      1900
  MINIMUM         76    528 AM  44    1901  66     10       66
  AVERAGE         83                        77      6       75

PRECIPITATION (IN)
  TODAY            T             2.04 1907   0.14  -0.14     1.79
  MONTH TO DATE    1.70                      4.10  -2.40     3.67
  SINCE MAR 1     14.75                     13.70   1.05    15.87
  SINCE JAN 1     22.46                     23.38  -0.92    22.35

DEGREE DAYS
 COOLING
  TODAY           18                        12      6       10
  MONTH TO DATE  186                       245    -59      216
  SINCE MAR 1    448                       387     61      404
  SINCE JAN 1    530                       404    126      412
..................................................................


WIND (MPH)
  HIGHEST WIND SPEED    17   HIGHEST WIND DIRECTION     S (180)
  HIGHEST GUST SPEED    24   HIGHEST GUST DIRECTION     S (180)
  AVERAGE WIND SPEED     9.6


SKY COVER
  POSSIBLE SUNSHINE  MM
  AVERAGE SKY COVER 0.9


WEATHER CONDITIONS
 THE FOLLOWING WEATHER WAS RECORDED TODAY.
  LIGHT RAIN
  FOG
  HAZE


RELATIVE HUMIDITY (PERCENT)
 HIGHEST    94           100 AM
 LOWEST     59           100 PM
 AVERAGE    77

..........................................................


THE ALEXANDRIA CLIMATE NORMALS FOR TOMORROW
                         NORMAL    RECORD    YEAR
 MAXIMUM TEMPERATURE (F)   88        99      1906
 MINIMUM TEMPERATURE (F)   67        48      1961
                                             1901


SUNRISE AND SUNSET
MAY 27 2017...........SUNRISE   608 AM CDT   SUNSET   807 PM CDT
MAY 28 2017...........SUNRISE   608 AM CDT   SUNSET   808 PM CDT


-  INDICATES NEGATIVE NUMBERS.
R  INDICATES RECORD WAS SET OR TIED.
MM INDICATES DATA IS MISSING.
T  INDICATES TRACE AMOUNT.




$$
