000
CDUS44 KLCH 250828
CLIAEX


CLIMATE REPORT
NATIONAL WEATHER SERVICE LAKE CHARLES, LA
328 AM CDT TUE JUL 25 2017


...................................

...THE ALEXANDRIA CLIMATE SUMMARY FOR JULY 24 2017...

CLIMATE NORMAL PERIOD 1981 TO 2010
CLIMATE RECORD PERIOD 1892 TO 2017


WEATHER ITEM   OBSERVED TIME   RECORD YEAR NORMAL DEPARTURE LAST
                VALUE   (LST)  VALUE       VALUE  FROM      YEAR
                                                  NORMAL
..................................................................
TEMPERATURE (F)
 YESTERDAY
  MAXIMUM         84    502 PM 102    1907  92     -8       94
  MINIMUM         74   1216 AM  60    1894  73      1       75
  AVERAGE         79                        83     -4       85

PRECIPITATION (IN)
  YESTERDAY        0.01          2.42 1933   0.09  -0.08     1.75
  MONTH TO DATE    2.50                      3.06  -0.56     2.74
  SINCE JUN 1      8.39                      8.16   0.23     5.70
  SINCE JAN 1     33.10                     32.16   0.94    28.05

DEGREE DAYS
 COOLING
  YESTERDAY       14                        18     -4       20
  MONTH TO DATE  429                       414     15      466
  SINCE JUN 1    843                       867    -24      948
  SINCE JAN 1   1418                      1321     97     1415
..................................................................


WIND (MPH)
  HIGHEST WIND SPEED    15   HIGHEST WIND DIRECTION     W (270)
  HIGHEST GUST SPEED    19   HIGHEST GUST DIRECTION     W (270)
  AVERAGE WIND SPEED     4.9


SKY COVER
  POSSIBLE SUNSHINE  MM
  AVERAGE SKY COVER 0.4


WEATHER CONDITIONS
 THE FOLLOWING WEATHER WAS RECORDED YESTERDAY.
  LIGHT RAIN


RELATIVE HUMIDITY (PERCENT)
 HIGHEST   100          1200 AM
 LOWEST     79           900 AM
 AVERAGE    90

..........................................................


THE ALEXANDRIA CLIMATE NORMALS FOR TODAY
                         NORMAL    RECORD    YEAR
 MAXIMUM TEMPERATURE (F)   92       102      1954
                                             1907
 MINIMUM TEMPERATURE (F)   73        61      1894


SUNRISE AND SUNSET
JULY 25 2017..........SUNRISE   623 AM CDT   SUNSET   811 PM CDT
JULY 26 2017..........SUNRISE   623 AM CDT   SUNSET   810 PM CDT


-  INDICATES NEGATIVE NUMBERS.
R  INDICATES RECORD WAS SET OR TIED.
MM INDICATES DATA IS MISSING.
T  INDICATES TRACE AMOUNT.




$$
