000
CDUS42 KCAE 210558
CLIAGS


CLIMATE REPORT
NATIONAL WEATHER SERVICE COLUMBIA SC
1257 AM EST TUE NOV 21 2017


...................................

...THE AUGUSTA REGIONAL BUSH FIELD GA CLIMATE SUMMARY FOR NOVEMBER 20 2017...

CLIMATE NORMAL PERIOD 1981 TO 2010
CLIMATE RECORD PERIOD 1873 TO 2017


WEATHER ITEM   OBSERVED TIME   RECORD YEAR NORMAL DEPARTURE LAST
                VALUE   (LST)  VALUE       VALUE  FROM      YEAR
                                                  NORMAL
..................................................................
TEMPERATURE (F)
 YESTERDAY
  MAXIMUM         62    403 PM  82    1991  68     -6       64
                                      1942
  MINIMUM         27    651 AM  20    2014  40    -13       29
                                      1951
  AVERAGE         45                        54     -9       47

PRECIPITATION (IN)
  YESTERDAY        0.00          1.58 1986   0.09  -0.09     0.00
  MONTH TO DATE    1.34                      1.80  -0.46     0.01
  SINCE SEP 1      6.45                      8.29  -1.84     6.68
  SINCE JAN 1     40.83                     39.16   1.67    33.25

SNOWFALL (IN)
  YESTERDAY        0.0          MM      MM   0.0             0.0
  MONTH TO DATE    0.0                       0.0             0.0
  SINCE SEP 1      0.0                       0.0             0.0
  SINCE JUL 1      0.0                       0.0             0.0

DEGREE DAYS
 HEATING
  YESTERDAY       20                        11      9       18
  MONTH TO DATE  166                       179    -13      152
  SINCE SEP 1    239                       293    -54      180
  SINCE JUL 1    239                       293    -54      180

 COOLING
  YESTERDAY        0                         0      0        0
  MONTH TO DATE   25                        15     10        9
  SINCE SEP 1    575                       397    178      527
  SINCE JAN 1   2703                      2085    618     2498
..................................................................


WIND (MPH)
  HIGHEST WIND SPEED     7   HIGHEST WIND DIRECTION     E (100)
  HIGHEST GUST SPEED    10   HIGHEST GUST DIRECTION     N (10)
  AVERAGE WIND SPEED     1.6


SKY COVER
  AVERAGE SKY COVER 0.0


WEATHER CONDITIONS
 THE FOLLOWING WEATHER WAS RECORDED YESTERDAY.
  NO SIGNIFICANT WEATHER WAS OBSERVED.


RELATIVE HUMIDITY (PERCENT)
 HIGHEST   100           800 AM
 LOWEST     25           300 PM
 AVERAGE    63

..........................................................


THE AUGUSTA REGIONAL BUSH FIELD GA CLIMATE NORMALS FOR TODAY
                         NORMAL    RECORD    YEAR
 MAXIMUM TEMPERATURE (F)   68        82      1942
 MINIMUM TEMPERATURE (F)   40        19      1951


SUNRISE AND SUNSET
NOVEMBER 21 2017......SUNRISE   705 AM EST   SUNSET   522 PM EST
NOVEMBER 22 2017......SUNRISE   706 AM EST   SUNSET   522 PM EST


-  INDICATES NEGATIVE NUMBERS.
R  INDICATES RECORD WAS SET OR TIED.
MM INDICATES DATA IS MISSING.
T  INDICATES TRACE AMOUNT.




$$
