000
CDUS42 KCAE 312133
CLIAGS


CLIMATE REPORT
NATIONAL WEATHER SERVICE COLUMBIA SC
532 PM EDT FRI JUL 31 2015


...................................

...THE AUGUSTA BUSH FIELD GA CLIMATE SUMMARY FOR JULY 31 2015...
VALID TODAY AS OF 0500 PM LOCAL TIME.

CLIMATE NORMAL PERIOD 1981 TO 2010
CLIMATE RECORD PERIOD 1873 TO 2015


WEATHER ITEM   OBSERVED TIME   RECORD YEAR NORMAL DEPARTURE LAST
                VALUE   (LST)  VALUE       VALUE  FROM      YEAR
                                                  NORMAL
..................................................................
TEMPERATURE (F)
 TODAY
  MAXIMUM         95    356 PM 101    1999  93      2       82
                                      1986
  MINIMUM         75    530 AM  59    1936  70      5       70
  AVERAGE         85                        82      3       76

PRECIPITATION (IN)
  TODAY            0.00          2.00 2002   0.15  -0.15     0.29
  MONTH TO DATE    3.52                      4.33  -0.81     5.53
  SINCE JUN 1      7.02                      9.05  -2.03     7.80
  SINCE JAN 1     22.65                     26.55  -3.90    26.66

SNOWFALL (IN)
  TODAY            0.0          MM      MM   0.0             0.0
  MONTH TO DATE    0.0                       0.0             0.0
  SINCE JUN 1      0.0                       0.0             0.0
  SINCE JUL 1      0.0                       0.0             0.0

DEGREE DAYS
 HEATING
  TODAY            0                         0      0        0
  MONTH TO DATE    0                         0      0        0
  SINCE JUN 1      0                         0      0        0
  SINCE JUL 1      0                         0      0        0

 COOLING
  TODAY           20                        17      3       11
  MONTH TO DATE  582                       515     67      480
  SINCE JUN 1   1061                       923    138      904
  SINCE JAN 1   1422                      1206    216     1188
..................................................................


WIND (MPH)
  HIGHEST WIND SPEED    14   HIGHEST WIND DIRECTION     E (80)
  HIGHEST GUST SPEED    18   HIGHEST GUST DIRECTION     N (10)
  AVERAGE WIND SPEED     4.2


SKY COVER
  AVERAGE SKY COVER 0.1


WEATHER CONDITIONS
 THE FOLLOWING WEATHER WAS RECORDED TODAY.
  FOG


RELATIVE HUMIDITY (PERCENT)
 HIGHEST   100           200 AM
 LOWEST     41           200 PM
 AVERAGE    71

..........................................................


THE AUGUSTA BUSH FIELD GA CLIMATE NORMALS FOR TOMORROW
                         NORMAL    RECORD    YEAR
 MAXIMUM TEMPERATURE (F)   93       107      1999
 MINIMUM TEMPERATURE (F)   70        56      1997


SUNRISE AND SUNSET
JULY 31 2015..........SUNRISE   640 AM EDT   SUNSET   828 PM EDT
AUGUST  1 2015........SUNRISE   640 AM EDT   SUNSET   828 PM EDT


-  INDICATES NEGATIVE NUMBERS.
R  INDICATES RECORD WAS SET OR TIED.
MM INDICATES DATA IS MISSING.
T  INDICATES TRACE AMOUNT.




$$
