000
CDUS42 KCAE 300636
CLIAGS


CLIMATE REPORT
NATIONAL WEATHER SERVICE COLUMBIA SC
235 AM EDT THU OCT 30 2014


...................................

...THE AUGUSTA REGIONAL BUSH FIELD GA CLIMATE SUMMARY FOR OCTOBER 29 2014...

CLIMATE NORMAL PERIOD 1981 TO 2010
CLIMATE RECORD PERIOD 1873 TO 2014


WEATHER ITEM   OBSERVED TIME   RECORD YEAR NORMAL DEPARTURE LAST
                VALUE   (LST)  VALUE       VALUE  FROM      YEAR
                                                  NORMAL
..................................................................
TEMPERATURE (F)
 YESTERDAY
  MAXIMUM         84   1210 PM  85    1996  74     10       78
                                      1984
                                      1919
  MINIMUM         54    211 AM  26    1976  47      7       47
                                      1952
  AVERAGE         69                        60      9       63

PRECIPITATION (IN)
  YESTERDAY        0.10          1.89 1959   0.08   0.02     0.00
  MONTH TO DATE    0.61                      3.10  -2.49     0.36
  SINCE SEP 1      2.87                      6.32  -3.45     1.48
  SINCE JAN 1     31.29                     37.19  -5.90    46.80

SNOWFALL (IN)
  YESTERDAY        0.0          MM      MM   0.0             0.0
  MONTH TO DATE    0.0                       0.0             0.0
  SINCE SEP 1      0.0                       0.0             0.0
  SINCE JUL 1      0.0                       0.0             0.0

DEGREE DAYS
 HEATING
  YESTERDAY        0                         6     -6        2
  MONTH TO DATE   72                        93    -21       75
  SINCE SEP 1     74                       100    -26       75
  SINCE JUL 1     74                       100    -26       75

 COOLING
  YESTERDAY        4                         1      3        0
  MONTH TO DATE  108                        85     23       87
  SINCE SEP 1    441                       381     60      380
  SINCE JAN 1   2092                      2069     23     1855
..................................................................


WIND (MPH)
  HIGHEST WIND SPEED    22   HIGHEST WIND DIRECTION     W (290)
  HIGHEST GUST SPEED    29   HIGHEST GUST DIRECTION     W (280)
  AVERAGE WIND SPEED     4.0


SKY COVER
  AVERAGE SKY COVER 0.5


WEATHER CONDITIONS
 THE FOLLOWING WEATHER WAS RECORDED YESTERDAY.
  THUNDERSTORM
  HEAVY RAIN
  LIGHT RAIN
  FOG


RELATIVE HUMIDITY (PERCENT)
 HIGHEST   100           600 AM
 LOWEST     45           100 PM
 AVERAGE    73

..........................................................


THE AUGUSTA REGIONAL BUSH FIELD GA CLIMATE NORMALS FOR TODAY
                         NORMAL    RECORD    YEAR
 MAXIMUM TEMPERATURE (F)   74        90      1984
 MINIMUM TEMPERATURE (F)   46        22      1952


SUNRISE AND SUNSET
OCTOBER 30 2014.......SUNRISE   745 AM EDT   SUNSET   638 PM EDT
OCTOBER 31 2014.......SUNRISE   746 AM EDT   SUNSET   637 PM EDT


-  INDICATES NEGATIVE NUMBERS.
R  INDICATES RECORD WAS SET OR TIED.
MM INDICATES DATA IS MISSING.
T  INDICATES TRACE AMOUNT.




$$
