000
CDUS42 KCAE 212124
CLIAGS


CLIMATE REPORT
NATIONAL WEATHER SERVICE COLUMBIA SC
524 PM EDT TUE OCT 21 2014


...................................

...THE AUGUSTA BUSH FIELD GA CLIMATE SUMMARY FOR OCTOBER 21 2014...
VALID TODAY AS OF 0500 PM LOCAL TIME.

CLIMATE NORMAL PERIOD 1981 TO 2010
CLIMATE RECORD PERIOD 1873 TO 2014


WEATHER ITEM   OBSERVED TIME   RECORD YEAR NORMAL DEPARTURE LAST
                VALUE   (LST)  VALUE       VALUE  FROM      YEAR
                                                  NORMAL
..................................................................
TEMPERATURE (F)
 TODAY
  MAXIMUM         81    257 PM  91    1984  76      5       72
                                      1943
  MINIMUM         44    700 AM  32    1974  49     -5       48
  AVERAGE         63                        63      0       60

PRECIPITATION (IN)
  TODAY            0.00          1.06 1909   0.10  -0.10     0.00
  MONTH TO DATE    0.51                      2.40  -1.89     0.33
  SINCE SEP 1      2.77                      5.62  -2.85     1.45
  SINCE JAN 1     31.19                     36.49  -5.30    46.77

SNOWFALL (IN)
  TODAY            0.0          MM      MM   0.0             0.0
  MONTH TO DATE    0.0                       0.0             0.0
  SINCE SEP 1      0.0                       0.0             0.0
  SINCE JUL 1      0.0                       0.0             0.0

DEGREE DAYS
 HEATING
  TODAY            2                         4     -2        5
  MONTH TO DATE   41                        52    -11        8
  SINCE SEP 1     43                        59    -16        8
  SINCE JUL 1     43                        59    -16        8

 COOLING
  TODAY            0                         2     -2        0
  MONTH TO DATE   98                        73     25       87
  SINCE SEP 1    431                       369     62      380
  SINCE JAN 1   2082                      2057     25     1855
..................................................................


WIND (MPH)
  HIGHEST WIND SPEED    18   HIGHEST WIND DIRECTION     W (280)
  HIGHEST GUST SPEED    26   HIGHEST GUST DIRECTION     W (270)
  AVERAGE WIND SPEED     3.9


SKY COVER
  AVERAGE SKY COVER 0.0


WEATHER CONDITIONS
 THE FOLLOWING WEATHER WAS RECORDED TODAY.
  FOG
  FOG W/VISIBILITY <= 1/4 MILE


RELATIVE HUMIDITY (PERCENT)
 HIGHEST   100           300 AM
 LOWEST     25           200 PM
 AVERAGE    63

..........................................................


THE AUGUSTA BUSH FIELD GA CLIMATE NORMALS FOR TOMORROW
                         NORMAL    RECORD    YEAR
 MAXIMUM TEMPERATURE (F)   76        90      1984
 MINIMUM TEMPERATURE (F)   49        27      1974


SUNRISE AND SUNSET
OCTOBER 21 2014.......SUNRISE   737 AM EDT   SUNSET   647 PM EDT
OCTOBER 22 2014.......SUNRISE   738 AM EDT   SUNSET   646 PM EDT


-  INDICATES NEGATIVE NUMBERS.
R  INDICATES RECORD WAS SET OR TIED.
MM INDICATES DATA IS MISSING.
T  INDICATES TRACE AMOUNT.




$$
