000
CDUS42 KCAE 252119
CLIAGS


CLIMATE REPORT
NATIONAL WEATHER SERVICE COLUMBIA SC
517 PM EDT SAT OCT 25 2014


...................................

...THE AUGUSTA BUSH FIELD GA CLIMATE SUMMARY FOR OCTOBER 25 2014...
VALID TODAY AS OF 0500 PM LOCAL TIME.

CLIMATE NORMAL PERIOD 1981 TO 2010
CLIMATE RECORD PERIOD 1873 TO 2014


WEATHER ITEM   OBSERVED TIME   RECORD YEAR NORMAL DEPARTURE LAST
                VALUE   (LST)  VALUE       VALUE  FROM      YEAR
                                                  NORMAL
..................................................................
TEMPERATURE (F)
 TODAY
  MAXIMUM         79    339 PM  90    1931  75      4       63
  MINIMUM         38    704 AM  30    2006  48    -10       33
                                      1965
  AVERAGE         59                        61     -2       48

PRECIPITATION (IN)
  TODAY            0.00          1.06 1888   0.09  -0.09     0.00
  MONTH TO DATE    0.51                      2.78  -2.27     0.36
  SINCE SEP 1      2.77                      6.00  -3.23     1.48
  SINCE JAN 1     31.19                     36.87  -5.68    46.80

SNOWFALL (IN)
  TODAY            0.0          MM      MM   0.0             0.0
  MONTH TO DATE    0.0                       0.0             0.0
  SINCE SEP 1      0.0                       0.0             0.0
  SINCE JUL 1      0.0                       0.0             0.0

DEGREE DAYS
 HEATING
  TODAY            6                         5      1       17
  MONTH TO DATE   72                        71      1       44
  SINCE SEP 1     74                        78     -4       44
  SINCE JUL 1     74                        78     -4       44

 COOLING
  TODAY            0                         2     -2        0
  MONTH TO DATE   98                        81     17       87
  SINCE SEP 1    431                       377     54      380
  SINCE JAN 1   2082                      2065     17     1855
..................................................................


WIND (MPH)
  HIGHEST WIND SPEED    13   HIGHEST WIND DIRECTION     N (350)
  HIGHEST GUST SPEED    17   HIGHEST GUST DIRECTION     W (290)
  AVERAGE WIND SPEED     2.5


SKY COVER
  AVERAGE SKY COVER 0.0


WEATHER CONDITIONS
 THE FOLLOWING WEATHER WAS RECORDED TODAY.
  FOG


RELATIVE HUMIDITY (PERCENT)
 HIGHEST   100           500 AM
 LOWEST     19           200 PM
 AVERAGE    60

..........................................................


THE AUGUSTA BUSH FIELD GA CLIMATE NORMALS FOR TOMORROW
                         NORMAL    RECORD    YEAR
 MAXIMUM TEMPERATURE (F)   75        87      2010
                                             1939
 MINIMUM TEMPERATURE (F)   47        29      1965


SUNRISE AND SUNSET
OCTOBER 25 2014.......SUNRISE   740 AM EDT   SUNSET   643 PM EDT
OCTOBER 26 2014.......SUNRISE   741 AM EDT   SUNSET   642 PM EDT


-  INDICATES NEGATIVE NUMBERS.
R  INDICATES RECORD WAS SET OR TIED.
MM INDICATES DATA IS MISSING.
T  INDICATES TRACE AMOUNT.




$$
