000
CDUS42 KCAE 282131
CLIAGS


CLIMATE REPORT
NATIONAL WEATHER SERVICE COLUMBIA SC
531 PM EDT SUN MAY 28 2017


...................................

...THE AUGUSTA BUSH FIELD GA CLIMATE SUMMARY FOR MAY 28 2017...
VALID TODAY AS OF 0500 PM LOCAL TIME.

CLIMATE NORMAL PERIOD 1981 TO 2010
CLIMATE RECORD PERIOD 1873 TO 2017


WEATHER ITEM   OBSERVED TIME   RECORD YEAR NORMAL DEPARTURE LAST
                VALUE   (LST)  VALUE       VALUE  FROM      YEAR
                                                  NORMAL
..................................................................
TEMPERATURE (F)
 TODAY
  MAXIMUM         92    121 PM  99    1964  88      4       84
  MINIMUM         68    418 AM  45    1961  61      7       57
  AVERAGE         80                        75      5       71

PRECIPITATION (IN)
  TODAY            0.00          2.14 1950   0.11  -0.11     0.29
  MONTH TO DATE    3.34                      2.30   1.04     3.31
  SINCE MAR 1      7.71                      9.32  -1.61    10.91
  SINCE JAN 1     19.95                     17.15   2.80    16.33

SNOWFALL (IN)
  TODAY            0.0          MM      MM   0.0             0.0
  MONTH TO DATE    0.0                       0.0             0.0
  SINCE MAR 1      0.0                       0.0             0.0
  SINCE JUL 1      T                         0.9             0.5

DEGREE DAYS
 HEATING
  TODAY            0                         0      0        0
  MONTH TO DATE    3                        18    -15       13
  SINCE MAR 1    272                       438   -166      279
  SINCE JUL 1   1407                      2470  -1063     1856

 COOLING
  TODAY           15                        10      5        6
  MONTH TO DATE  247                       180     67      166
  SINCE MAR 1    467                       250    217      281
  SINCE JAN 1    497                       253    244      284
..................................................................


WIND (MPH)
  HIGHEST WIND SPEED    22   HIGHEST WIND DIRECTION    SW (240)
  HIGHEST GUST SPEED    29   HIGHEST GUST DIRECTION    SW (240)
  AVERAGE WIND SPEED     8.5


SKY COVER
  AVERAGE SKY COVER 0.0


WEATHER CONDITIONS
 THE FOLLOWING WEATHER WAS RECORDED TODAY.
  NO SIGNIFICANT WEATHER WAS OBSERVED.


RELATIVE HUMIDITY (PERCENT)
 HIGHEST    84           200 AM
 LOWEST     52           100 PM
 AVERAGE    68

..........................................................


THE AUGUSTA BUSH FIELD GA CLIMATE NORMALS FOR TOMORROW
                         NORMAL    RECORD    YEAR
 MAXIMUM TEMPERATURE (F)   88        99      1914
 MINIMUM TEMPERATURE (F)   62        50      1968


SUNRISE AND SUNSET
MAY 28 2017...........SUNRISE   621 AM EDT   SUNSET   830 PM EDT
MAY 29 2017...........SUNRISE   620 AM EDT   SUNSET   831 PM EDT


-  INDICATES NEGATIVE NUMBERS.
R  INDICATES RECORD WAS SET OR TIED.
MM INDICATES DATA IS MISSING.
T  INDICATES TRACE AMOUNT.




$$
