000
CDUS42 KCAE 120725
CLIAGS


CLIMATE REPORT
NATIONAL WEATHER SERVICE COLUMBIA SC
324 AM EDT SAT JUL 12 2014


...................................

...THE AUGUSTA REGIONAL BUSH FIELD GA CLIMATE SUMMARY FOR JULY 11 2014...

CLIMATE NORMAL PERIOD 1981 TO 2010
CLIMATE RECORD PERIOD 1873 TO 2014


WEATHER ITEM   OBSERVED TIME   RECORD YEAR NORMAL DEPARTURE LAST
                VALUE   (LST)  VALUE       VALUE  FROM      YEAR
                                                  NORMAL
..................................................................
TEMPERATURE (F)
 YESTERDAY
  MAXIMUM         91    233 PM 103    1993  94     -3       90
                                      1990
  MINIMUM         69    415 AM  57    1963  70     -1       73
  AVERAGE         80                        82     -2       82

PRECIPITATION (IN)
  YESTERDAY        0.00          2.70 1885   0.13  -0.13     0.35
  MONTH TO DATE    0.02                      1.49  -1.47     5.50
  SINCE JUN 1      2.29                      6.21  -3.92    16.33
  SINCE JAN 1     21.15                     23.71  -2.56    35.93

SNOWFALL (IN)
  YESTERDAY        0.0          MM      MM   0.0             0.0
  MONTH TO DATE    0.0                       0.0             0.0
  SINCE JUN 1      0.0                       0.0             0.0
  SINCE JUL 1      0.0                       0.0             0.0

DEGREE DAYS
 HEATING
  YESTERDAY        0                         0      0        0
  MONTH TO DATE    0                         0      0        0
  SINCE JUN 1      0                         0      0        0
  SINCE JUL 1      0                         0      0        0

 COOLING
  YESTERDAY       15                        17     -2       17
  MONTH TO DATE  176                       179     -3      157
  SINCE JUN 1    600                       587     13      549
  SINCE JAN 1    884                       870     14      758
..................................................................


WIND (MPH)
  HIGHEST WIND SPEED    14   HIGHEST WIND DIRECTION    NE (50)
  HIGHEST GUST SPEED    16   HIGHEST GUST DIRECTION    NE (40)
  AVERAGE WIND SPEED     3.3


SKY COVER
  AVERAGE SKY COVER 0.2


WEATHER CONDITIONS
 THE FOLLOWING WEATHER WAS RECORDED YESTERDAY.
  THUNDERSTORM
  FOG


RELATIVE HUMIDITY (PERCENT)
 HIGHEST   100           100 AM
 LOWEST     52           200 PM
 AVERAGE    76

..........................................................


THE AUGUSTA REGIONAL BUSH FIELD GA CLIMATE NORMALS FOR TODAY
                         NORMAL    RECORD    YEAR
 MAXIMUM TEMPERATURE (F)   94       104      1930
                                             1879
 MINIMUM TEMPERATURE (F)   70        57      1898


SUNRISE AND SUNSET
JULY 12 2014..........SUNRISE   627 AM EDT   SUNSET   839 PM EDT
JULY 13 2014..........SUNRISE   628 AM EDT   SUNSET   839 PM EDT


-  INDICATES NEGATIVE NUMBERS.
R  INDICATES RECORD WAS SET OR TIED.
MM INDICATES DATA IS MISSING.
T  INDICATES TRACE AMOUNT.




$$
