000
CDUS42 KCAE 192219
CLIAGS


CLIMATE REPORT
NATIONAL WEATHER SERVICE COLUMBIA SC
519 PM EST THU JAN 19 2017


...................................

...THE AUGUSTA BUSH FIELD GA CLIMATE SUMMARY FOR JANUARY 19 2017...
VALID TODAY AS OF 0500 PM LOCAL TIME.

CLIMATE NORMAL PERIOD 1981 TO 2010
CLIMATE RECORD PERIOD 1873 TO 2017


WEATHER ITEM   OBSERVED TIME   RECORD YEAR NORMAL DEPARTURE LAST
                VALUE   (LST)  VALUE       VALUE  FROM      YEAR
                                                  NORMAL
..................................................................
TEMPERATURE (F)
 TODAY
  MAXIMUM         77    314 PM  78    2001  58     19       43
  MINIMUM         46    734 AM  12    1977  33     13       20
                                      1976
  AVERAGE         62                        45     17       32

PRECIPITATION (IN)
  TODAY            0.00          2.54 1925   0.12  -0.12     0.00
  MONTH TO DATE    6.43                      2.34   4.09     0.89
  SINCE DEC 1     10.84                      5.73   5.11     7.81
  SINCE JAN 1      6.43                      2.34   4.09     0.89

SNOWFALL (IN)
  TODAY            0.0           2.6  1992   0.0             0.0
  MONTH TO DATE    T                         0.3             0.0
  SINCE DEC 1      T                         0.4             0.0
  SINCE JUL 1      T                         0.4             0.0

DEGREE DAYS
 HEATING
  TODAY            3                        20    -17       33
  MONTH TO DATE  184                       380   -196      386
  SINCE DEC 1    550                       933   -383      603
  SINCE JUL 1    821                      1355   -534      890

 COOLING
  TODAY            0                         0      0        0
  MONTH TO DATE   11                         0     11        0
  SINCE DEC 1     18                         3     15       47
  SINCE JAN 1     11                         0     11        0
..................................................................


WIND (MPH)
  HIGHEST WIND SPEED     8   HIGHEST WIND DIRECTION    SE (140)
  HIGHEST GUST SPEED    10   HIGHEST GUST DIRECTION    SE (140)
  AVERAGE WIND SPEED     1.5


SKY COVER
  AVERAGE SKY COVER 0.0


WEATHER CONDITIONS
 THE FOLLOWING WEATHER WAS RECORDED TODAY.
  FOG


RELATIVE HUMIDITY (PERCENT)
 HIGHEST    93           100 AM
 LOWEST     29           300 PM
 AVERAGE    61

..........................................................


THE AUGUSTA BUSH FIELD GA CLIMATE NORMALS FOR TOMORROW
                         NORMAL    RECORD    YEAR
 MAXIMUM TEMPERATURE (F)   58        78      1929
 MINIMUM TEMPERATURE (F)   33         8      1985


SUNRISE AND SUNSET
JANUARY 19 2017.......SUNRISE   730 AM EST   SUNSET   547 PM EST
JANUARY 20 2017.......SUNRISE   730 AM EST   SUNSET   548 PM EST


-  INDICATES NEGATIVE NUMBERS.
R  INDICATES RECORD WAS SET OR TIED.
MM INDICATES DATA IS MISSING.
T  INDICATES TRACE AMOUNT.




$$
