000
CDUS42 KCAE 260632
CLIAGS


CLIMATE REPORT
NATIONAL WEATHER SERVICE COLUMBIA SC
131 AM EST FRI DEC 26 2014


...................................

...THE AUGUSTA REGIONAL BUSH FIELD GA CLIMATE SUMMARY FOR DECEMBER 25 2014...

CLIMATE NORMAL PERIOD 1981 TO 2010
CLIMATE RECORD PERIOD 1873 TO 2014


WEATHER ITEM   OBSERVED TIME   RECORD YEAR NORMAL DEPARTURE LAST
                VALUE   (LST)  VALUE       VALUE  FROM      YEAR
                                                  NORMAL
..................................................................
TEMPERATURE (F)
 YESTERDAY
  MAXIMUM         59    351 PM  79    1984  58      1       47
                                      1982
                                      1926
  MINIMUM         33   1153 PM   6    1983  33      0       28
  AVERAGE         46                        46      0       38

PRECIPITATION (IN)
  YESTERDAY        T             2.83 1943   0.11  -0.11     0.00
  MONTH TO DATE    4.09                      2.71   1.38     4.61
  SINCE DEC 1      4.09                      2.71   1.38     4.61
  SINCE JAN 1     38.57                     42.89  -4.32    53.23

SNOWFALL (IN)
  YESTERDAY        0.0          MM      MM   0.0             0.0
  MONTH TO DATE    0.0                       0.1             0.0
  SINCE DEC 1      0.0                       0.1             0.0
  SINCE JUL 1      0.0                       0.1             0.0

DEGREE DAYS
 HEATING
  YESTERDAY       19                        20     -1       27
  MONTH TO DATE  371                       435    -64      341
  SINCE DEC 1    371                       435    -64      341
  SINCE JUL 1    935                       857     78      800

 COOLING
  YESTERDAY        0                         0      0        0
  MONTH TO DATE    0                         0      0       11
  SINCE DEC 1      0                         0      0       11
  SINCE JAN 1   2099                      2086     13     1876
..................................................................


WIND (MPH)
  HIGHEST WIND SPEED    23   HIGHEST WIND DIRECTION    NW (310)
  HIGHEST GUST SPEED    30   HIGHEST GUST DIRECTION    NW (310)
  AVERAGE WIND SPEED     7.4


SKY COVER
  AVERAGE SKY COVER 0.0


WEATHER CONDITIONS
 THE FOLLOWING WEATHER WAS RECORDED YESTERDAY.
  LIGHT RAIN


RELATIVE HUMIDITY (PERCENT)
 HIGHEST    92           800 PM
 LOWEST     43           100 PM
 AVERAGE    68

..........................................................


THE AUGUSTA REGIONAL BUSH FIELD GA CLIMATE NORMALS FOR TODAY
                         NORMAL    RECORD    YEAR
 MAXIMUM TEMPERATURE (F)   58        80      1964
 MINIMUM TEMPERATURE (F)   33         9      1983


SUNRISE AND SUNSET
DECEMBER 26 2014......SUNRISE   730 AM EST   SUNSET   527 PM EST
DECEMBER 27 2014......SUNRISE   730 AM EST   SUNSET   528 PM EST


-  INDICATES NEGATIVE NUMBERS.
R  INDICATES RECORD WAS SET OR TIED.
MM INDICATES DATA IS MISSING.
T  INDICATES TRACE AMOUNT.




$$
