000
CDUS42 KCAE 280638
CLIAGS


CLIMATE REPORT
NATIONAL WEATHER SERVICE COLUMBIA SC
137 AM EST WED JAN 28 2015


...................................

...THE AUGUSTA REGIONAL BUSH FIELD GA CLIMATE SUMMARY FOR JANUARY 27 2015...

CLIMATE NORMAL PERIOD 1981 TO 2010
CLIMATE RECORD PERIOD 1873 TO 2015


WEATHER ITEM   OBSERVED TIME   RECORD YEAR NORMAL DEPARTURE LAST
                VALUE   (LST)  VALUE       VALUE  FROM      YEAR
                                                  NORMAL
..................................................................
TEMPERATURE (F)
 YESTERDAY
  MAXIMUM         53    415 PM  78    1890  59     -6       68
  MINIMUM         29    635 AM  12    1940  33     -4       41
  AVERAGE         41                        46     -5       55

PRECIPITATION (IN)
  YESTERDAY        0.00          2.02 1872   0.14  -0.14     0.01
  MONTH TO DATE    2.10                      3.39  -1.29     2.23
  SINCE DEC 1      6.31                      6.78  -0.47     9.13
  SINCE JAN 1      2.10                      3.39  -1.29     2.23

SNOWFALL (IN)
  YESTERDAY        0.0           0.2  1966   0.0             0.0
  MONTH TO DATE    0.0                       0.3             0.0
  SINCE DEC 1      0.0                       0.4             0.0
  SINCE JUL 1      0.0                       0.4             0.0

DEGREE DAYS
 HEATING
  YESTERDAY       24                        19      5       10
  MONTH TO DATE  549                       534     15      651
  SINCE DEC 1   1010                      1087    -77     1109
  SINCE JUL 1   1574                      1509     65     1568

 COOLING
  YESTERDAY        0                         0      0        0
  MONTH TO DATE    0                         0      0        0
  SINCE DEC 1      0                         3     -3       11
  SINCE JAN 1      0                         0      0        0
..................................................................


WIND (MPH)
  HIGHEST WIND SPEED    21   HIGHEST WIND DIRECTION    NW (300)
  HIGHEST GUST SPEED    29   HIGHEST GUST DIRECTION     W (290)
  AVERAGE WIND SPEED     8.6


SKY COVER
  AVERAGE SKY COVER 0.4


WEATHER CONDITIONS
 THE FOLLOWING WEATHER WAS RECORDED YESTERDAY.
  HAZE


RELATIVE HUMIDITY (PERCENT)
 HIGHEST    85           700 AM
 LOWEST     38           400 PM
 AVERAGE    62

..........................................................


THE AUGUSTA REGIONAL BUSH FIELD GA CLIMATE NORMALS FOR TODAY
                         NORMAL    RECORD    YEAR
 MAXIMUM TEMPERATURE (F)   59        80      1944
 MINIMUM TEMPERATURE (F)   33        10      1986


SUNRISE AND SUNSET
JANUARY 28 2015.......SUNRISE   726 AM EST   SUNSET   555 PM EST
JANUARY 29 2015.......SUNRISE   726 AM EST   SUNSET   556 PM EST


-  INDICATES NEGATIVE NUMBERS.
R  INDICATES RECORD WAS SET OR TIED.
MM INDICATES DATA IS MISSING.
T  INDICATES TRACE AMOUNT.




$$
