000
CDUS42 KFFC 180822
CLIAHN


CLIMATE REPORT
NATIONAL WEATHER SERVICE PEACHTREE CITY GA
422 AM EDT FRI AUG 18 2017


...................................

...THE ATHENS CLIMATE SUMMARY FOR AUGUST 17 2017...

CLIMATE NORMAL PERIOD 1981 TO 2010
CLIMATE RECORD PERIOD 1898 TO 2017


WEATHER ITEM   OBSERVED TIME   RECORD YEAR NORMAL DEPARTURE LAST
                VALUE   (LST)  VALUE       VALUE  FROM      YEAR
                                                  NORMAL
..................................................................
TEMPERATURE (F)
 YESTERDAY
  MAXIMUM         93    127 PM 105    1954  90      3       95
  MINIMUM         73    616 AM  60    2013  70      3       70
                                      1967
                                      1948
  AVERAGE         83                        80      3       83

PRECIPITATION (IN)
  YESTERDAY        0.00          2.03 2015   0.10  -0.10     1.74
  MONTH TO DATE    4.28                      2.03   2.25     7.90
  SINCE JUN 1     15.69                     10.68   5.01    13.59
  SINCE JAN 1     40.80                     29.79  11.01    28.77

DEGREE DAYS
 COOLING
  YESTERDAY       18                        15      3       18
  MONTH TO DATE  242                       257    -15      311
  SINCE JUN 1   1087                      1119    -32     1387
  SINCE JAN 1   1452                      1359     93     1688
..................................................................


WIND (MPH)
  RESULTANT WIND SPEED   1   RESULTANT WIND DIRECTION   W (280)
  HIGHEST WIND SPEED    12   HIGHEST WIND DIRECTION     W (280)
  HIGHEST GUST SPEED    17   HIGHEST GUST DIRECTION    NW (300)
  AVERAGE WIND SPEED     2.3


SKY COVER
  POSSIBLE SUNSHINE  MM
  AVERAGE SKY COVER 0.1


WEATHER CONDITIONS
 THE FOLLOWING WEATHER WAS RECORDED YESTERDAY.
  THUNDERSTORM


RELATIVE HUMIDITY (PERCENT)
 HIGHEST   100           300 AM
 LOWEST     63          1200 PM
 AVERAGE    82

..........................................................


THE ATHENS CLIMATE NORMALS FOR TODAY
                         NORMAL    RECORD    YEAR
 MAXIMUM TEMPERATURE (F)   90       103      1995
 MINIMUM TEMPERATURE (F)   69        62      1979
                                             1976
                                             1964


SUNRISE AND SUNSET
AUGUST 18 2017........SUNRISE   657 AM EDT   SUNSET   816 PM EDT
AUGUST 19 2017........SUNRISE   658 AM EDT   SUNSET   815 PM EDT


-  INDICATES NEGATIVE NUMBERS.
R  INDICATES RECORD WAS SET OR TIED.
MM INDICATES DATA IS MISSING.
T  INDICATES TRACE AMOUNT.




$$
