000
CDUS42 KFFC 232038
CLIAHN


CLIMATE REPORT
NATIONAL WEATHER SERVICE PEACHTREE CITY GA
438 PM EDT MON OCT 23 2017


...................................

...THE ATHENS CLIMATE SUMMARY FOR OCTOBER 23 2017...
VALID TODAY AS OF 0400 PM LOCAL TIME.

CLIMATE NORMAL PERIOD 1981 TO 2010
CLIMATE RECORD PERIOD 1898 TO 2017


WEATHER ITEM   OBSERVED TIME   RECORD YEAR NORMAL DEPARTURE LAST
                VALUE   (LST)  VALUE       VALUE  FROM      YEAR
                                                  NORMAL
..................................................................
TEMPERATURE (F)
 TODAY
  MAXIMUM         73    302 PM  88    1927  72      1       77
  MINIMUM         66    120 PM  31    1987  49     17       44
  AVERAGE         70                        61      9       61

PRECIPITATION (IN)
  TODAY            1.68          3.12 1890   0.10   1.58     0.00
  MONTH TO DATE    4.58                      2.74   1.84     0.03
  SINCE SEP 1      8.77                      6.68   2.09     1.25
  SINCE JAN 1     50.76                     37.97  12.79    32.22

DEGREE DAYS
 HEATING
  TODAY            0                         5     -5        4
  MONTH TO DATE   28                        74    -46       26
  SINCE SEP 1     37                        84    -47       26
  SINCE JUL 1     37                        84    -47       26

 COOLING
  TODAY            5                         1      4        0
  MONTH TO DATE  119                        54     65      104
  SINCE SEP 1    362                       314     48      490
  SINCE JAN 1   2001                      1869    132     2404
..................................................................


WIND (MPH)
  HIGHEST WIND SPEED    15   HIGHEST WIND DIRECTION     W (270)
  HIGHEST GUST SPEED    25   HIGHEST GUST DIRECTION    SW (210)
  AVERAGE WIND SPEED     7.8


SKY COVER
  AVERAGE SKY COVER 1.0


WEATHER CONDITIONS
 THE FOLLOWING WEATHER WAS RECORDED TODAY.
  THUNDERSTORM
  HEAVY RAIN
  RAIN
  LIGHT RAIN
  FOG
  FOG W/VISIBILITY <= 1/4 MILE


RELATIVE HUMIDITY (PERCENT)
 HIGHEST   100          1200 AM
 LOWEST     73           300 PM
 AVERAGE    87

..........................................................


THE ATHENS CLIMATE NORMALS FOR TOMORROW
                         NORMAL    RECORD    YEAR
 MAXIMUM TEMPERATURE (F)   72        90      1927
 MINIMUM TEMPERATURE (F)   49        29      1917


SUNRISE AND SUNSET
OCTOBER 23 2017.......SUNRISE   745 AM EDT   SUNSET   650 PM EDT
OCTOBER 24 2017.......SUNRISE   746 AM EDT   SUNSET   648 PM EDT


-  INDICATES NEGATIVE NUMBERS.
R  INDICATES RECORD WAS SET OR TIED.
MM INDICATES DATA IS MISSING.
T  INDICATES TRACE AMOUNT.




$$
