617
CDUS42 KFFC 230817
CLIAHN


CLIMATE REPORT
NATIONAL WEATHER SERVICE PEACHTREE CITY GA
417 AM EDT FRI JUN 23 2017


...................................

...THE ATHENS CLIMATE SUMMARY FOR JUNE 22 2017...

CLIMATE NORMAL PERIOD 1981 TO 2010
CLIMATE RECORD PERIOD 1898 TO 2017


WEATHER ITEM   OBSERVED TIME   RECORD YEAR NORMAL DEPARTURE LAST
                VALUE   (LST)  VALUE       VALUE  FROM      YEAR
                                                  NORMAL
..................................................................
TEMPERATURE (F)
 YESTERDAY
  MAXIMUM         84    429 PM 102    2006  90     -6       97
                                      1925
  MINIMUM         70    553 AM  58    1972  68      2       73
                                      1947
  AVERAGE         77                        79     -2       85

PRECIPITATION (IN)
  YESTERDAY        1.50          1.69 1947   0.15   1.35     0.00
  MONTH TO DATE    5.08                      2.99   2.09     1.66
  SINCE JUN 1      5.08                      2.99   2.09     1.66
  SINCE JAN 1     30.19                     22.10   8.09    16.84

DEGREE DAYS
 COOLING
  YESTERDAY       12                        14     -2       20
  MONTH TO DATE  252                       262    -10      329
  SINCE JUN 1    252                       262    -10      329
  SINCE JAN 1    617                       502    115      630
..................................................................


WIND (MPH)
  RESULTANT WIND SPEED   2   RESULTANT WIND DIRECTION   E (80)
  HIGHEST WIND SPEED    15   HIGHEST WIND DIRECTION     W (250)
  HIGHEST GUST SPEED    24   HIGHEST GUST DIRECTION     W (260)
  AVERAGE WIND SPEED     2.6


SKY COVER
  POSSIBLE SUNSHINE  MM
  AVERAGE SKY COVER 0.4


WEATHER CONDITIONS
 THE FOLLOWING WEATHER WAS RECORDED YESTERDAY.
  THUNDERSTORM
  HEAVY RAIN
  RAIN
  LIGHT RAIN
  FOG
  FOG W/VISIBILITY <= 1/4 MILE


RELATIVE HUMIDITY (PERCENT)
 HIGHEST   100           200 AM
 LOWEST     79           200 PM
 AVERAGE    90

..........................................................


THE ATHENS CLIMATE NORMALS FOR TODAY
                         NORMAL    RECORD    YEAR
 MAXIMUM TEMPERATURE (F)   90       101      1988
                                             1944
                                             1931
 MINIMUM TEMPERATURE (F)   68        53      1947


SUNRISE AND SUNSET
JUNE 23 2017..........SUNRISE   623 AM EDT   SUNSET   848 PM EDT
JUNE 24 2017..........SUNRISE   623 AM EDT   SUNSET   848 PM EDT


-  INDICATES NEGATIVE NUMBERS.
R  INDICATES RECORD WAS SET OR TIED.
MM INDICATES DATA IS MISSING.
T  INDICATES TRACE AMOUNT.




$$
