000
CDUS42 KFFC 060835
CLIAHN


CLIMATE REPORT
NATIONAL WEATHER SERVICE PEACHTREE CITY GA
435 AM EDT FRI MAY 6 2016


...................................

...THE ATHENS CLIMATE SUMMARY FOR MAY 5 2016...

CLIMATE NORMAL PERIOD 1981 TO 2010
CLIMATE RECORD PERIOD 1898 TO 2016


WEATHER ITEM   OBSERVED TIME   RECORD YEAR NORMAL DEPARTURE LAST
                VALUE   (LST)  VALUE       VALUE  FROM      YEAR
                                                  NORMAL
..................................................................
TEMPERATURE (F)
 YESTERDAY
  MAXIMUM         66        MM  93    1955  79    -13       83
  MINIMUM         47        MM  37    2011  55     -8       54
  AVERAGE         57                        67    -10       69

PRECIPITATION (IN)
  YESTERDAY        0.12          1.77 2003   0.10   0.02     0.00
  MONTH TO DATE    0.16                      0.51  -0.35     0.00
  SINCE MAR 1      4.68                      8.09  -3.41    10.80
  SINCE JAN 1     12.85                     16.62  -3.77    17.77

DEGREE DAYS
 COOLING
  YESTERDAY        0                         4     -4        4
  MONTH TO DATE   29                        16     13        7
  SINCE MAR 1    136                        73     63       86
  SINCE JAN 1    136                        74     62       86
..................................................................


WIND (MPH)
  RESULTANT WIND SPEED  10   RESULTANT WIND DIRECTION  NW (300)
  HIGHEST WIND SPEED    16   HIGHEST WIND DIRECTION    NW (300)
  HIGHEST GUST SPEED    30   HIGHEST GUST DIRECTION    NW (330)
  AVERAGE WIND SPEED    10.4


SKY COVER
  POSSIBLE SUNSHINE  MM
  AVERAGE SKY COVER 0.3


WEATHER CONDITIONS
 THE FOLLOWING WEATHER WAS RECORDED YESTERDAY.
  HEAVY RAIN
  RAIN
  LIGHT RAIN
  FOG
  HAZE


RELATIVE HUMIDITY (PERCENT)
 HIGHEST    93          1200 AM
 LOWEST     37          1200 PM
 AVERAGE    65

..........................................................


THE ATHENS CLIMATE NORMALS FOR TODAY
                         NORMAL    RECORD    YEAR
 MAXIMUM TEMPERATURE (F)   79        92      1952
 MINIMUM TEMPERATURE (F)   55        40      1968


SUNRISE AND SUNSET
MAY  6 2016...........SUNRISE   639 AM EDT   SUNSET   821 PM EDT
MAY  7 2016...........SUNRISE   638 AM EDT   SUNSET   822 PM EDT


-  INDICATES NEGATIVE NUMBERS.
R  INDICATES RECORD WAS SET OR TIED.
MM INDICATES DATA IS MISSING.
T  INDICATES TRACE AMOUNT.




$$
