000
CDUS42 KFFC 162210
CLIAHN


CLIMATE REPORT
NATIONAL WEATHER SERVICE PEACHTREE CITY GA
509 PM EST TUE JAN 16 2018


...................................

...THE ATHENS CLIMATE SUMMARY FOR JANUARY 16 2018...
VALID TODAY AS OF 0500 PM LOCAL TIME.

CLIMATE NORMAL PERIOD 1981 TO 2010
CLIMATE RECORD PERIOD 1898 TO 2018


WEATHER ITEM   OBSERVED TIME   RECORD YEAR NORMAL DEPARTURE LAST
                VALUE   (LST)  VALUE       VALUE  FROM      YEAR
                                                  NORMAL
..................................................................
TEMPERATURE (F)
 TODAY
  MAXIMUM         53    258 PM  76    1952  54     -1       64
                                      1928
  MINIMUM         23    710 AM   9    1927  33    -10       48
                                      1912
  AVERAGE         38                        43     -5       56

PRECIPITATION (IN)
  TODAY            0.00          2.02 1954   0.13  -0.13     0.00
  MONTH TO DATE    1.83                      1.99  -0.16     2.85
  SINCE DEC 1      4.58                      5.72  -1.14     5.27
  SINCE JAN 1      1.83                      1.99  -0.16     2.85

SNOWFALL (IN)
  TODAY            0.0           0.0  2002   0.1   -0.1      0.0
  MONTH TO DATE    0.0                       0.7   -0.7      0.0
  SINCE DEC 1      T                         0.8   -0.8      0.0
  SINCE JUL 1      T                         0.8   -0.8      0.0
  SNOW DEPTH       0

DEGREE DAYS
 HEATING
  TODAY           27                        22      5        9
  MONTH TO DATE  450                       352     98      254
  SINCE DEC 1   1019                       962     57      800
  SINCE JUL 1   1477                      1442     35     1086

 COOLING
  TODAY            0                         0      0        0
  MONTH TO DATE    0                         0      0        0
  SINCE DEC 1      0                         1     -1        0
  SINCE JAN 1      0                         0      0        0
..................................................................


WIND (MPH)
  HIGHEST WIND SPEED     9   HIGHEST WIND DIRECTION    SW (230)
  HIGHEST GUST SPEED    15   HIGHEST GUST DIRECTION    SW (220)
  AVERAGE WIND SPEED     2.6


SKY COVER
  AVERAGE SKY COVER 0.0


WEATHER CONDITIONS
 THE FOLLOWING WEATHER WAS RECORDED TODAY.
  NO SIGNIFICANT WEATHER WAS OBSERVED.


RELATIVE HUMIDITY (PERCENT)
 HIGHEST    88           500 AM
 LOWEST     35           100 PM
 AVERAGE    62

..........................................................


THE ATHENS CLIMATE NORMALS FOR TOMORROW
                         NORMAL    RECORD    YEAR
 MAXIMUM TEMPERATURE (F)   54        79      1928
 MINIMUM TEMPERATURE (F)   33         6      1977


SUNRISE AND SUNSET
JANUARY 16 2018.......SUNRISE   738 AM EST   SUNSET   548 PM EST
JANUARY 17 2018.......SUNRISE   738 AM EST   SUNSET   549 PM EST


-  INDICATES NEGATIVE NUMBERS.
R  INDICATES RECORD WAS SET OR TIED.
MM INDICATES DATA IS MISSING.
T  INDICATES TRACE AMOUNT.




$$
