000
CDUS42 KFFC 230836
CLIAHN


CLIMATE REPORT
NATIONAL WEATHER SERVICE PEACHTREE CITY GA
435 AM EDT SAT MAY 23 2015


...................................

...THE ATHENS CLIMATE SUMMARY FOR MAY 22 2015...

CLIMATE NORMAL PERIOD 1981 TO 2010
CLIMATE RECORD PERIOD 1898 TO 2015


WEATHER ITEM   OBSERVED TIME   RECORD YEAR NORMAL DEPARTURE LAST
                VALUE   (LST)  VALUE       VALUE  FROM      YEAR
                                                  NORMAL
..................................................................
TEMPERATURE (F)
 YESTERDAY
  MAXIMUM         80    316 PM  99    1941  83     -3       89
  MINIMUM         53    557 AM  45    1993  60     -7       61
  AVERAGE         67                        72     -5       75

PRECIPITATION (IN)
  YESTERDAY        0.00          2.84 1967   0.08  -0.08     0.00
  MONTH TO DATE    0.05                      2.13  -2.08     3.10
  SINCE MAR 1     10.85                      9.71   1.14    10.64
  SINCE JAN 1     17.82                     18.24  -0.42    19.28

DEGREE DAYS
 COOLING
  YESTERDAY        2                         7     -5       10
  MONTH TO DATE  162                       107     55      118
  SINCE MAR 1    241                       164     77      169
  SINCE JAN 1    241                       165     76      170
..................................................................


WIND (MPH)
  RESULTANT WIND SPEED   2   RESULTANT WIND DIRECTION  NE (50)
  HIGHEST WIND SPEED    14   HIGHEST WIND DIRECTION     E (70)
  HIGHEST GUST SPEED    18   HIGHEST GUST DIRECTION     E (80)
  AVERAGE WIND SPEED     4.3


SKY COVER
  POSSIBLE SUNSHINE  MM
  AVERAGE SKY COVER 0.0


WEATHER CONDITIONS
 THE FOLLOWING WEATHER WAS RECORDED YESTERDAY.
  HAZE


RELATIVE HUMIDITY (PERCENT)
 HIGHEST    78          1100 PM
 LOWEST     32           500 PM
 AVERAGE    55

..........................................................


THE ATHENS CLIMATE NORMALS FOR TODAY
                         NORMAL    RECORD    YEAR
 MAXIMUM TEMPERATURE (F)   84        99      1941
 MINIMUM TEMPERATURE (F)   60        45      2002


SUNRISE AND SUNSET
MAY 23 2015...........SUNRISE   627 AM EDT   SUNSET   833 PM EDT
MAY 24 2015...........SUNRISE   627 AM EDT   SUNSET   834 PM EDT


-  INDICATES NEGATIVE NUMBERS.
R  INDICATES RECORD WAS SET OR TIED.
MM INDICATES DATA IS MISSING.
T  INDICATES TRACE AMOUNT.




$$
