000
CDUS42 KFFC 010820
CLIAHN


CLIMATE REPORT
NATIONAL WEATHER SERVICE PEACHTREE CITY GA
420 AM EDT TUE SEP 1 2015


...................................

...THE ATHENS CLIMATE SUMMARY FOR AUGUST 31 2015...

CLIMATE NORMAL PERIOD 1981 TO 2010
CLIMATE RECORD PERIOD 1898 TO 2015


WEATHER ITEM   OBSERVED TIME   RECORD YEAR NORMAL DEPARTURE LAST
                VALUE   (LST)  VALUE       VALUE  FROM      YEAR
                                                  NORMAL
..................................................................
TEMPERATURE (F)
 YESTERDAY
  MAXIMUM         87    313 PM  99    1912  88     -1       93
  MINIMUM         66    617 AM  58    1999  68     -2       72
                                      1946
  AVERAGE         77                        78     -1       83

PRECIPITATION (IN)
  YESTERDAY        0.00          2.04 1917   0.10  -0.10     0.47
  MONTH TO DATE    6.78                      3.53   3.25     1.89
  SINCE JUN 1     14.62                     12.18   2.44     9.85
  SINCE JAN 1     35.02                     31.29   3.73    29.49

DEGREE DAYS
 COOLING
  YESTERDAY       12                        13     -1       18
  MONTH TO DATE  466                       453     13      448
  SINCE JUN 1   1472                      1315    157     1315
  SINCE JAN 1   1797                      1555    242     1585
..................................................................


WIND (MPH)
  RESULTANT WIND SPEED   3   RESULTANT WIND DIRECTION   E (70)
  HIGHEST WIND SPEED     8   HIGHEST WIND DIRECTION     E (80)
  HIGHEST GUST SPEED    11   HIGHEST GUST DIRECTION    NE (30)
  AVERAGE WIND SPEED     2.5


SKY COVER
  POSSIBLE SUNSHINE  MM
  AVERAGE SKY COVER 0.6


WEATHER CONDITIONS
 THE FOLLOWING WEATHER WAS RECORDED YESTERDAY.
  NO SIGNIFICANT WEATHER WAS OBSERVED.


RELATIVE HUMIDITY (PERCENT)
 HIGHEST    93          1200 AM
 LOWEST     51           300 PM
 AVERAGE    72

..........................................................


THE ATHENS CLIMATE NORMALS FOR TODAY
                         NORMAL    RECORD    YEAR
 MAXIMUM TEMPERATURE (F)   88        99      1957
                                             1912
 MINIMUM TEMPERATURE (F)   67        56      1946


SUNRISE AND SUNSET
SEPTEMBER  1 2015.....SUNRISE   707 AM EDT   SUNSET   759 PM EDT
SEPTEMBER  2 2015.....SUNRISE   707 AM EDT   SUNSET   758 PM EDT


-  INDICATES NEGATIVE NUMBERS.
R  INDICATES RECORD WAS SET OR TIED.
MM INDICATES DATA IS MISSING.
T  INDICATES TRACE AMOUNT.




$$
