000
CDUS45 KCYS 240728
CLIAIA


CLIMATE REPORT
NATIONAL WEATHER SERVICE CHEYENNE WY
127 AM MDT SUN JUL 24 2016


...................................

...THE ALLIANCE NE AIRPORT CLIMATE SUMMARY FOR JULY 23 2016...

CLIMATE NORMAL PERIOD 1981 TO 2010
CLIMATE RECORD PERIOD 1896 TO 2016


WEATHER ITEM   OBSERVED TIME   RECORD YEAR NORMAL DEPARTURE LAST
                VALUE   (LST)  VALUE       VALUE  FROM      YEAR
                                                  NORMAL
..................................................................
TEMPERATURE (F)
 YESTERDAY
  MAXIMUM         94    343 PM 107    2005  89      5       95
  MINIMUM         62   1159 PM  42    1954  57      5       53
  AVERAGE         78                        73      5       74

PRECIPITATION (IN)
  YESTERDAY        0.00          0.70 1993   0.07  -0.07     0.00
  MONTH TO DATE    1.72                      1.85  -0.13     2.19
  SINCE JAN 1     11.28                     10.24   1.04    17.39

DEGREE DAYS
 HEATING
  YESTERDAY        0                         0      0        0
  MONTH TO DATE    3                         5     -2       12
  SINCE JUN 1     26                        98    -72       21
  SINCE JUL 1      3                         5     -2       12

 COOLING
  YESTERDAY       13                         9      4        9
  MONTH TO DATE  177                       166     11      122
  SINCE JUN 1    351                       254     97      226
  SINCE JAN 1    351                       264     87      226
..................................................................


WIND (MPH)
  HIGHEST WIND SPEED    18   HIGHEST WIND DIRECTION    NW (330)
  HIGHEST GUST SPEED    24   HIGHEST GUST DIRECTION    NW (330)
  AVERAGE WIND SPEED     8.7


SKY COVER
  AVERAGE SKY COVER 0.0


WEATHER CONDITIONS
 THE FOLLOWING WEATHER WAS RECORDED YESTERDAY.
  NO SIGNIFICANT WEATHER WAS OBSERVED.


RELATIVE HUMIDITY (PERCENT)
 HIGHEST    93           200 AM
 LOWEST     21           400 PM
 AVERAGE    57

..........................................................


THE ALLIANCE NE AIRPORT CLIMATE NORMALS FOR TODAY
                         NORMAL    RECORD    YEAR
 MAXIMUM TEMPERATURE (F)   89       105      2014
                                             1940
 MINIMUM TEMPERATURE (F)   57        43      1911


SUNRISE AND SUNSET
JULY 24 2016..........SUNRISE   537 AM MDT   SUNSET   818 PM MDT
JULY 25 2016..........SUNRISE   538 AM MDT   SUNSET   817 PM MDT


-  INDICATES NEGATIVE NUMBERS.
R  INDICATES RECORD WAS SET OR TIED.
MM INDICATES DATA IS MISSING.
T  INDICATES TRACE AMOUNT.




$$
