000
CDUS45 KCYS 230322
CLIAIA


CLIMATE REPORT
NATIONAL WEATHER SERVICE CHEYENNE WY
921 PM MDT WED OCT 22 2014


...................................

...THE ALLIANCE NE AIRPORT CLIMATE SUMMARY FOR OCTOBER 22 2014...
VALID TODAY AS OF 0900 PM LOCAL TIME.

CLIMATE NORMAL PERIOD 1981 TO 2010
CLIMATE RECORD PERIOD 1896 TO 2014


WEATHER ITEM   OBSERVED TIME   RECORD YEAR NORMAL DEPARTURE LAST
                VALUE   (LST)  VALUE       VALUE  FROM      YEAR
                                                  NORMAL
..................................................................
TEMPERATURE (F)
 TODAY
  MAXIMUM         65    109 PM  84    2003  60      5       60
                                      1992
  MINIMUM         39    744 PM  13    1996  27     12       33
  AVERAGE         52                        43      9       47

PRECIPITATION (IN)
  TODAY            0.03          0.60 1906   0.03   0.00     0.00
  MONTH TO DATE    0.15                      0.91  -0.76     1.23
  SINCE JAN 1     17.42                     14.71   2.71    13.17

DEGREE DAYS
 HEATING
  TODAY           13                        22     -9       18
  MONTH TO DATE  302                       386    -84      448
  SINCE SEP 1    453                       594   -141      569
  SINCE JUL 1    490                       631   -141      577

 COOLING
  TODAY            0                         0      0        0
  MONTH TO DATE    0                         0      0        0
  SINCE SEP 1     37                        40     -3      136
  SINCE JAN 1    499                       563    -64      795
..................................................................


WIND (MPH)
  HIGHEST WIND SPEED    21   HIGHEST WIND DIRECTION    NW (300)
  HIGHEST GUST SPEED    26   HIGHEST GUST DIRECTION     W (290)
  AVERAGE WIND SPEED     7.9


SKY COVER
  AVERAGE SKY COVER 0.2


WEATHER CONDITIONS
 THE FOLLOWING WEATHER WAS RECORDED TODAY.
  LIGHT RAIN
  FOG


RELATIVE HUMIDITY (PERCENT)
 HIGHEST   100           600 AM
 LOWEST     31           100 PM
 AVERAGE    66

..........................................................


THE ALLIANCE NE AIRPORT CLIMATE NORMALS FOR TOMORROW
                         NORMAL    RECORD    YEAR
 MAXIMUM TEMPERATURE (F)   59        87      2003
 MINIMUM TEMPERATURE (F)   27         5      1917


SUNRISE AND SUNSET
OCTOBER 22 2014.......SUNRISE   712 AM MDT   SUNSET   559 PM MDT
OCTOBER 23 2014.......SUNRISE   713 AM MDT   SUNSET   557 PM MDT


-  INDICATES NEGATIVE NUMBERS.
R  INDICATES RECORD WAS SET OR TIED.
MM INDICATES DATA IS MISSING.
T  INDICATES TRACE AMOUNT.




$$
