000
CDUS45 KCYS 290326
CLIAIA


CLIMATE REPORT
NATIONAL WEATHER SERVICE CHEYENNE WY
925 PM MDT THU APR 28 2016


...................................

...THE ALLIANCE NE AIRPORT CLIMATE SUMMARY FOR APRIL 28 2016...
VALID TODAY AS OF 0900 PM LOCAL TIME.

CLIMATE NORMAL PERIOD 1981 TO 2010
CLIMATE RECORD PERIOD 1896 TO 2016


WEATHER ITEM   OBSERVED TIME   RECORD YEAR NORMAL DEPARTURE LAST
                VALUE   (LST)  VALUE       VALUE  FROM      YEAR
                                                  NORMAL
..................................................................
TEMPERATURE (F)
 TODAY
  MAXIMUM         43    134 PM  91    1910  64    -21       62
  MINIMUM         29    249 AM  17    1998  33     -4       38
  AVERAGE         36                        48    -12       50

PRECIPITATION (IN)
  TODAY            0.09          1.08 1975   0.05   0.04     0.00
  MONTH TO DATE    1.95                      1.34   0.61     2.45
  SINCE JAN 1      3.83                      2.75   1.08     3.43

DEGREE DAYS
 HEATING
  TODAY           29                        17     12       15
  MONTH TO DATE  519                       571    -52      532
  SINCE MAR 1   1323                      1453   -130     1252
  SINCE JUL 1   6398                      6857   -459     6479

 COOLING
  TODAY            0                         0      0        0
  MONTH TO DATE    0                         0      0        0
  SINCE MAR 1      0                         0      0        0
  SINCE JAN 1      0                         0      0        0
..................................................................


WIND (MPH)
  HIGHEST WIND SPEED    18   HIGHEST WIND DIRECTION     N (10)
  HIGHEST GUST SPEED    24   HIGHEST GUST DIRECTION     N (20)
  AVERAGE WIND SPEED     9.4


SKY COVER
  AVERAGE SKY COVER 0.9


WEATHER CONDITIONS
 THE FOLLOWING WEATHER WAS RECORDED TODAY.
  LIGHT RAIN
  LIGHT SNOW
  FOG


RELATIVE HUMIDITY (PERCENT)
 HIGHEST    96           700 PM
 LOWEST     62           100 PM
 AVERAGE    79

..........................................................


THE ALLIANCE NE AIRPORT CLIMATE NORMALS FOR TOMORROW
                         NORMAL    RECORD    YEAR
 MAXIMUM TEMPERATURE (F)   64        84      1987
                                             1934
 MINIMUM TEMPERATURE (F)   33        13      1956


SUNRISE AND SUNSET
APRIL 28 2016.........SUNRISE   550 AM MDT   SUNSET   747 PM MDT
APRIL 29 2016.........SUNRISE   549 AM MDT   SUNSET   749 PM MDT


-  INDICATES NEGATIVE NUMBERS.
R  INDICATES RECORD WAS SET OR TIED.
MM INDICATES DATA IS MISSING.
T  INDICATES TRACE AMOUNT.




$$
