000
CDUS45 KCYS 222159
CLIAIA


CLIMATE REPORT
NATIONAL WEATHER SERVICE CHEYENNE WY
358 PM MDT FRI AUG 22 2014


...................................

...THE ALLIANCE NE AIRPORT CLIMATE SUMMARY FOR AUGUST 22 2014...
VALID AS OF 0300 PM LOCAL TIME.

CLIMATE NORMAL PERIOD 1981 TO 2010
CLIMATE RECORD PERIOD 1896 TO 2014


WEATHER ITEM   OBSERVED TIME   RECORD YEAR NORMAL DEPARTURE LAST
                VALUE   (LST)  VALUE       VALUE  FROM      YEAR
                                                  NORMAL
..................................................................
TEMPERATURE (F)
 TODAY
  MAXIMUM         79   1258 PM 101    1905  85     -6       86
  MINIMUM         61    426 AM  37    1966  53      8       57
  AVERAGE         70                        69      1       72

PRECIPITATION (IN)
  TODAY            0.00          1.00 1906   0.05  -0.05     0.00
  MONTH TO DATE    0.46                      1.21  -0.75     2.34
  SINCE JAN 1     12.81                     11.92   0.89     9.06

DEGREE DAYS
 HEATING
  TODAY            0                         1     -1        0
  MONTH TO DATE    0                        11    -11        0
  SINCE JUN 1    126                       116     10       70
  SINCE JUL 1     27                        23      4        8

 COOLING
  TODAY            5                         5      0        7
  MONTH TO DATE  170                       152     18      150
  SINCE JUN 1    428                       474    -46      524
  SINCE JAN 1    442                       484    -42      546
..................................................................


WIND (MPH)
  HIGHEST WIND SPEED    20   HIGHEST WIND DIRECTION    SE (140)
  HIGHEST GUST SPEED    23   HIGHEST GUST DIRECTION    SE (140)
  AVERAGE WIND SPEED     7.0


SKY COVER
  AVERAGE SKY COVER 0.0


WEATHER CONDITIONS
 THE FOLLOWING WEATHER WAS RECORDED TODAY.
  NO SIGNIFICANT WEATHER WAS OBSERVED.


RELATIVE HUMIDITY (PERCENT)
 HIGHEST    68           900 AM
 LOWEST     43          1200 PM
 AVERAGE    56

..........................................................


THE ALLIANCE NE AIRPORT CLIMATE NORMALS FOR TOMORROW
                         NORMAL    RECORD    YEAR
 MAXIMUM TEMPERATURE (F)   85       103      2006
 MINIMUM TEMPERATURE (F)   53        39      1917


SUNRISE AND SUNSET
AUGUST 22 2014........SUNRISE   606 AM MDT   SUNSET   741 PM MDT
AUGUST 23 2014........SUNRISE   607 AM MDT   SUNSET   739 PM MDT


-  INDICATES NEGATIVE NUMBERS.
R  INDICATES RECORD WAS SET OR TIED.
MM INDICATES DATA IS MISSING.
T  INDICATES TRACE AMOUNT.




$$
