000
CDAK48 PAFC 230933
CLIAKN


CLIMATE REPORT
NATIONAL WEATHER SERVICE ANCHORAGE, AK
133 AM AKDT WED AUG 23 2017


...................................

...THE KING SALMON CLIMATE SUMMARY FOR AUGUST 22 2017...

CLIMATE NORMAL PERIOD 1981 TO 2010
CLIMATE RECORD PERIOD 1917 TO 2017


WEATHER ITEM   OBSERVED TIME   RECORD YEAR NORMAL DEPARTURE LAST
                VALUE   (LST)  VALUE       VALUE  FROM      YEAR
                                                  NORMAL
..................................................................
TEMPERATURE (F)
 YESTERDAY
  MAXIMUM         67        MM  76    1987  62      5       MM
  MINIMUM         32R       MM  33    1981  46    -14       MM
                                      1980
  AVERAGE         50                        54     -4       MM

PRECIPITATION (IN)
  YESTERDAY        0.00          1.45 1948   0.10  -0.10     0.56
  MONTH TO DATE    1.88                      2.04  -0.16     4.50
  SINCE JUN 1      6.12                      5.99   0.13    10.27
  SINCE JAN 1      9.19                     10.69  -1.50    17.68

SNOWFALL (IN)
  YESTERDAY        0.0          MM      MM   0.0    0.0     MM
  MONTH TO DATE    0.0                       0.0    0.0      0.0
  SINCE JUN 1      0.0                       T      0.0      0.0
  SINCE JUL 1      0.0                       0.0    0.0      0.0
  SNOW DEPTH       0

DEGREE DAYS
 HEATING
  YESTERDAY       15                        11      4       MM
  MONTH TO DATE  179                       218    -39      113
  SINCE JUN 1    719                       918   -199      538
  SINCE JUL 1    389                       511   -122      279

 COOLING
  YESTERDAY        0                         0      0       MM
  MONTH TO DATE    0                         0      0        0
  SINCE JUN 1      1                         0      1        0
  SINCE JAN 1      1                         0      1        0
..................................................................


WIND (MPH)
  RESULTANT WIND SPEED   5   RESULTANT WIND DIRECTION   W (280)
  HIGHEST WIND SPEED    13   HIGHEST WIND DIRECTION    SW (240)
  HIGHEST GUST SPEED    MM   HIGHEST GUST DIRECTION    MM
  AVERAGE WIND SPEED     6.1



WEATHER CONDITIONS
 THE FOLLOWING WEATHER WAS RECORDED YESTERDAY.
  FOG


RELATIVE HUMIDITY (PERCENT)
 HIGHEST   100
 LOWEST     48
 AVERAGE    74

..........................................................


THE KING SALMON CLIMATE NORMALS FOR TODAY
                         NORMAL    RECORD    YEAR
 MAXIMUM TEMPERATURE (F)   62        76      1979
 MINIMUM TEMPERATURE (F)   46        33      2011


SUNRISE AND SUNSET
AUGUST 23 2017........SUNRISE   706 AM AKDT  SUNSET   951 PM AKDT
AUGUST 24 2017........SUNRISE   708 AM AKDT  SUNSET   948 PM AKDT


-  INDICATES NEGATIVE NUMBERS.
R  INDICATES RECORD WAS SET OR TIED.
MM INDICATES DATA IS MISSING.
T  INDICATES TRACE AMOUNT.




$$
