000
CDAK48 PAKN 300923
CLIAKN

CLIMATE REPORT
NATIONAL WEATHER SERVICE KING SALMON, AK
123 AM AKDT MON MAR 30 2015

...................................
...THE KING SALMON AP CLIMATE SUMMARY FOR MARCH 29 2015...

CLIMATE NORMAL PERIOD  1981 TO  2010
CLIMATE RECORD PERIOD  1917 TO  2015

WEATHER ITEM   OBSERVED TIME    RECORD YEAR NORMAL DEPARTURE LAST
               VALUE    (LST)   VALUE       VALUE  FROM      YEAR
                                                   NORMAL
...................................................................
TEMPERATURE
YESTERDAY
 MAXIMUM            53  0353 PM    53  2015     36      17     45
 MINIMUM            31  1113 PM   -15  1972     19      12     17
 AVERAGE            42                          27      15     31

PRECIPITATION
(INCHES)
 YESTERDAY        0.00           0.96  1935   0.02   -0.02   0.00
 MONTH TO DATE    0.89                        0.65    0.24   0.76
 SINCE MAR 1      0.89                        0.65    0.24   0.76
 SINCE JAN 1      1.68                        2.43   -0.75   2.57

SNOWFALL
(INCHES)
 YESTERDAY         0.0            3.0  2009    0.2    -0.2    0.0
 MONTH TO DATE     0.3                         6.0    -5.7    8.8
 SINCE MAR 1       0.3                         6.0    -5.7    8.8
 SINCE JUL 1      14.0                        41.5   -27.5   35.5
 SNOW DEPTH (IN)     0                                          0

DEGREE DAYS
 HEATING
  YESTERDAY         23                          38     -15     34
  MONTH TO DATE   1000                        1191    -191   1178
  SINCE MAR 1     1000                        1191    -191   1178
  SINCE JUL 1     7197                        8809   -1612   7538

 COOLING
  YESTERDAY          0                           0       0      0
  MONTH TO DATE      0                           0       0      0
  SINCE MAR 1        0                           0       0      0
  SINCE JAN 1        0                           0       0      0
...................................................................

WIND (MPH)
 HIGHEST WIND SPEED    15     HIGHEST WIND DIRECTION     50
 HIGHEST GUST SPEED    20     HIGHEST GUST DIRECTION     60
 AVERAGE WIND SPEED   7.1

SKY COVER
  POSSIBLE SUNSHINE    MM          AVERAGE SKY COVER     MM

WEATHER CONDITIONS
 THE FOLLOWING WEATHER WAS RECORDED YESTERDAY.
  NO SIGNIFICANT WEATHER WAS OBSERVED.

RELATIVE HUMIDITY
 HIGHEST RH     MM PERCENT       MM
 LOWEST  RH     MM PERCENT       MM
 AVERAGE RH     MM PERCENT       MM
...................................................................

THE KING SALMON CLIMATE NORMALS FOR TODAY
                           NORMAL    RECORD   YEAR
 MAXIMUM TEMPERATURE (F)     36        50     1995
 MINIMUM TEMPERATURE (F)     19       -15     1944

SUNRISE AND SUNSET
 MAR 30 2015..........SUNRISE  8:00 AM      SUNSET  9:05 PM
 MAR 31 2015..........SUNRISE  7:57 AM      SUNSET  9:07 PM

-  INDICATES NEGATIVE NUMBERS.
R  INDICATES RECORD HAS BEEN SET OR TIED.
MM INDICATES DATA IS MISSING.
T  INDICATES TRACE OF PRECIPITATION.

&&
-------------------------------------------------------------------

AMOUNT OF DAYLIGHT TODAY  (HOUR:MIN)........13 HOURS 5 MINUTES
GAIN/LOSS SINCE YESTERDAY (HOUR:MIN:SEC)....+0:05:10

$$
FS MAR 15
