000
CDAK48 PAKN 300003
CLIAKN

CLIMATE REPORT
NATIONAL WEATHER SERVICE KING SALMON, AK
403 PM AKDT FRI MAY 29 2015

...................................
...THE KING SALMON AP CLIMATE SUMMARY FOR MAY 29 2015...
VALID TODAY AS OF 2:00 PM LOCAL TIME

CLIMATE NORMAL PERIOD  1981 TO  2010
CLIMATE RECORD PERIOD  1917 TO  2015

WEATHER ITEM   OBSERVED TIME    RECORD YEAR NORMAL DEPARTURE LAST
               VALUE    (LST)   VALUE       VALUE  FROM      YEAR
                                                   NORMAL
...................................................................
TEMPERATURE
TODAY
 MAXIMUM            69  0217 PM    77  2013     58      11     52
 MINIMUM            37  0505 AM    29  1962     38      -1     45
 AVERAGE            53                          48       5     49

PRECIPITATION
(INCHES)
 TODAY            0.00           0.98  1941   0.05   -0.05   0.83
 MONTH TO DATE    3.32                        1.16    2.16   1.69
 SINCE MAR 1      6.45                        2.83    3.62   2.97
 SINCE JAN 1      7.24                        4.61    2.63   4.78

SNOWFALL
(INCHES)
 TODAY             0.0              T  1988    0.0     0.0    0.0
 MONTH TO DATE     0.0                         0.8    -0.8    0.0
 SINCE MAR 1      12.4                        11.1     1.3    9.3
 SINCE JUL 1      26.1                        46.6   -20.5   36.0
 SNOW DEPTH (IN)     0                                          0

DEGREE DAYS
 HEATING
  TODAY             12                          18      -6     16
  MONTH TO DATE    506                         612    -106    448
  SINCE MAR 1     2431                        2817    -386   2495
  SINCE JUL 1     8628                       10435   -1807   8855

 COOLING
  TODAY              0                           0       0      0
  MONTH TO DATE      0                           0       0      0
  SINCE MAR 1        0                           0       0      0
  SINCE JAN 1        0                           0       0      0
...................................................................

WIND (MPH)
 HIGHEST WIND SPEED    15     HIGHEST WIND DIRECTION    190
 HIGHEST GUST SPEED    20     HIGHEST GUST DIRECTION    170
 AVERAGE WIND SPEED    MM

SKY COVER
  POSSIBLE SUNSHINE  MM            AVERAGE SKY COVER MM

WEATHER CONDITIONS
 THE FOLLOWING WEATHER WAS RECORDED TODAY.
FOG


RELATIVE HUMIDITY
 HIGHEST RH     MM PERCENT       MM
 LOWEST  RH     MM PERCENT       MM
 AVERAGE RH     MM PERCENT       MM
...................................................................

THE KING SALMON CLIMATE NORMALS FOR TOMORROW
                        NORMAL    RECORD   YEAR
 MAXIMUM TEMPERATURE      58        77     1993
 MINIMUM TEMPERATURE      38        26     1976

SUNRISE AND SUNSET
 MAY 29 2015..........SUNRISE  5:33 AM      SUNSET 11:18 PM
 MAY 30 2015..........SUNRISE  5:31 AM      SUNSET 11:19 PM

-  INDICATES NEGATIVE NUMBERS.
R  INDICATES RECORD HAS BEEN SET OR TIED.
MM INDICATES DATA IS MISSING.
T  INDICATES TRACE OF PRECIPITATION.

&&
-------------------------------------------------------------------

AMOUNT OF DAYLIGHT TODAY  (HOUR:MIN)........17 HOURS 45 MINUTES
GAIN/LOSS SINCE YESTERDAY (HOUR:MIN:SEC)....+0:03:15

$$
FS MAY 15
