129
CDAK48 PAFC 220043
CLIAKN


CLIMATE REPORT
NATIONAL WEATHER SERVICE ANCHORAGE, AK
343 PM AKST SUN JAN 21 2018


...................................

...THE KING SALMON CLIMATE SUMMARY FOR JANUARY 21 2018...
VALID TODAY AS OF 0300 PM LOCAL TIME.

CLIMATE NORMAL PERIOD 1981 TO 2010
CLIMATE RECORD PERIOD 1917 TO 2018


WEATHER ITEM   OBSERVED TIME   RECORD YEAR NORMAL DEPARTURE LAST
                VALUE   (LST)  VALUE       VALUE  FROM      YEAR
                                                  NORMAL
..................................................................
TEMPERATURE (F)
 TODAY
  MAXIMUM         -1    155 PM  47    1963  23    -24        2
  MINIMUM         -4    228 AM -29    1993   9    -13      -14
  AVERAGE         -2                        16    -18       -6

PRECIPITATION (IN)
  TODAY            0.00          0.61 2006   0.03  -0.03     0.03
  MONTH TO DATE    1.47                      0.68   0.79     0.11
  SINCE SEP 1     11.77                      8.57   3.20     8.09
  SINCE JAN 1      1.47                      0.68   0.79     0.11

SNOWFALL (IN)
  TODAY           MM            MM      MM   0.4   MM        0.9
  MONTH TO DATE    4.3                       6.9   -2.6      2.8
  SINCE SEP 1     12.4                      26.2  -13.8     12.9
  SINCE JUL 1     12.4                      26.2  -13.8     12.9
  SNOW DEPTH       4

DEGREE DAYS
 HEATING
  TODAY           67                        49     18       71
  MONTH TO DATE  783                      1025   -242     1185
  SINCE DEC 1   1838                      2463   -625     2607
  SINCE JUL 1   4774                      5840  -1066     5333

 COOLING
  TODAY            0                         0      0        0
  MONTH TO DATE    0                         0      0        0
  SINCE DEC 1      0                         0      0        0
  SINCE JAN 1      0                         0      0        0
..................................................................


WIND (MPH)
  RESULTANT WIND SPEED  17   RESULTANT WIND DIRECTION   N (0)
  HIGHEST WIND SPEED    30   HIGHEST WIND DIRECTION     N (360)
  HIGHEST GUST SPEED    42   HIGHEST GUST DIRECTION     N (10)
  AVERAGE WIND SPEED    17.1



WEATHER CONDITIONS
 THE FOLLOWING WEATHER WAS RECORDED TODAY.
  NO SIGNIFICANT WEATHER WAS OBSERVED.


RELATIVE HUMIDITY (PERCENT)
 HIGHEST    72
 LOWEST     53
 AVERAGE    63

..........................................................


THE KING SALMON CLIMATE NORMALS FOR TOMORROW
                         NORMAL    RECORD    YEAR
 MAXIMUM TEMPERATURE (F)   23        44      2014
 MINIMUM TEMPERATURE (F)    9       -33      2006
                                             1973


SUNRISE AND SUNSET
JANUARY 21 2018.......SUNRISE   955 AM AKST  SUNSET   522 PM AKST
JANUARY 22 2018.......SUNRISE   953 AM AKST  SUNSET   524 PM AKST


-  INDICATES NEGATIVE NUMBERS.
R  INDICATES RECORD WAS SET OR TIED.
MM INDICATES DATA IS MISSING.
T  INDICATES TRACE AMOUNT.




$$
