000
CDAK48 PAKN 041111
CLIAKN

CLIMATE REPORT
NATIONAL WEATHER SERVICE KING SALMON, AK
311 AM AKDT FRI SEP 4 2015

...................................
...THE KING SALMON AP CLIMATE SUMMARY FOR SEPTEMBER 3 2015...

CLIMATE NORMAL PERIOD  1981 TO  2010
CLIMATE RECORD PERIOD  1917 TO  2015

WEATHER ITEM   OBSERVED TIME    RECORD YEAR NORMAL DEPARTURE LAST
               VALUE    (LST)   VALUE       VALUE  FROM      YEAR
                                                   NORMAL
...................................................................
TEMPERATURE
YESTERDAY
 MAXIMUM            60  0419 PM    74  1974     60       0     67
 MINIMUM            54  0612 AM    27  1984     44      10     49
 AVERAGE            57                          52       5     58

PRECIPITATION
(INCHES)
 YESTERDAY        0.42           0.95  1930   0.11    0.31   0.01
 MONTH TO DATE    0.60                        0.33    0.27   0.08
 SINCE SEP 1      0.60                        0.33    0.27   0.08
 SINCE JAN 1     13.55                       11.93    1.62  14.35

SNOWFALL
(INCHES)
 YESTERDAY         0.0            0.0  2015    0.0     0.0    0.0
 MONTH TO DATE     0.0                         0.0     0.0    0.0
 SINCE SEP 1       0.0                         0.0     0.0    0.0
 SINCE JUL 1       0.0                         0.0     0.0    0.0
 SNOW DEPTH (IN)     0                                          0

DEGREE DAYS
 HEATING
  YESTERDAY          8                          13      -5      7
  MONTH TO DATE     45                          39       6     35
  SINCE SEP 1       45                          39       6     35
  SINCE JUL 1      569                         651     -82    509

 COOLING
  YESTERDAY          0                           0       0      0
  MONTH TO DATE      0                           0       0      0
  SINCE SEP 1        0                           0       0      0
  SINCE JAN 1        2                           0       2      0
...................................................................

WIND (MPH)
 HIGHEST WIND SPEED    16     HIGHEST WIND DIRECTION    180
 HIGHEST GUST SPEED    21     HIGHEST GUST DIRECTION    210
 AVERAGE WIND SPEED   9.4

SKY COVER
  POSSIBLE SUNSHINE    MM          AVERAGE SKY COVER     MM

WEATHER CONDITIONS
 THE FOLLOWING WEATHER WAS RECORDED YESTERDAY.
  FOG
RAIN


RELATIVE HUMIDITY
 HIGHEST RH     MM PERCENT       MM
 LOWEST  RH     MM PERCENT       MM
 AVERAGE RH     MM PERCENT       MM
...................................................................

THE KING SALMON CLIMATE NORMALS FOR TODAY
                           NORMAL    RECORD   YEAR
 MAXIMUM TEMPERATURE (F)     60        74     1933
 MINIMUM TEMPERATURE (F)     44        29     2004

SUNRISE AND SUNSET
 SEP 4 2015..........SUNRISE  7:32 AM      SUNSET  9:19 PM
 SEP 5 2015..........SUNRISE  7:34 AM      SUNSET  9:16 PM

-  INDICATES NEGATIVE NUMBERS.
R  INDICATES RECORD HAS BEEN SET OR TIED.
MM INDICATES DATA IS MISSING.
T  INDICATES TRACE OF PRECIPITATION.

&&
-------------------------------------------------------------------

AMOUNT OF DAYLIGHT TODAY  (HOUR:MIN)........13 HOURS 47 MINUTES
LOSS SINCE YESTERDAY (HOUR:MIN:SEC).........-0:05:04

$$
AM SEP 15
