000
CDAK48 PAFC 230049
CLIAKN


CLIMATE REPORT
NATIONAL WEATHER SERVICE ANCHORAGE, AK
448 PM AKDT SUN OCT 22 2017


...................................

...THE KING SALMON CLIMATE SUMMARY FOR OCTOBER 22 2017...
VALID TODAY AS OF 0400 PM LOCAL TIME.

CLIMATE NORMAL PERIOD 1981 TO 2010
CLIMATE RECORD PERIOD 1917 TO 2017


WEATHER ITEM   OBSERVED TIME   RECORD YEAR NORMAL DEPARTURE LAST
                VALUE   (LST)  VALUE       VALUE  FROM      YEAR
                                                  NORMAL
..................................................................
TEMPERATURE (F)
 TODAY
  MAXIMUM         32    259 PM  52    1929  38     -6       37
  MINIMUM         10    631 AM   2    2008  23    -13       18
  AVERAGE         21                        30     -9       28

PRECIPITATION (IN)
  TODAY            0.09          0.78 1974   0.06   0.03     0.00
  MONTH TO DATE    2.36                      1.61   0.75     0.67
  SINCE SEP 1      6.30                      4.80   1.50     5.50
  SINCE JAN 1     16.99                     16.40   0.59    23.47

SNOWFALL (IN)
  TODAY            T             4.5  1956   0.1   -0.1      0.0
  MONTH TO DATE    T                         1.4   -1.4       T
  SINCE SEP 1      T                         1.5   -1.5       T
  SINCE JUL 1      T                         1.5   -1.5       T
  SNOW DEPTH       0

DEGREE DAYS
 HEATING
  TODAY           44                        34     10       37
  MONTH TO DATE  572                       648    -76      496
  SINCE SEP 1   1066                      1170   -104      899
  SINCE JUL 1   1563                      1786   -223     1216

 COOLING
  TODAY            0                         0      0        0
  MONTH TO DATE    0                         0      0        0
  SINCE SEP 1      0                         0      0        0
  SINCE JAN 1      1                         1      0        0
..................................................................


WIND (MPH)
  RESULTANT WIND SPEED   5   RESULTANT WIND DIRECTION   S (180)
  HIGHEST WIND SPEED    21   HIGHEST WIND DIRECTION     S (190)
  HIGHEST GUST SPEED    25   HIGHEST GUST DIRECTION     S (200)
  AVERAGE WIND SPEED     6.7



WEATHER CONDITIONS
 THE FOLLOWING WEATHER WAS RECORDED TODAY.
  SNOW
  LIGHT SNOW
  FOG


RELATIVE HUMIDITY (PERCENT)
 HIGHEST   100
 LOWEST     88
 AVERAGE    94

..........................................................


THE KING SALMON CLIMATE NORMALS FOR TOMORROW
                         NORMAL    RECORD    YEAR
 MAXIMUM TEMPERATURE (F)   38        57      1919
 MINIMUM TEMPERATURE (F)   22        -1      1970


SUNRISE AND SUNSET
OCTOBER 22 2017.......SUNRISE   921 AM AKDT  SUNSET   700 PM AKDT
OCTOBER 23 2017.......SUNRISE   923 AM AKDT  SUNSET   658 PM AKDT


-  INDICATES NEGATIVE NUMBERS.
R  INDICATES RECORD WAS SET OR TIED.
MM INDICATES DATA IS MISSING.
T  INDICATES TRACE AMOUNT.




$$
