000
CDAK48 PAKN 211008
CLIAKN

CLIMATE REPORT
NATIONAL WEATHER SERVICE KING SALMON, AK
108 AM AKST SUN DEC 21 2014

...................................
...THE KING SALMON AP CLIMATE SUMMARY FOR DECEMBER 20 2014...

CLIMATE NORMAL PERIOD  1981 TO  2010
CLIMATE RECORD PERIOD  1949 TO  2014

WEATHER ITEM   OBSERVED TIME    RECORD YEAR NORMAL DEPARTURE LAST
               VALUE    (LST)   VALUE       VALUE  FROM      YEAR
                                                   NORMAL
...................................................................
TEMPERATURE
YESTERDAY
 MAXIMUM            35  0101 AM    46  1983     26       9     43
 MINIMUM            14  1159 PM   -29  1965     10       4     34
 AVERAGE            25                          18       7     39

PRECIPITATION
(INCHES)
 YESTERDAY        0.00           0.36  1977   0.04   -0.04   0.12
 MONTH TO DATE    0.50                        0.87   -0.37   0.70
 SINCE DEC 1      0.50                        0.87   -0.37   0.70
 SINCE JAN 1     20.95                       19.13    1.82  24.11

SNOWFALL
(INCHES)
 YESTERDAY         0.0            4.0  2007    0.3    -0.3    0.0
 MONTH TO DATE     1.0                         6.7    -5.7    2.7
 SINCE DEC 1       1.0                         6.7    -5.7    2.7
 SINCE JUL 1       4.5                        16.5   -12.0   14.3
 SNOW DEPTH (IN)     T                                          2

DEGREE DAYS
 HEATING
  YESTERDAY         40                          47      -7     26
  MONTH TO DATE    660                         916    -256    895
  SINCE DEC 1      660                         916    -256    892
  SINCE JUL 1     3411                        4291    -880   3796

 COOLING
  YESTERDAY          0                           0       0      0
  MONTH TO DATE      0                           0       0      0
  SINCE DEC 1        0                           0       0      0
  SINCE JAN 1        0                           0       0      4
...................................................................

WIND (MPH)
 HIGHEST WIND SPEED    21     HIGHEST WIND DIRECTION     10
 HIGHEST GUST SPEED    24     HIGHEST GUST DIRECTION    350
 AVERAGE WIND SPEED  10.9

SKY COVER
  POSSIBLE SUNSHINE    MM          AVERAGE SKY COVER     MM

WEATHER CONDITIONS
 THE FOLLOWING WEATHER WAS RECORDED YESTERDAY.
  NO SIGNIFICANT WEATHER WAS OBSERVED.

RELATIVE HUMIDITY
 HIGHEST RH     MM PERCENT       MM
 LOWEST  RH     MM PERCENT       MM
 AVERAGE RH     MM PERCENT       MM
...................................................................

THE KING SALMON CLIMATE NORMALS FOR TODAY
                           NORMAL    RECORD   YEAR
 MAXIMUM TEMPERATURE (F)     26        45     1983
 MINIMUM TEMPERATURE (F)     10       -32     1957

SUNRISE AND SUNSET
 DEC 21 2014..........SUNRISE 10:17 AM      SUNSET  4:33 PM
 DEC 22 2014..........SUNRISE 10:18 AM      SUNSET  4:34 PM

-  INDICATES NEGATIVE NUMBERS.
R  INDICATES RECORD HAS BEEN SET OR TIED.
MM INDICATES DATA IS MISSING.
T  INDICATES TRACE OF PRECIPITATION.

&&
-------------------------------------------------------------------

AMOUNT OF DAYLIGHT TODAY  (HOUR:MIN)........6 HOURS 16 MINUTES
GAIN/LOSS SINCE YESTERDAY (HOUR:MIN:SEC)....-0:00:05

$$
DJH DEC 14
