000
CDAK48 PAKN 290911
CLIAKN

CLIMATE REPORT
NATIONAL WEATHER SERVICE KING SALMON, AK
112 AM AKDT SUN MAY 29 2016

...................................
...THE KING SALMON AP CLIMATE SUMMARY FOR MAY 28 2016...

CLIMATE NORMAL PERIOD  1981 TO  2010
CLIMATE RECORD PERIOD  1917 TO  2016

WEATHER ITEM   OBSERVED TIME    RECORD YEAR NORMAL DEPARTURE LAST
               VALUE    (LST)   VALUE       VALUE  FROM      YEAR
                                                   NORMAL
...................................................................
TEMPERATURE
YESTERDAY
 MAXIMUM            68  0308 PM    83  2006     57      11     67
 MINIMUM            35  0539 AM    28  2000     37      -2     39
 AVERAGE            52                          47       5     53

PRECIPITATION
(INCHES)
 YESTERDAY        0.00           0.26  1955   0.04   -0.04   0.00
 MONTH TO DATE    3.05                        1.11    1.94   3.32
 SINCE MAR 1      5.85                        2.78    3.07   6.45
 SINCE JAN 1      7.29                        4.56    2.73   7.24

SNOWFALL
(INCHES)
 YESTERDAY         0.0              T  1987    0.0     0.0    0.0
 MONTH TO DATE     0.0                         0.8    -0.8    0.0
 SINCE MAR 1       4.2                        11.1    -6.9   12.4
 SINCE JUL 1      38.8                        46.6    -7.8   26.1
 SNOW DEPTH (IN)     0                                          0

DEGREE DAYS
 HEATING
  YESTERDAY         13                          18      -5     12
  MONTH TO DATE    453                         594    -141    494
  SINCE MAR 1     2085                        2799    -714   2419
  SINCE JUL 1     8019                       10417   -2398   8617

 COOLING
  YESTERDAY          0                           0       0      0
  MONTH TO DATE      0                           0       0      0
  SINCE MAR 1        0                           0       0      0
  SINCE JAN 1        0                           0       0      0
...................................................................

WIND (MPH)
 HIGHEST WIND SPEED    16     HIGHEST WIND DIRECTION    280
 HIGHEST GUST SPEED    20     HIGHEST GUST DIRECTION    270
 AVERAGE WIND SPEED   6.2

SKY COVER
  POSSIBLE SUNSHINE    MM          AVERAGE SKY COVER     MM

WEATHER CONDITIONS
 THE FOLLOWING WEATHER WAS RECORDED YESTERDAY.
  FOG


RELATIVE HUMIDITY
 HIGHEST RH     MM PERCENT       MM
 LOWEST  RH     MM PERCENT       MM
 AVERAGE RH     MM PERCENT       MM
...................................................................

THE KING SALMON CLIMATE NORMALS FOR TODAY
                           NORMAL    RECORD   YEAR
 MAXIMUM TEMPERATURE (F)     58        77     2013
 MINIMUM TEMPERATURE (F)     38        29     1962

SUNRISE AND SUNSET
 MAY 29 2016..........SUNRISE  5:32 AM      SUNSET 11:19 PM
 MAY 30 2016..........SUNRISE  5:30 AM      SUNSET 11:21 PM

-  INDICATES NEGATIVE NUMBERS.
R  INDICATES RECORD HAS BEEN SET OR TIED.
MM INDICATES DATA IS MISSING.
T  INDICATES TRACE OF PRECIPITATION.

&&
-------------------------------------------------------------------

AMOUNT OF DAYLIGHT TODAY  (HOUR:MIN)........17 HOURS 47 MINUTES
GAIN/LOSS SINCE YESTERDAY (HOUR:MIN:SEC)....+0:03:10

$$
DJH MAY 16
