000
CDUS45 KBOU 190725
CLIAKO


CLIMATE REPORT
NATIONAL WEATHER SERVICE DENVER/BOULDER CO
125 AM MDT TUE SEP 19 2017


...................................

...THE AKRON CO CLIMATE SUMMARY FOR SEPTEMBER 18 2017...

CLIMATE NORMAL PERIOD 1981 TO 2010
CLIMATE RECORD PERIOD 9999 TO 9999


WEATHER ITEM   OBSERVED TIME   RECORD YEAR NORMAL DEPARTURE LAST
                VALUE   (LST)  VALUE       VALUE  FROM      YEAR
                                                  NORMAL
..................................................................
TEMPERATURE (F)
 YESTERDAY
  MAXIMUM         82    307 PM  95    2000  76      6
  MINIMUM         50    452 AM  30    1942  48      2
  AVERAGE         66                        62      4

PRECIPITATION (IN)
  YESTERDAY        0.00          0.53 2013   0.04  -0.04     0.00
  MONTH TO DATE    0.16                      0.73  -0.57     1.31
  SINCE SEP 1      0.16                      0.73  -0.57     1.31
  SINCE JAN 1     11.95                     14.22  -2.27    16.04

DEGREE DAYS
 HEATING
  YESTERDAY        0
  MONTH TO DATE   18

 COOLING
  YESTERDAY        1
  MONTH TO DATE  118
..................................................................


WIND (MPH)
  HIGHEST WIND SPEED    21   HIGHEST WIND DIRECTION     S (160)
  HIGHEST GUST SPEED    26   HIGHEST GUST DIRECTION     S (160)




RELATIVE HUMIDITY (PERCENT)
 HIGHEST   100
 LOWEST     15
 AVERAGE    58

..........................................................


THE AKRON CO CLIMATE NORMALS FOR TODAY
                         NORMAL    RECORD    YEAR
 MAXIMUM TEMPERATURE (F)   75        94      1980
 MINIMUM TEMPERATURE (F)   48        27      1971


SUNRISE AND SUNSET
SEPTEMBER 19 2017.....SUNRISE   638 AM MDT   SUNSET   654 PM MDT
SEPTEMBER 20 2017.....SUNRISE   639 AM MDT   SUNSET   653 PM MDT


-  INDICATES NEGATIVE NUMBERS.
R  INDICATES RECORD WAS SET OR TIED.
MM INDICATES DATA IS MISSING.
T  INDICATES TRACE AMOUNT.




$$
