000
CDUS45 KBOU 060725
CLIAKO


CLIMATE REPORT
NATIONAL WEATHER SERVICE DENVER/BOULDER CO
1225 AM MST SAT FEB 6 2016


...................................

...THE AKRON CO CLIMATE SUMMARY FOR FEBRUARY 5 2016...

CLIMATE NORMAL PERIOD 1981 TO 2010
CLIMATE RECORD PERIOD 9999 TO 9999


WEATHER ITEM   OBSERVED TIME   RECORD YEAR NORMAL DEPARTURE LAST
                VALUE   (LST)  VALUE       VALUE  FROM      YEAR
                                                  NORMAL
..................................................................
TEMPERATURE (F)
 YESTERDAY
  MAXIMUM         31    237 PM  66    2009  41    -10
  MINIMUM         13   1041 PM -21    1982  18     -5
  AVERAGE         22                        29     -7

PRECIPITATION (IN)
  YESTERDAY        T             0.19 1986   0.01  -0.01     0.00
  MONTH TO DATE    T                         0.07  -0.07     0.01
  SINCE DEC 1      0.11                      0.77  -0.66     0.44
  SINCE JAN 1      0.09                      0.37  -0.28     0.20

DEGREE DAYS
 HEATING
  YESTERDAY       43
  MONTH TO DATE  227

 COOLING
  YESTERDAY        0
  MONTH TO DATE    0
..................................................................


WIND (MPH)
  HIGHEST WIND SPEED    18   HIGHEST WIND DIRECTION    NW (310)
  HIGHEST GUST SPEED    22   HIGHEST GUST DIRECTION    NW (310)




RELATIVE HUMIDITY (PERCENT)
 HIGHEST   100
 LOWEST     63
 AVERAGE    82

..........................................................


THE AKRON CO CLIMATE NORMALS FOR TODAY
                         NORMAL    RECORD    YEAR
 MAXIMUM TEMPERATURE (F)   41        66      1950
 MINIMUM TEMPERATURE (F)   18       -13      2014


SUNRISE AND SUNSET
FEBRUARY  6 2016......SUNRISE   657 AM MST   SUNSET   517 PM MST
FEBRUARY  7 2016......SUNRISE   656 AM MST   SUNSET   518 PM MST


-  INDICATES NEGATIVE NUMBERS.
R  INDICATES RECORD WAS SET OR TIED.
MM INDICATES DATA IS MISSING.
T  INDICATES TRACE AMOUNT.




$$
