000
CDUS45 KBOU 200737
CLIAKO


CLIMATE REPORT
NATIONAL WEATHER SERVICE DENVER/BOULDER CO
1234 AM MST MON NOV 20 2017


...................................

...THE AKRON CO CLIMATE SUMMARY FOR NOVEMBER 19 2017...

CLIMATE NORMAL PERIOD 1981 TO 2010
CLIMATE RECORD PERIOD 9999 TO 9999


WEATHER ITEM   OBSERVED TIME   RECORD YEAR NORMAL DEPARTURE LAST
                VALUE   (LST)  VALUE       VALUE  FROM      YEAR
                                                  NORMAL
..................................................................
TEMPERATURE (F)
 YESTERDAY
  MAXIMUM         61    210 PM  75    1996  48     13
  MINIMUM         20    243 AM   1    1937  24     -4
  AVERAGE         41                        36      5

PRECIPITATION (IN)
  YESTERDAY        0.00          0.85 1953   0.02  -0.02     0.00
  MONTH TO DATE    0.07                      0.38  -0.31      T
  SINCE SEP 1      1.88                      2.65  -0.77     1.83
  SINCE JAN 1     13.67                     16.14  -2.47    16.56

SNOWFALL (IN)
  YESTERDAY        0.0
  SNOW DEPTH       0

DEGREE DAYS
 HEATING
  YESTERDAY       24
  MONTH TO DATE  453

 COOLING
  YESTERDAY        0
  MONTH TO DATE    0
..................................................................


WIND (MPH)
  HIGHEST WIND SPEED    17   HIGHEST WIND DIRECTION    SW (240)
  HIGHEST GUST SPEED    20   HIGHEST GUST DIRECTION    SW (240)




RELATIVE HUMIDITY (PERCENT)
 HIGHEST    74
 LOWEST     13
 AVERAGE    44

..........................................................


THE AKRON CO CLIMATE NORMALS FOR TODAY
                         NORMAL    RECORD    YEAR
 MAXIMUM TEMPERATURE (F)   47        69      2006
 MINIMUM TEMPERATURE (F)   23         1      1953


SUNRISE AND SUNSET
NOVEMBER 20 2017......SUNRISE   644 AM MST   SUNSET   432 PM MST
NOVEMBER 21 2017......SUNRISE   646 AM MST   SUNSET   432 PM MST


-  INDICATES NEGATIVE NUMBERS.
R  INDICATES RECORD WAS SET OR TIED.
MM INDICATES DATA IS MISSING.
T  INDICATES TRACE AMOUNT.




$$
