000
CDUS45 KBOU 061226
CLIAKO


CLIMATE REPORT
NATIONAL WEATHER SERVICE BOULDER, CO
626 AM MDT MON JUL 6 2015


...................................

...THE AKRON CO CLIMATE SUMMARY FOR JULY 5 2015...

CLIMATE NORMAL PERIOD 1981 TO 2010
CLIMATE RECORD PERIOD 9999 TO 9999


WEATHER ITEM   OBSERVED TIME   RECORD YEAR NORMAL DEPARTURE LAST
                VALUE   (LST)  VALUE       VALUE  FROM      YEAR
                                                  NORMAL
..................................................................
TEMPERATURE (F)
 YESTERDAY
  MAXIMUM         94    132 PM 103    1989  88      6
  MINIMUM         62    217 AM  46    1972  59      3
  AVERAGE         78                        73      5

PRECIPITATION (IN)
  YESTERDAY        0.03          0.70 1969   0.07  -0.04     0.00
  MONTH TO DATE    0.51                      0.35   0.16     0.04
  SINCE JUN 1      1.56                      2.81  -1.25     3.86
  SINCE JAN 1      9.57                      8.99   0.58     8.56

DEGREE DAYS
 HEATING
  YESTERDAY        0
  MONTH TO DATE    0

 COOLING
  YESTERDAY       13
  MONTH TO DATE   51
..................................................................


WIND (MPH)
  HIGHEST WIND SPEED    28   HIGHEST WIND DIRECTION    NW (330)
  HIGHEST GUST SPEED    37   HIGHEST GUST DIRECTION    NW (330)




RELATIVE HUMIDITY (PERCENT)
 HIGHEST    93
 LOWEST     23
 AVERAGE    58

..........................................................


THE AKRON CO CLIMATE NORMALS FOR TODAY
                         NORMAL    RECORD    YEAR
 MAXIMUM TEMPERATURE (F)   88       101      1973
 MINIMUM TEMPERATURE (F)   59        49      1958


SUNRISE AND SUNSET
JULY  6 2015..........SUNRISE   530 AM MDT   SUNSET   825 PM MDT
JULY  7 2015..........SUNRISE   530 AM MDT   SUNSET   825 PM MDT


-  INDICATES NEGATIVE NUMBERS.
R  INDICATES RECORD WAS SET OR TIED.
MM INDICATES DATA IS MISSING.
T  INDICATES TRACE AMOUNT.




$$
