000
CDUS45 KBOU 220725
CLIAKO


CLIMATE REPORT
NATIONAL WEATHER SERVICE BOULDER, CO
125 AM MDT MON SEP 22 2014


...................................

...THE AKRON CO CLIMATE SUMMARY FOR SEPTEMBER 21 2014...

CLIMATE NORMAL PERIOD 1981 TO 2010
CLIMATE RECORD PERIOD 9999 TO 9999


WEATHER ITEM   OBSERVED TIME   RECORD YEAR NORMAL DEPARTURE LAST
                VALUE   (LST)  VALUE       VALUE  FROM      YEAR
                                                  NORMAL
..................................................................
TEMPERATURE (F)
 YESTERDAY
  MAXIMUM         74    148 PM  93    2005  75     -1
  MINIMUM         53    204 AM  28    1983  47      6
  AVERAGE         64                        60      4

PRECIPITATION (IN)
  YESTERDAY        0.00          0.63 1941   0.03  -0.03     0.00
  MONTH TO DATE    0.32                      0.83  -0.51     2.23
  SINCE SEP 1      0.32                      0.83  -0.51     2.23
  SINCE JAN 1     15.92                     14.32   1.60    13.65

DEGREE DAYS
 HEATING
  YESTERDAY        1
  MONTH TO DATE   90

 COOLING
  YESTERDAY        0
  MONTH TO DATE   57
..................................................................


WIND (MPH)
  HIGHEST WIND SPEED    23   HIGHEST WIND DIRECTION    SE (120)
  HIGHEST GUST SPEED    28   HIGHEST GUST DIRECTION    SE (120)




RELATIVE HUMIDITY (PERCENT)
 HIGHEST    71
 LOWEST     31
 AVERAGE    51

..........................................................


THE AKRON CO CLIMATE NORMALS FOR TODAY
                         NORMAL    RECORD    YEAR
 MAXIMUM TEMPERATURE (F)   74        93      1953
 MINIMUM TEMPERATURE (F)   46        30      1995


SUNRISE AND SUNSET
SEPTEMBER 22 2014.....SUNRISE   640 AM MDT   SUNSET   650 PM MDT
SEPTEMBER 23 2014.....SUNRISE   641 AM MDT   SUNSET   648 PM MDT


-  INDICATES NEGATIVE NUMBERS.
R  INDICATES RECORD WAS SET OR TIED.
MM INDICATES DATA IS MISSING.
T  INDICATES TRACE AMOUNT.




$$
