000
CDUS45 KBOU 260725
CLIAKO


CLIMATE REPORT
NATIONAL WEATHER SERVICE DENVER/BOULDER CO
1225 AM MST SUN FEB 26 2017


...................................

...THE AKRON CO CLIMATE SUMMARY FOR FEBRUARY 25 2017...

CLIMATE NORMAL PERIOD 1981 TO 2010
CLIMATE RECORD PERIOD 9999 TO 9999


WEATHER ITEM   OBSERVED TIME   RECORD YEAR NORMAL DEPARTURE LAST
                VALUE   (LST)  VALUE       VALUE  FROM      YEAR
                                                  NORMAL
..................................................................
TEMPERATURE (F)
 YESTERDAY
  MAXIMUM         35    258 PM  73    1986  46    -11
  MINIMUM         11    647 AM -12    1960  22    -11
  AVERAGE         23                        34    -11

PRECIPITATION (IN)
  YESTERDAY        0.00          0.19 1942   0.02  -0.02     0.00
  MONTH TO DATE    T                         0.38  -0.38     0.02
  SINCE DEC 1      0.25                      1.08  -0.83     0.13
  SINCE JAN 1      0.11                      0.68  -0.57     0.11

DEGREE DAYS
 HEATING
  YESTERDAY       42
  MONTH TO DATE  648

 COOLING
  YESTERDAY        0
  MONTH TO DATE    0
..................................................................


WIND (MPH)
  HIGHEST WIND SPEED    14   HIGHEST WIND DIRECTION    SW (240)
  HIGHEST GUST SPEED    17   HIGHEST GUST DIRECTION    SW (230)




RELATIVE HUMIDITY (PERCENT)
 HIGHEST    84
 LOWEST     51
 AVERAGE    68

..........................................................


THE AKRON CO CLIMATE NORMALS FOR TODAY
                         NORMAL    RECORD    YEAR
 MAXIMUM TEMPERATURE (F)   47        70      1950
 MINIMUM TEMPERATURE (F)   22       -11      1962


SUNRISE AND SUNSET
FEBRUARY 26 2017......SUNRISE   630 AM MST   SUNSET   542 PM MST
FEBRUARY 27 2017......SUNRISE   629 AM MST   SUNSET   543 PM MST


-  INDICATES NEGATIVE NUMBERS.
R  INDICATES RECORD WAS SET OR TIED.
MM INDICATES DATA IS MISSING.
T  INDICATES TRACE AMOUNT.




$$
