000
CDUS45 KBOU 281226
CLIAKO


CLIMATE REPORT
NATIONAL WEATHER SERVICE BOULDER, CO
626 AM MDT TUE JUL 28 2015


...................................

...THE AKRON CO CLIMATE SUMMARY FOR JULY 27 2015...

CLIMATE NORMAL PERIOD 1981 TO 2010
CLIMATE RECORD PERIOD 9999 TO 9999


WEATHER ITEM   OBSERVED TIME   RECORD YEAR NORMAL DEPARTURE LAST
                VALUE   (LST)  VALUE       VALUE  FROM      YEAR
                                                  NORMAL
..................................................................
TEMPERATURE (F)
 YESTERDAY
  MAXIMUM         MM        MM  99    1952  88     MM
  MINIMUM         MM        MM  50    1988  60     MM
  AVERAGE         MM                        74     MM

PRECIPITATION (IN)
  YESTERDAY        0.00          1.94 1982   0.09  -0.09     0.00
  MONTH TO DATE    1.82                      2.20  -0.38     1.12
  SINCE JUN 1      2.87                      4.66  -1.79     4.94
  SINCE JAN 1     10.88                     10.84   0.04     9.64

DEGREE DAYS
 HEATING
  YESTERDAY       MM
  MONTH TO DATE    4

 COOLING
  YESTERDAY       MM
  MONTH TO DATE  202
..................................................................


WIND (MPH)
  HIGHEST WIND SPEED    MM   HIGHEST WIND DIRECTION    MM
  HIGHEST GUST SPEED    MM   HIGHEST GUST DIRECTION    MM




RELATIVE HUMIDITY (PERCENT)
 HIGHEST    MM
 LOWEST     MM
 AVERAGE    MM

..........................................................


THE AKRON CO CLIMATE NORMALS FOR TODAY
                         NORMAL    RECORD    YEAR
 MAXIMUM TEMPERATURE (F)   88       100      1959
 MINIMUM TEMPERATURE (F)   60        50      1971


SUNRISE AND SUNSET
JULY 28 2015..........SUNRISE   547 AM MDT   SUNSET   811 PM MDT
JULY 29 2015..........SUNRISE   548 AM MDT   SUNSET   810 PM MDT


-  INDICATES NEGATIVE NUMBERS.
R  INDICATES RECORD WAS SET OR TIED.
MM INDICATES DATA IS MISSING.
T  INDICATES TRACE AMOUNT.




$$
