000
CDUS45 KBOU 280725
CLIAKO


CLIMATE REPORT
NATIONAL WEATHER SERVICE BOULDER, CO
1225 AM MST SAT FEB 28 2015


...................................

...THE AKRON CO CLIMATE SUMMARY FOR FEBRUARY 27 2015...

CLIMATE NORMAL PERIOD 1981 TO 2010
CLIMATE RECORD PERIOD 9999 TO 9999


WEATHER ITEM   OBSERVED TIME   RECORD YEAR NORMAL DEPARTURE LAST
                VALUE   (LST)  VALUE       VALUE  FROM      YEAR
                                                  NORMAL
..................................................................
TEMPERATURE (F)
 YESTERDAY
  MAXIMUM         16    128 PM  71    2006  47    -31
  MINIMUM          5    729 AM -13    1962  22    -17
  AVERAGE         11                        35    -24

PRECIPITATION (IN)
  YESTERDAY        T             0.26 1939   0.02  -0.02     0.00
  MONTH TO DATE    0.09                      0.42  -0.33     0.19
  SINCE DEC 1      0.52                      1.12  -0.60     0.45
  SINCE JAN 1      0.28                      0.72  -0.44     0.43

DEGREE DAYS
 HEATING
  YESTERDAY       54
  MONTH TO DATE  846

 COOLING
  YESTERDAY        0
  MONTH TO DATE    0
..................................................................


WIND (MPH)
  HIGHEST WIND SPEED    29   HIGHEST WIND DIRECTION    SE (150)
  HIGHEST GUST SPEED    36   HIGHEST GUST DIRECTION    SE (150)




RELATIVE HUMIDITY (PERCENT)
 HIGHEST    91
 LOWEST     67
 AVERAGE    79

..........................................................


THE AKRON CO CLIMATE NORMALS FOR TODAY
                         NORMAL    RECORD    YEAR
 MAXIMUM TEMPERATURE (F)   47        77      2006
 MINIMUM TEMPERATURE (F)   23       -18      1960


SUNRISE AND SUNSET
FEBRUARY 28 2015......SUNRISE   628 AM MST   SUNSET   543 PM MST
MARCH  1 2015.........SUNRISE   627 AM MST   SUNSET   544 PM MST


-  INDICATES NEGATIVE NUMBERS.
R  INDICATES RECORD WAS SET OR TIED.
MM INDICATES DATA IS MISSING.
T  INDICATES TRACE AMOUNT.




$$
