000
CDUS41 KALY 270645
CLIALB


CLIMATE REPORT
NATIONAL WEATHER SERVICE ALBANY NY
245 AM EDT THU JUL 27 2017


...................................

...THE ALBANY NY CLIMATE SUMMARY FOR JULY 26 2017...

CLIMATE NORMAL PERIOD 1981 TO 2010
CLIMATE RECORD PERIOD 1874 TO 2017


WEATHER ITEM   OBSERVED TIME   RECORD YEAR NORMAL DEPARTURE LAST
                VALUE   (LST)  VALUE       VALUE  FROM      YEAR
                                                  NORMAL
..................................................................
TEMPERATURE (F)
 YESTERDAY
  MAXIMUM         78    422 PM  96    1963  83     -5       88
  MINIMUM         57    349 AM  46    1976  62     -5       65
  AVERAGE         68                        72     -4       77

PRECIPITATION (IN)
  YESTERDAY        0.00          2.18 1979   0.14  -0.14     0.00
  MONTH TO DATE    3.70                      3.46   0.24     3.21
  SINCE JUN 1      8.82                      7.25   1.57     5.52
  SINCE JAN 1     27.73                     22.03   5.70    16.28

DEGREE DAYS
 HEATING
  YESTERDAY        0                         0      0        0
  MONTH TO DATE    2                         0      2        0
  SINCE JUN 1     53                        52      1       38
  SINCE JUL 1      2                         0      2        0

 COOLING
  YESTERDAY        3                         7     -4       12
  MONTH TO DATE  202                       179     23      238
  SINCE JUN 1    349                       297     52      381
  SINCE JAN 1    399                       327     72      456
..................................................................


WIND (MPH)
  HIGHEST WIND SPEED    14   HIGHEST WIND DIRECTION     S (190)
  HIGHEST GUST SPEED    19   HIGHEST GUST DIRECTION     S (170)
  AVERAGE WIND SPEED     4.5


SKY COVER
  AVERAGE SKY COVER 0.7



RELATIVE HUMIDITY (PERCENT)
 HIGHEST    97
 LOWEST     46
 AVERAGE    72

..........................................................


THE ALBANY NY CLIMATE NORMALS FOR TODAY
                         NORMAL    RECORD    YEAR
 MAXIMUM TEMPERATURE (F)   82        97      1955
 MINIMUM TEMPERATURE (F)   62        47      1977


SUNRISE AND SUNSET
JULY 27 2017..........SUNRISE   542 AM EDT   SUNSET   821 PM EDT
JULY 28 2017..........SUNRISE   543 AM EDT   SUNSET   820 PM EDT


-  INDICATES NEGATIVE NUMBERS.
R  INDICATES RECORD WAS SET OR TIED.
MM INDICATES DATA IS MISSING.
T  INDICATES TRACE AMOUNT.




$$
