000
CDUS41 KALY 270627
CLIALB


CLIMATE REPORT
NATIONAL WEATHER SERVICE ALBANY NY
224 AM EDT WED MAY 27 2015


...................................

...THE ALBANY NY CLIMATE SUMMARY FOR MAY 26 2015...

CLIMATE NORMAL PERIOD 1981 TO 2010
CLIMATE RECORD PERIOD 1874 TO 2015


WEATHER ITEM   OBSERVED TIME   RECORD YEAR NORMAL DEPARTURE LAST
                VALUE   (LST)  VALUE       VALUE  FROM      YEAR
                                                  NORMAL
..................................................................
TEMPERATURE (F)
 YESTERDAY
  MAXIMUM         86    403 PM  94    2010  72     14       83
                                      1914
  MINIMUM         71    521 AM  38    1972  50     21       54
  AVERAGE         79                        61     18       69

PRECIPITATION (IN)
  YESTERDAY        T             1.16 1957   0.13  -0.13     0.02
  MONTH TO DATE    0.31                      2.99  -2.68     2.28
  SINCE MAR 1      3.66                      9.37  -5.71     7.44
  SINCE JAN 1      7.98                     14.16  -6.18    13.23

SNOWFALL (IN)
  YESTERDAY        0.0           T    1953   0.0    0.0      0.0
  MONTH TO DATE    0.0                       0.1   -0.1      0.0
  SINCE MAR 1      5.3                      12.6   -7.3      8.3
  SINCE JUL 1     75.9                      59.1   16.8     73.5
  SNOW DEPTH       0

DEGREE DAYS
 HEATING
  YESTERDAY        0                         5     -5        0
  MONTH TO DATE   91                       212   -121      154
  SINCE MAR 1   1687                      1661     26     1826
  SINCE JUL 1   6817                      6605    212     6943

 COOLING
  YESTERDAY       14                         1     13        4
  MONTH TO DATE   87                        15     72       19
  SINCE MAR 1     87                        19     68       25
  SINCE JAN 1     87                        19     68       25
..................................................................


WIND (MPH)
  HIGHEST WIND SPEED    17   HIGHEST WIND DIRECTION     S (190)
  HIGHEST GUST SPEED    21   HIGHEST GUST DIRECTION     S (190)
  AVERAGE WIND SPEED     8.8


SKY COVER
  AVERAGE SKY COVER 0.7



RELATIVE HUMIDITY (PERCENT)
 HIGHEST    69
 LOWEST     48
 AVERAGE    59

..........................................................


THE ALBANY NY CLIMATE NORMALS FOR TODAY
                         NORMAL    RECORD    YEAR
 MAXIMUM TEMPERATURE (F)   73        94      1914
 MINIMUM TEMPERATURE (F)   51        30      1969


SUNRISE AND SUNSET
MAY 27 2015...........SUNRISE   523 AM EDT   SUNSET   822 PM EDT
MAY 28 2015...........SUNRISE   522 AM EDT   SUNSET   823 PM EDT


-  INDICATES NEGATIVE NUMBERS.
R  INDICATES RECORD WAS SET OR TIED.
MM INDICATES DATA IS MISSING.
T  INDICATES TRACE AMOUNT.




$$
