000
CDUS41 KALY 050634
CLIALB


CLIMATE REPORT
NATIONAL WEATHER SERVICE ALBANY NY
133 AM EST THU MAR 5 2015


...................................

...THE ALBANY NY CLIMATE SUMMARY FOR MARCH 4 2015...

CLIMATE NORMAL PERIOD 1981 TO 2010
CLIMATE RECORD PERIOD 1874 TO 2015


WEATHER ITEM   OBSERVED TIME   RECORD YEAR NORMAL DEPARTURE LAST
                VALUE   (LST)  VALUE       VALUE  FROM      YEAR
                                                  NORMAL
..................................................................
TEMPERATURE (F)
 YESTERDAY
  MAXIMUM         39    248 PM  59    1919  40     -1       23
  MINIMUM         30   1248 AM -20    1950  22      8        1
  AVERAGE         35                        30      5       12

PRECIPITATION (IN)
  YESTERDAY        0.00          1.33 1985   0.10  -0.10      T
  MONTH TO DATE    0.18                      0.38  -0.20      T
  SINCE MAR 1      0.18                      0.38  -0.20      T
  SINCE JAN 1      4.50                      5.17  -0.67     5.79

SNOWFALL (IN)
  YESTERDAY        0.0           8.3  1971   0.5   -0.5       T
  MONTH TO DATE    2.0                       1.8    0.2       T
  SINCE MAR 1      2.0                       1.8    0.2       T
  SINCE JUL 1     72.6                      48.3   24.3     65.2
  SNOW DEPTH      12

DEGREE DAYS
 HEATING
  YESTERDAY       30                        34     -4       53
  MONTH TO DATE  166                       139     27      194
  SINCE MAR 1    166                       139     27      194
  SINCE JUL 1   5296                      5083    213     5311

 COOLING
  YESTERDAY        0                         0      0        0
  MONTH TO DATE    0                         0      0        0
  SINCE MAR 1      0                         0      0        0
  SINCE JAN 1      0                         0      0        0
..................................................................


WIND (MPH)
  HIGHEST WIND SPEED    21   HIGHEST WIND DIRECTION     W (280)
  HIGHEST GUST SPEED    29   HIGHEST GUST DIRECTION     S (180)
  AVERAGE WIND SPEED     9.2


SKY COVER
  AVERAGE SKY COVER 1.0



RELATIVE HUMIDITY (PERCENT)
 HIGHEST    82
 LOWEST     59
 AVERAGE    71

..........................................................


THE ALBANY NY CLIMATE NORMALS FOR TODAY
                         NORMAL    RECORD    YEAR
 MAXIMUM TEMPERATURE (F)   40        71      1964
 MINIMUM TEMPERATURE (F)   22       -12      1948


SUNRISE AND SUNSET
MARCH  5 2015.........SUNRISE   625 AM EST   SUNSET   549 PM EST
MARCH  6 2015.........SUNRISE   623 AM EST   SUNSET   550 PM EST


-  INDICATES NEGATIVE NUMBERS.
R  INDICATES RECORD WAS SET OR TIED.
MM INDICATES DATA IS MISSING.
T  INDICATES TRACE AMOUNT.




$$
