000
CDUS41 KALY 270624
CLIALB


CLIMATE REPORT
NATIONAL WEATHER SERVICE ALBANY NY
223 AM EDT WED AUG 27 2014


...................................

...THE ALBANY NY CLIMATE SUMMARY FOR AUGUST 26 2014...

CLIMATE NORMAL PERIOD 1981 TO 2010
CLIMATE RECORD PERIOD 1874 TO 2014


WEATHER ITEM   OBSERVED TIME   RECORD YEAR NORMAL DEPARTURE LAST
                VALUE   (LST)  VALUE       VALUE  FROM      YEAR
                                                  NORMAL
..................................................................
TEMPERATURE (F)
 YESTERDAY
  MAXIMUM         86    426 PM  98    1948  79      7       78
  MINIMUM         60    548 AM  40    1942  59      1       65
  AVERAGE         73                        69      4       72

PRECIPITATION (IN)
  YESTERDAY        0.00          2.32 1961   0.10  -0.10     0.19
  MONTH TO DATE    1.54                      2.97  -1.43     2.35
  SINCE JUN 1     13.18                     10.88   2.30    16.42
  SINCE JAN 1     26.74                     25.66   1.08    31.16

DEGREE DAYS
 HEATING
  YESTERDAY        0                         1     -1        0
  MONTH TO DATE    6                         9     -3        4
  SINCE JUN 1     18                        66    -48       61
  SINCE JUL 1      6                        14     -8        6

 COOLING
  YESTERDAY        8                         5      3        7
  MONTH TO DATE  122                       158    -36      106
  SINCE JUN 1    507                       494     13      600
  SINCE JAN 1    542                       524     18      649
..................................................................


WIND (MPH)
  HIGHEST WIND SPEED    12   HIGHEST WIND DIRECTION     S (190)
  HIGHEST GUST SPEED    15   HIGHEST GUST DIRECTION     S (190)
  AVERAGE WIND SPEED     3.3


SKY COVER
  AVERAGE SKY COVER 0.2



RELATIVE HUMIDITY (PERCENT)
 HIGHEST    97
 LOWEST     44
 AVERAGE    71

..........................................................


THE ALBANY NY CLIMATE NORMALS FOR TODAY
                         NORMAL    RECORD    YEAR
 MAXIMUM TEMPERATURE (F)   79        97      1948
 MINIMUM TEMPERATURE (F)   58        41      1969


SUNRISE AND SUNSET
AUGUST 27 2014........SUNRISE   614 AM EDT   SUNSET   738 PM EDT
AUGUST 28 2014........SUNRISE   616 AM EDT   SUNSET   736 PM EDT


-  INDICATES NEGATIVE NUMBERS.
R  INDICATES RECORD WAS SET OR TIED.
MM INDICATES DATA IS MISSING.
T  INDICATES TRACE AMOUNT.




$$
