255
CDUS43 KDMX 250719
CLIALO

CLIMATE REPORT
NATIONAL WEATHER SERVICE DES MOINES IA
214 AM CDT SUN JUN 25 2017

...................................

...THE WATERLOO IA CLIMATE SUMMARY FOR JUNE 24 2017...

CLIMATE NORMAL PERIOD 1981 TO 2010
CLIMATE RECORD PERIOD 1895 TO 2017

WEATHER ITEM   OBSERVED TIME   RECORD YEAR NORMAL DEPARTURE LAST
                VALUE   (LST)  VALUE       VALUE  FROM      YEAR
                                                  NORMAL
..................................................................
TEMPERATURE (F)
 YESTERDAY
  MAXIMUM         75    403 PM 102    1937  83     -8       82
                                      1931
  MINIMUM         51   1143 PM  43    1972  61    -10       59
  AVERAGE         63                        72     -9       71

PRECIPITATION (IN)
  YESTERDAY        0.00          2.40 1959   0.17  -0.17     0.00
  MONTH TO DATE    5.11                      3.93   1.18     7.37
  SINCE JUN 1      5.11                      3.93   1.18     7.37
  SINCE JAN 1     18.13                     16.05   2.08    17.86

SNOWFALL (IN)
  YESTERDAY        0.0          MM      MM   0.0    0.0      0.0
  MONTH TO DATE    0.0                       0.0    0.0      0.0
  SINCE JUN 1      0.0                       0.0    0.0      0.0
  SINCE JUL 1     26.2                      35.3   -9.1     46.0
  SNOW DEPTH       0

DEGREE DAYS
 HEATING
  YESTERDAY        2                         0      2        0
  MONTH TO DATE    5                        23    -18        4
  SINCE JUN 1      5                        23    -18        4
  SINCE JUL 1   6038                      7027   -989     6133

 COOLING
  YESTERDAY        0                         8     -8        6
  MONTH TO DATE  186                       129     57      175
  SINCE JUN 1    186                       129     57      175
  SINCE JAN 1    222                       185     37      238
..................................................................

WIND (MPH)
  HIGHEST WIND SPEED    26   HIGHEST WIND DIRECTION    SW (240)
  HIGHEST GUST SPEED    38   HIGHEST GUST DIRECTION     W (250)
  AVERAGE WIND SPEED    11.6

SKY COVER
  POSSIBLE SUNSHINE  MM
  AVERAGE SKY COVER 0.1

WEATHER CONDITIONS
 THE FOLLOWING WEATHER WAS RECORDED YESTERDAY.
  NO SIGNIFICANT WEATHER WAS OBSERVED.

RELATIVE HUMIDITY (PERCENT)
 HIGHEST    83           200 AM
 LOWEST     29           300 PM
 AVERAGE    56
..........................................................

THE WATERLOO IA CLIMATE NORMALS FOR TODAY
                         NORMAL    RECORD    YEAR
 MAXIMUM TEMPERATURE (F)   84       104      1931
 MINIMUM TEMPERATURE (F)   62        42      2004

SUNRISE AND SUNSET
JUNE 25 2017..........SUNRISE   533 AM CDT   SUNSET   851 PM CDT
JUNE 26 2017..........SUNRISE   534 AM CDT   SUNSET   851 PM CDT

-  INDICATES NEGATIVE NUMBERS.
R  INDICATES RECORD WAS SET OR TIED.
MM INDICATES DATA IS MISSING.
T  INDICATES TRACE AMOUNT.

$$

FAB
