000
CDUS43 KDMX 230630 RRA
CLIALO

CLIMATE REPORT
NATIONAL WEATHER SERVICE DES MOINES IA
128 AM CDT WED APR 23 2014

...................................

...THE WATERLOO IA CLIMATE SUMMARY FOR APRIL 22 2014...

CLIMATE NORMAL PERIOD 1981 TO 2010
CLIMATE RECORD PERIOD 1895 TO 2014


WEATHER ITEM   OBSERVED TIME   RECORD YEAR NORMAL DEPARTURE LAST
                VALUE   (LST)  VALUE       VALUE  FROM      YEAR
                                                  NORMAL
..................................................................
TEMPERATURE (F)
 YESTERDAY
  MAXIMUM         60    459 PM 100    1980  64     -4       63
  MINIMUM         36    458 AM  20    1986  40     -4       38
  AVERAGE         48                        52     -4       51

PRECIPITATION (IN)
  YESTERDAY        0.00          2.11 1968   0.13  -0.13     0.36
  MONTH TO DATE    5.09                      2.57   2.52     6.05
  SINCE MAR 1      6.59                      4.63   1.96     8.62
  SINCE JAN 1      9.22                      6.45   2.77    11.70

SNOWFALL (IN)
  YESTERDAY        0.0           1.3  1984   0.0    0.0      0.0
  MONTH TO DATE    0.4                       1.6   -1.2       T
  SINCE MAR 1      6.2                       6.2    0.0     11.2
  SINCE JUL 1     58.0                      35.1   22.9     48.3
  SNOW DEPTH       0

DEGREE DAYS
 HEATING
  YESTERDAY       17                        14      3       14
  MONTH TO DATE  424                       396     28      516
  SINCE MAR 1   1556                      1302    254     1699
  SINCE JUL 1   7964                      6721   1243     6909

 COOLING
  YESTERDAY        0                         0      0        0
  MONTH TO DATE    2                         0      2        0
  SINCE MAR 1      2                         0      2        0
  SINCE JAN 1      2                         0      2        0
..................................................................


WIND (MPH)
  HIGHEST WIND SPEED    25   HIGHEST WIND DIRECTION     N (350)
  HIGHEST GUST SPEED    34   HIGHEST GUST DIRECTION     N (350)
  AVERAGE WIND SPEED    10.4


SKY COVER
  POSSIBLE SUNSHINE  MM
  AVERAGE SKY COVER 0.0


WEATHER CONDITIONS
 THE FOLLOWING WEATHER WAS RECORDED YESTERDAY.
  NO SIGNIFICANT WEATHER WAS OBSERVED.


RELATIVE HUMIDITY (PERCENT)
 HIGHEST    85          1100 PM
 LOWEST     35           200 PM
 AVERAGE    60

..........................................................


THE WATERLOO IA CLIMATE NORMALS FOR TODAY
                         NORMAL    RECORD    YEAR
 MAXIMUM TEMPERATURE (F)   64        89      1925
 MINIMUM TEMPERATURE (F)   40        19      1927


SUNRISE AND SUNSET
APRIL 23 2014.........SUNRISE   616 AM CDT   SUNSET   801 PM CDT
APRIL 24 2014.........SUNRISE   614 AM CDT   SUNSET   802 PM CDT


-  INDICATES NEGATIVE NUMBERS.
R  INDICATES RECORD WAS SET OR TIED.
MM INDICATES DATA IS MISSING.
T  INDICATES TRACE AMOUNT.

$$

REV
