000
CDUS43 KDMX 230627 RRA
CLIALO

CLIMATE REPORT
NATIONAL WEATHER SERVICE DES MOINES IA
127 AM CDT WED AUG 23 2017


...................................

...THE WATERLOO IA CLIMATE SUMMARY FOR AUGUST 22 2017...

CLIMATE NORMAL PERIOD 1981 TO 2010
CLIMATE RECORD PERIOD 1895 TO 2017


WEATHER ITEM   OBSERVED TIME   RECORD YEAR NORMAL DEPARTURE LAST
                VALUE   (LST)  VALUE       VALUE  FROM      YEAR
                                                  NORMAL
..................................................................
TEMPERATURE (F)
 YESTERDAY
  MAXIMUM         74    400 PM 100    1916  82     -8       81
  MINIMUM         52   1152 PM  40    1923  60     -8       55
  AVERAGE         63                        71     -8       68

PRECIPITATION (IN)
  YESTERDAY        0.00          1.63 1988   0.13  -0.13     0.00
  MONTH TO DATE    1.23                      3.14  -1.91     4.86
  SINCE JUN 1      9.59                     13.03  -3.44    17.84
  SINCE JAN 1     22.61                     25.15  -2.54    28.33

SNOWFALL (IN)
  YESTERDAY        0.0          MM      MM   0.0    0.0      0.0
  MONTH TO DATE    0.0                       0.0    0.0      0.0
  SINCE JUN 1      0.0                       0.0    0.0      0.0
  SINCE JUL 1      0.0                       0.0    0.0      0.0
  SNOW DEPTH       0

DEGREE DAYS
 HEATING
  YESTERDAY        2                         1      1        0
  MONTH TO DATE    7                         5      2        1
  SINCE JUN 1     24                        35    -11        7
  SINCE JUL 1      7                         9     -2        3

 COOLING
  YESTERDAY        0                         6     -6        3
  MONTH TO DATE   81                       158    -77      177
  SINCE JUN 1    547                       606    -59      644
  SINCE JAN 1    583                       662    -79      707
..................................................................


WIND (MPH)
  HIGHEST WIND SPEED    23   HIGHEST WIND DIRECTION    NW (330)
  HIGHEST GUST SPEED    32   HIGHEST GUST DIRECTION     N (350)
  AVERAGE WIND SPEED    10.8


SKY COVER
  POSSIBLE SUNSHINE  MM
  AVERAGE SKY COVER 0.1


WEATHER CONDITIONS
 THE FOLLOWING WEATHER WAS RECORDED YESTERDAY.
  NO SIGNIFICANT WEATHER WAS OBSERVED.


RELATIVE HUMIDITY (PERCENT)
 HIGHEST   100           300 AM
 LOWEST     41           300 PM
 AVERAGE    71

..........................................................


THE WATERLOO IA CLIMATE NORMALS FOR TODAY
                         NORMAL    RECORD    YEAR
 MAXIMUM TEMPERATURE (F)   82        99      1948
 MINIMUM TEMPERATURE (F)   59        43      1920


SUNRISE AND SUNSET
AUGUST 23 2017........SUNRISE   625 AM CDT   SUNSET   758 PM CDT
AUGUST 24 2017........SUNRISE   626 AM CDT   SUNSET   757 PM CDT


-  INDICATES NEGATIVE NUMBERS.
R  INDICATES RECORD WAS SET OR TIED.
MM INDICATES DATA IS MISSING.
T  INDICATES TRACE AMOUNT.




$$
