000
CDUS43 KDMX 270655 RRB
CLIALO

CLIMATE REPORT
NATIONAL WEATHER SERVICE DES MOINES IA
155 AM CDT WED MAY 27 2015

...................................

...THE WATERLOO IA CLIMATE SUMMARY FOR MAY 26 2015...

CLIMATE NORMAL PERIOD 1981 TO 2010
CLIMATE RECORD PERIOD 1895 TO 2015


WEATHER ITEM   OBSERVED TIME   RECORD YEAR NORMAL DEPARTURE LAST
                VALUE   (LST)  VALUE       VALUE  FROM      YEAR
                                                  NORMAL
..................................................................
TEMPERATURE (F)
 YESTERDAY
  MAXIMUM         68    631 PM  94    1967  75     -7       82
  MINIMUM         60    743 AM  33    1961  53      7       63
  AVERAGE         64                        64      0       73

PRECIPITATION (IN)
  YESTERDAY        0.82          1.61 1986   0.15   0.67     0.00
  MONTH TO DATE    4.56                      3.76   0.80     2.15
  SINCE MAR 1      8.52                      9.53  -1.01    10.89
  SINCE JAN 1     10.56                     11.35  -0.79    13.52

SNOWFALL (IN)
  YESTERDAY        0.0          MM      MM   0.0    0.0      0.0
  MONTH TO DATE    0.0                       0.0    0.0      0.0
  SINCE MAR 1      0.7                       6.4   -5.7      6.2
  SINCE JUL 1     29.2                      35.3   -6.1     57.1
  SNOW DEPTH       0

DEGREE DAYS
 HEATING
  YESTERDAY        1                         4     -3        0
  MONTH TO DATE  152                       173    -21      210
  SINCE MAR 1   1515                      1570    -55     1910
  SINCE JUL 1   7276                      6989    287     8318

 COOLING
  YESTERDAY        0                         2     -2        8
  MONTH TO DATE   31                        36     -5       24
  SINCE MAR 1     31                        44    -13       26
  SINCE JAN 1     31                        44    -13       26
..................................................................


WIND (MPH)
  HIGHEST WIND SPEED    20   HIGHEST WIND DIRECTION     W (280)
  HIGHEST GUST SPEED    25   HIGHEST GUST DIRECTION     W (280)
  AVERAGE WIND SPEED     8.8


SKY COVER
  POSSIBLE SUNSHINE  MM
  AVERAGE SKY COVER 0.6


WEATHER CONDITIONS
 THE FOLLOWING WEATHER WAS RECORDED YESTERDAY.
  THUNDERSTORM
  HEAVY RAIN
  RAIN
  LIGHT RAIN
  FOG


RELATIVE HUMIDITY (PERCENT)
 HIGHEST   100           900 AM
 LOWEST     73           600 PM
 AVERAGE    87

..........................................................


THE WATERLOO IA CLIMATE NORMALS FOR TODAY
                         NORMAL    RECORD    YEAR
 MAXIMUM TEMPERATURE (F)   76        93      1900
 MINIMUM TEMPERATURE (F)   53        32      1971


SUNRISE AND SUNSET
MAY 27 2015...........SUNRISE   538 AM CDT   SUNSET   836 PM CDT
MAY 28 2015...........SUNRISE   537 AM CDT   SUNSET   837 PM CDT


-  INDICATES NEGATIVE NUMBERS.
R  INDICATES RECORD WAS SET OR TIED.
MM INDICATES DATA IS MISSING.
T  INDICATES TRACE AMOUNT.

$$

SMALL
