128
CDUS43 KDMX 242236 RRA
CLIALO

CLIMATE REPORT
NATIONAL WEATHER SERVICE DES MOINES IA
534 PM CDT WED MAY 24 2017


...................................

...THE WATERLOO IA CLIMATE SUMMARY FOR MAY 24 2017...
VALID TODAY AS OF 0500 PM LOCAL TIME.

CLIMATE NORMAL PERIOD 1981 TO 2010
CLIMATE RECORD PERIOD 1895 TO 2017


WEATHER ITEM   OBSERVED TIME   RECORD YEAR NORMAL DEPARTURE LAST
                VALUE   (LST)  VALUE       VALUE  FROM      YEAR
                                                  NORMAL
..................................................................
TEMPERATURE (F)
 TODAY
  MAXIMUM         62    359 PM  94    1926  75    -13       84
  MINIMUM         51    716 AM  34    1924  52     -1       63
  AVERAGE         57                        63     -6       74

PRECIPITATION (IN)
  TODAY            0.02          1.54 1907   0.15  -0.13     0.02
  MONTH TO DATE    3.44                      3.46  -0.02     0.86
  SINCE MAR 1      9.01                      9.23  -0.22     6.34
  SINCE JAN 1     12.94                     11.05   1.89     8.11

SNOWFALL (IN)
  TODAY            0.0          MM      MM   0.0    0.0      0.0
  MONTH TO DATE    0.0                       0.0    0.0      0.0
  SINCE MAR 1     10.6                       6.4    4.2      2.9
  SINCE JUL 1     26.2                      35.3   -9.1     46.0
  SNOW DEPTH       0

DEGREE DAYS
 HEATING
  TODAY            8                         4      4        0
  MONTH TO DATE  210                       165     45      210
  SINCE MAR 1   1539                      1562    -23     1429
  SINCE JUL 1   6001                      6981   -980     6129

 COOLING
  TODAY            0                         2     -2        9
  MONTH TO DATE   30                        32     -2       21
  SINCE MAR 1     36                        40     -4       24
  SINCE JAN 1     36                        40     -4       24
..................................................................


WIND (MPH)
  HIGHEST WIND SPEED    16   HIGHEST WIND DIRECTION     N (20)
  HIGHEST GUST SPEED    22   HIGHEST GUST DIRECTION     N (10)
  AVERAGE WIND SPEED    11.0


SKY COVER
  POSSIBLE SUNSHINE  MM
  AVERAGE SKY COVER 1.0


WEATHER CONDITIONS
 THE FOLLOWING WEATHER WAS RECORDED TODAY.
  LIGHT RAIN
  FOG
  HAZE


RELATIVE HUMIDITY (PERCENT)
 HIGHEST    96          1200 AM
 LOWEST     67           200 PM
 AVERAGE    82

..........................................................


THE WATERLOO IA CLIMATE NORMALS FOR TOMORROW
                         NORMAL    RECORD    YEAR
 MAXIMUM TEMPERATURE (F)   75        92      1967
 MINIMUM TEMPERATURE (F)   52        29      1925


SUNRISE AND SUNSET
MAY 24 2017...........SUNRISE   539 AM CDT   SUNSET   834 PM CDT
MAY 25 2017...........SUNRISE   539 AM CDT   SUNSET   835 PM CDT


-  INDICATES NEGATIVE NUMBERS.
R  INDICATES RECORD WAS SET OR TIED.
MM INDICATES DATA IS MISSING.
T  INDICATES TRACE AMOUNT.




$$
