000
CDUS44 KAMA 231515
CLIAMA


CLIMATE REPORT
NATIONAL WEATHER SERVICE AMARILLO TX
915 AM CST FRI FEB 23 2018


...................................

...THE AMARILLO CLIMATE SUMMARY FOR FEBRUARY 23 2018...
VALID AS OF 0900 AM LOCAL TIME.

CLIMATE NORMAL PERIOD 1981 TO 2010
CLIMATE RECORD PERIOD 1892 TO 2018


WEATHER ITEM   OBSERVED TIME   RECORD YEAR NORMAL DEPARTURE LAST
                VALUE   (LST)  VALUE       VALUE  FROM      YEAR
                                                  NORMAL
..................................................................
TEMPERATURE (F)
 TODAY
  MINIMUM         28    755 AM   4    1914  28      0       35

PRECIPITATION (IN)
  TODAY            0.00          0.39 2016   0.02  -0.02     0.00
  MONTH TO DATE    0.01                      0.46  -0.45     0.51
  SINCE DEC 1      0.01                      1.89  -1.88     3.95
  SINCE JAN 1      0.01                      1.18  -1.17     3.68

SNOWFALL (IN)
  TODAY            0.0           3.5  2015   0.0    0.0      0.0
  MONTH TO DATE    T                         2.6   -2.6      1.1
  SINCE DEC 1      T                        11.0  -11.0      8.0
  SINCE JUL 1      T                        13.7  -13.7      8.0
  SNOW DEPTH       0

..................................................................


WIND (MPH)
  RESULTANT WIND SPEED   7   RESULTANT WIND DIRECTION  SW (230)
  HIGHEST WIND SPEED    16   HIGHEST WIND DIRECTION     W (270)
  HIGHEST GUST SPEED    20   HIGHEST GUST DIRECTION     W (280)
  AVERAGE WIND SPEED     8.1


SKY COVER
  AVERAGE SKY COVER 0.0


WEATHER CONDITIONS
 THE FOLLOWING WEATHER WAS RECORDED TODAY.
  NO SIGNIFICANT WEATHER WAS OBSERVED.


RELATIVE HUMIDITY (PERCENT)
 HIGHEST    92           200 AM
 LOWEST     54           600 AM
 AVERAGE    73

..........................................................


THE AMARILLO CLIMATE NORMALS FOR TOMORROW
                         NORMAL    RECORD    YEAR
 MAXIMUM TEMPERATURE (F)   56        81      1918
 MINIMUM TEMPERATURE (F)   28         3      1965


SUNRISE AND SUNSET
FEBRUARY 23 2018......SUNRISE   724 AM CST   SUNSET   637 PM CST
FEBRUARY 24 2018......SUNRISE   723 AM CST   SUNSET   638 PM CST


-  INDICATES NEGATIVE NUMBERS.
R  INDICATES RECORD WAS SET OR TIED.
MM INDICATES DATA IS MISSING.
T  INDICATES TRACE AMOUNT.




$$
