000
CDUS44 KAMA 301417
CLIAMA


CLIMATE REPORT
NATIONAL WEATHER SERVICE AMARILLO TX
915 AM CDT THU MAR 30 2017


...................................

...THE AMARILLO CLIMATE SUMMARY FOR MARCH 30 2017...
VALID AS OF 0900 AM LOCAL TIME.

CLIMATE NORMAL PERIOD 1981 TO 2010
CLIMATE RECORD PERIOD 1892 TO 2017


WEATHER ITEM   OBSERVED TIME   RECORD YEAR NORMAL DEPARTURE LAST
                VALUE   (LST)  VALUE       VALUE  FROM      YEAR
                                                  NORMAL
..................................................................
TEMPERATURE (F)
 TODAY
  MINIMUM         36    708 AM  12    1987  37     -1       46

PRECIPITATION (IN)
  TODAY            0.00          0.96 2001   0.05  -0.05     0.00
  MONTH TO DATE    1.97                      1.34   0.63     0.27
  SINCE MAR 1      1.97                      1.34   0.63     0.27
  SINCE JAN 1      5.65                      2.62   3.03     0.96

SNOWFALL (IN)
  TODAY            0.0           2.2  1961   0.1   -0.1      0.0
  MONTH TO DATE    0.0                       2.8   -2.8      1.3
  SINCE MAR 1      0.0                       2.8   -2.8      1.3
  SINCE JUL 1      8.0                      16.8   -8.8     13.4
  SNOW DEPTH       0

..................................................................


WIND (MPH)
  RESULTANT WIND SPEED  10   RESULTANT WIND DIRECTION   W (290)
  HIGHEST WIND SPEED    16   HIGHEST WIND DIRECTION     W (290)
  HIGHEST GUST SPEED    19   HIGHEST GUST DIRECTION     W (290)
  AVERAGE WIND SPEED     9.9


SKY COVER
  AVERAGE SKY COVER 0.0


WEATHER CONDITIONS
 THE FOLLOWING WEATHER WAS RECORDED TODAY.
  NO SIGNIFICANT WEATHER WAS OBSERVED.


RELATIVE HUMIDITY (PERCENT)
 HIGHEST    92           500 AM
 LOWEST     79           300 AM
 AVERAGE    86

..........................................................


THE AMARILLO CLIMATE NORMALS FOR TOMORROW
                         NORMAL    RECORD    YEAR
 MAXIMUM TEMPERATURE (F)   67        92      1946
 MINIMUM TEMPERATURE (F)   37        13      1926


SUNRISE AND SUNSET
MARCH 30 2017.........SUNRISE   736 AM CDT   SUNSET   807 PM CDT
MARCH 31 2017.........SUNRISE   735 AM CDT   SUNSET   808 PM CDT


-  INDICATES NEGATIVE NUMBERS.
R  INDICATES RECORD WAS SET OR TIED.
MM INDICATES DATA IS MISSING.
T  INDICATES TRACE AMOUNT.




$$
