000
CDUS44 KAMA 211436
CLIAMA


CLIMATE REPORT
NATIONAL WEATHER SERVICE AMARILLO TX
935 AM CDT THU AUG 21 2014


...................................

...THE AMARILLO CLIMATE SUMMARY FOR AUGUST 21 2014...
VALID AS OF 0900 AM LOCAL TIME.

CLIMATE NORMAL PERIOD 1981 TO 2010
CLIMATE RECORD PERIOD 1892 TO 2014


WEATHER ITEM   OBSERVED TIME   RECORD YEAR NORMAL DEPARTURE LAST
                VALUE   (LST)  VALUE       VALUE  FROM      YEAR
                                                  NORMAL
..................................................................
TEMPERATURE (F)
 TODAY
  MINIMUM         72    646 AM  49    1956  64      8       69

PRECIPITATION (IN)
  TODAY            0.00          1.49 1916   0.09  -0.09     0.00
  MONTH TO DATE    1.65                      2.11  -0.46     1.42
  SINCE JUN 1      8.87                      8.11   0.76     6.08
  SINCE JAN 1     13.58                     14.47  -0.89    12.37

SNOWFALL (IN)
  TODAY            0.0           0.0    MM   0.0    0.0      0.0
  MONTH TO DATE    0.0                       0.0    0.0      0.0
  SINCE JUN 1      0.0                       0.0    0.0      0.0
  SINCE JUL 1      0.0                       0.0    0.0      0.0
  SNOW DEPTH       0

..................................................................


WIND (MPH)
  RESULTANT WIND SPEED  16   RESULTANT WIND DIRECTION   S (190)
  HIGHEST WIND SPEED    21   HIGHEST WIND DIRECTION     S (190)
  HIGHEST GUST SPEED    29   HIGHEST GUST DIRECTION     S (190)
  AVERAGE WIND SPEED    16.3


SKY COVER
  AVERAGE SKY COVER 0.0


WEATHER CONDITIONS
 THE FOLLOWING WEATHER WAS RECORDED TODAY.
  NO SIGNIFICANT WEATHER WAS OBSERVED.


RELATIVE HUMIDITY (PERCENT)
 HIGHEST    79           600 AM
 LOWEST     60          1200 AM
 AVERAGE    70

..........................................................


THE AMARILLO CLIMATE NORMALS FOR TOMORROW
                         NORMAL    RECORD    YEAR
 MAXIMUM TEMPERATURE (F)   89       101      2011
                                             1922
 MINIMUM TEMPERATURE (F)   64        53      1966
                                             1945
                                             1920


SUNRISE AND SUNSET
AUGUST 21 2014........SUNRISE   711 AM CDT   SUNSET   828 PM CDT
AUGUST 22 2014........SUNRISE   712 AM CDT   SUNSET   827 PM CDT


-  INDICATES NEGATIVE NUMBERS.
R  INDICATES RECORD WAS SET OR TIED.
MM INDICATES DATA IS MISSING.
T  INDICATES TRACE AMOUNT.




$$
