000
CDUS44 KAMA 281412
CLIAMA


CLIMATE REPORT
NATIONAL WEATHER SERVICE AMARILLO TX
911 AM CDT THU APR 28 2016


...................................

...THE AMARILLO CLIMATE SUMMARY FOR APRIL 28 2016...
VALID AS OF 0900 AM LOCAL TIME.

CLIMATE NORMAL PERIOD 1981 TO 2010
CLIMATE RECORD PERIOD 1892 TO 2016


WEATHER ITEM   OBSERVED TIME   RECORD YEAR NORMAL DEPARTURE LAST
                VALUE   (LST)  VALUE       VALUE  FROM      YEAR
                                                  NORMAL
..................................................................
TEMPERATURE (F)
 TODAY
  MINIMUM         41    458 AM  31    1994  46     -5       40

PRECIPITATION (IN)
  TODAY            0.00          1.99 1985   0.05  -0.05     0.00
  MONTH TO DATE    2.16                      1.30   0.86     2.97
  SINCE MAR 1      2.43                      2.69  -0.26     3.18
  SINCE JAN 1      3.12                      3.97  -0.85     5.26

SNOWFALL (IN)
  TODAY            0.0           T    1999   0.0    0.0      0.0
  MONTH TO DATE    0.0                       0.7   -0.7       T
  SINCE MAR 1      1.3                       3.6   -2.3      0.1
  SINCE JUL 1     13.4                      17.6   -4.2     23.9
  SNOW DEPTH       0

..................................................................


WIND (MPH)
  RESULTANT WIND SPEED  10   RESULTANT WIND DIRECTION   E (100)
  HIGHEST WIND SPEED    23   HIGHEST WIND DIRECTION     E (100)
  HIGHEST GUST SPEED    29   HIGHEST GUST DIRECTION     E (100)
  AVERAGE WIND SPEED    11.2


SKY COVER
  AVERAGE SKY COVER 0.0


WEATHER CONDITIONS
 THE FOLLOWING WEATHER WAS RECORDED TODAY.
  NO SIGNIFICANT WEATHER WAS OBSERVED.


RELATIVE HUMIDITY (PERCENT)
 HIGHEST    83           600 AM
 LOWEST     50          1200 AM
 AVERAGE    67

..........................................................


THE AMARILLO CLIMATE NORMALS FOR TOMORROW
                         NORMAL    RECORD    YEAR
 MAXIMUM TEMPERATURE (F)   75        94      2013
                                             2011
                                             1910
 MINIMUM TEMPERATURE (F)   46        30      1907
                                             1903


SUNRISE AND SUNSET
APRIL 28 2016.........SUNRISE   658 AM CDT   SUNSET   831 PM CDT
APRIL 29 2016.........SUNRISE   657 AM CDT   SUNSET   831 PM CDT


-  INDICATES NEGATIVE NUMBERS.
R  INDICATES RECORD WAS SET OR TIED.
MM INDICATES DATA IS MISSING.
T  INDICATES TRACE AMOUNT.




$$
