000
CDUS44 KAMA 250626
CLIAMA


CLIMATE REPORT
NATIONAL WEATHER SERVICE AMARILLO TX
126 AM CDT TUE JUL 25 2017


...................................

...THE AMARILLO CLIMATE SUMMARY FOR JULY 24 2017...

CLIMATE NORMAL PERIOD 1981 TO 2010
CLIMATE RECORD PERIOD 1892 TO 2017


WEATHER ITEM   OBSERVED TIME   RECORD YEAR NORMAL DEPARTURE LAST
                VALUE   (LST)  VALUE       VALUE  FROM      YEAR
                                                  NORMAL
..................................................................
TEMPERATURE (F)
 YESTERDAY
  MAXIMUM         95    158 PM 101    2000  91      4      100
  MINIMUM         64    544 AM  56    1904  65     -1       69
  AVERAGE         80                        78      2       85

PRECIPITATION (IN)
  YESTERDAY        0.00          1.65 1985   0.09  -0.09     0.00
  MONTH TO DATE    1.07                      2.14  -1.07     1.54
  SINCE JUN 1      2.57                      5.30  -2.73     2.92
  SINCE JAN 1     10.72                     11.66  -0.94     8.81

SNOWFALL (IN)
  YESTERDAY        0.0           T    1995   0.0    0.0      0.0
  MONTH TO DATE    0.0                       0.0    0.0       T
  SINCE JUN 1      0.0                       0.0    0.0       T
  SINCE JUL 1      0.0                       0.0    0.0       T
  SNOW DEPTH       0

DEGREE DAYS
 HEATING
  YESTERDAY        0                         0      0        0
  MONTH TO DATE    0                         0      0        0
  SINCE JUN 1      1                         7     -6        0
  SINCE JUL 1      0                         0      0        0

 COOLING
  YESTERDAY       15                        13      2       20
  MONTH TO DATE  366                       320     46      458
  SINCE JUN 1    733                       608    125      834
  SINCE JAN 1    863                       733    130      922
..................................................................


WIND (MPH)
  RESULTANT WIND SPEED   9   RESULTANT WIND DIRECTION  SE (150)
  HIGHEST WIND SPEED    31   HIGHEST WIND DIRECTION     E (100)
  HIGHEST GUST SPEED    38   HIGHEST GUST DIRECTION     E (100)
  AVERAGE WIND SPEED    10.0


SKY COVER
  AVERAGE SKY COVER 0.1


WEATHER CONDITIONS
 THE FOLLOWING WEATHER WAS RECORDED YESTERDAY.
  THUNDERSTORM


RELATIVE HUMIDITY (PERCENT)
 HIGHEST    93           600 AM
 LOWEST     33           100 PM
 AVERAGE    63

..........................................................


THE AMARILLO CLIMATE NORMALS FOR TODAY
                         NORMAL    RECORD    YEAR
 MAXIMUM TEMPERATURE (F)   91       103      1954
 MINIMUM TEMPERATURE (F)   65        54      1911


SUNRISE AND SUNSET
JULY 25 2017..........SUNRISE   651 AM CDT   SUNSET   855 PM CDT
JULY 26 2017..........SUNRISE   651 AM CDT   SUNSET   855 PM CDT


-  INDICATES NEGATIVE NUMBERS.
R  INDICATES RECORD WAS SET OR TIED.
MM INDICATES DATA IS MISSING.
T  INDICATES TRACE AMOUNT.




$$
