000
CDUS44 KAMA 270742
CLIAMA


CLIMATE REPORT
NATIONAL WEATHER SERVICE AMARILLO TX
140 AM CST MON FEB 27 2017


...................................

...THE AMARILLO CLIMATE SUMMARY FOR FEBRUARY 26 2017...

CLIMATE NORMAL PERIOD 1981 TO 2010
CLIMATE RECORD PERIOD 1892 TO 2017


WEATHER ITEM   OBSERVED TIME   RECORD YEAR NORMAL DEPARTURE LAST
                VALUE   (LST)  VALUE       VALUE  FROM      YEAR
                                                  NORMAL
..................................................................
TEMPERATURE (F)
 YESTERDAY
  MAXIMUM         60    218 PM  80    1981  57      3       66
                                      1918
  MINIMUM         30    738 AM   5    1934  29      1       26
  AVERAGE         45                        43      2       46

PRECIPITATION (IN)
  YESTERDAY        0.00          0.97 1895   0.02  -0.02     0.00
  MONTH TO DATE    0.51                      0.52  -0.01     0.50
  SINCE DEC 1      3.95                      1.95   2.00     1.47
  SINCE JAN 1      3.68                      1.24   2.44     0.69

SNOWFALL (IN)
  YESTERDAY        0.0           3.5  1984   0.1   -0.1      0.0
  MONTH TO DATE    1.1                       2.8   -1.7      3.2
  SINCE DEC 1      8.0                      11.2   -3.2     10.8
  SINCE JUL 1      8.0                      13.9   -5.9     12.1
  SNOW DEPTH       0

DEGREE DAYS
 HEATING
  YESTERDAY       20                        22     -2       19
  MONTH TO DATE  458                       648   -190      512
  SINCE DEC 1   2071                      2389   -318     2054
  SINCE JUL 1   2536                      3233   -697     2713

 COOLING
  YESTERDAY        0                         0      0        0
  MONTH TO DATE    5                         0      5        1
  SINCE DEC 1      5                         0      5        1
  SINCE JAN 1      5                         0      5        1
..................................................................


WIND (MPH)
  RESULTANT WIND SPEED   3   RESULTANT WIND DIRECTION  SW (230)
  HIGHEST WIND SPEED    18   HIGHEST WIND DIRECTION     S (180)
  HIGHEST GUST SPEED    22   HIGHEST GUST DIRECTION     S (180)
  AVERAGE WIND SPEED     7.9


SKY COVER
  AVERAGE SKY COVER 0.2


WEATHER CONDITIONS
 THE FOLLOWING WEATHER WAS RECORDED YESTERDAY.
  NO SIGNIFICANT WEATHER WAS OBSERVED.


RELATIVE HUMIDITY (PERCENT)
 HIGHEST    78           700 AM
 LOWEST     15           500 PM
 AVERAGE    47

..........................................................


THE AMARILLO CLIMATE NORMALS FOR TODAY
                         NORMAL    RECORD    YEAR
 MAXIMUM TEMPERATURE (F)   57        80      1976
                                             1904
 MINIMUM TEMPERATURE (F)   29         6      1922


SUNRISE AND SUNSET
FEBRUARY 27 2017......SUNRISE   719 AM CST   SUNSET   641 PM CST
FEBRUARY 28 2017......SUNRISE   717 AM CST   SUNSET   642 PM CST


-  INDICATES NEGATIVE NUMBERS.
R  INDICATES RECORD WAS SET OR TIED.
MM INDICATES DATA IS MISSING.
T  INDICATES TRACE AMOUNT.




$$
