000
CDUS44 KAMA 290638
CLIAMA


CLIMATE REPORT
NATIONAL WEATHER SERVICE AMARILLO TX
137 AM CDT FRI MAY 29 2015


...................................

...THE AMARILLO CLIMATE SUMMARY FOR MAY 28 2015...

CLIMATE NORMAL PERIOD 1981 TO 2010
CLIMATE RECORD PERIOD 1892 TO 2015


WEATHER ITEM   OBSERVED TIME   RECORD YEAR NORMAL DEPARTURE LAST
                VALUE   (LST)  VALUE       VALUE  FROM      YEAR
                                                  NORMAL
..................................................................
TEMPERATURE (F)
 YESTERDAY
  MAXIMUM         70    551 PM 100    2011  83    -13       89
  MINIMUM         59   1130 PM  39    1992  56      3       57
                                      1947
  AVERAGE         65                        69     -4       73

PRECIPITATION (IN)
  YESTERDAY        0.00          1.64 1911   0.10  -0.10     0.00
  MONTH TO DATE    9.26                      1.97   7.29     3.55
  SINCE MAR 1     12.44                      4.76   7.68     4.32
  SINCE JAN 1     14.52                      6.04   8.48     4.71

SNOWFALL (IN)
  YESTERDAY        0.0           T    2013   0.0    0.0      0.0
                                      1949
  MONTH TO DATE    0.0                       0.2   -0.2      0.0
  SINCE MAR 1      0.1                       3.8   -3.7      0.7
  SINCE JUL 1     23.9                      17.8    6.1     12.8
  SNOW DEPTH       0

DEGREE DAYS
 HEATING
  YESTERDAY        0                         1     -1        0
  MONTH TO DATE  103                        80     23       66
  SINCE MAR 1    731                       891   -160      871
  SINCE JUL 1   3856                      4168   -312     4224

 COOLING
  YESTERDAY        0                         5     -5        8
  MONTH TO DATE   24                        86    -62      137
  SINCE MAR 1     46                       107    -61      168
  SINCE JAN 1     46                       107    -61      168
..................................................................


WIND (MPH)
  RESULTANT WIND SPEED  12   RESULTANT WIND DIRECTION  SE (140)
  HIGHEST WIND SPEED    28   HIGHEST WIND DIRECTION    SE (150)
  HIGHEST GUST SPEED    35   HIGHEST GUST DIRECTION     S (160)
  AVERAGE WIND SPEED    14.5


SKY COVER
  AVERAGE SKY COVER 0.1


WEATHER CONDITIONS
 THE FOLLOWING WEATHER WAS RECORDED YESTERDAY.
  THUNDERSTORM


RELATIVE HUMIDITY (PERCENT)
 HIGHEST    87           300 PM
 LOWEST     57           600 PM
 AVERAGE    72

..........................................................


THE AMARILLO CLIMATE NORMALS FOR TODAY
                         NORMAL    RECORD    YEAR
 MAXIMUM TEMPERATURE (F)   83       104      2011
 MINIMUM TEMPERATURE (F)   56        36      1947


SUNRISE AND SUNSET
MAY 29 2015...........SUNRISE   635 AM CDT   SUNSET   854 PM CDT
MAY 30 2015...........SUNRISE   634 AM CDT   SUNSET   855 PM CDT


-  INDICATES NEGATIVE NUMBERS.
R  INDICATES RECORD WAS SET OR TIED.
MM INDICATES DATA IS MISSING.
T  INDICATES TRACE AMOUNT.




$$
