000
CDUS44 KAMA 290659
CLIAMA


CLIMATE REPORT
NATIONAL WEATHER SERVICE AMARILLO TX
158 AM CDT MON AUG 29 2016


...................................

...THE AMARILLO CLIMATE SUMMARY FOR AUGUST 28 2016...

CLIMATE NORMAL PERIOD 1981 TO 2010
CLIMATE RECORD PERIOD 1892 TO 2016


WEATHER ITEM   OBSERVED TIME   RECORD YEAR NORMAL DEPARTURE LAST
                VALUE   (LST)  VALUE       VALUE  FROM      YEAR
                                                  NORMAL
..................................................................
TEMPERATURE (F)
 YESTERDAY
  MAXIMUM         86    432 PM 102    2011  88     -2       89
  MINIMUM         66    649 AM  52    1987  63      3       68
  AVERAGE         76                        75      1       79

PRECIPITATION (IN)
  YESTERDAY        T             1.65 1968   0.08  -0.08     0.02
  MONTH TO DATE    3.13                      2.69   0.44     3.68
  SINCE JUN 1      8.02                      8.69  -0.67    14.16
  SINCE JAN 1     13.91                     15.05  -1.14    28.71

SNOWFALL (IN)
  YESTERDAY        0.0           0.0    MM   0.0    0.0      0.0
  MONTH TO DATE    0.0                       0.0    0.0      0.0
  SINCE JUN 1      T                         0.0    0.0      0.0
  SINCE JUL 1      T                         0.0    0.0      0.0
  SNOW DEPTH       0

DEGREE DAYS
 HEATING
  YESTERDAY        0                         0      0        0
  MONTH TO DATE    0                         0      0        0
  SINCE JUN 1      0                         7     -7        0
  SINCE JUL 1      0                         0      0        0

 COOLING
  YESTERDAY       11                        10      1       14
  MONTH TO DATE  336                       337     -1      343
  SINCE JUN 1   1273                      1037    236     1068
  SINCE JAN 1   1361                      1162    199     1117
..................................................................


WIND (MPH)
  RESULTANT WIND SPEED   8   RESULTANT WIND DIRECTION  SE (150)
  HIGHEST WIND SPEED    26   HIGHEST WIND DIRECTION    SE (140)
  HIGHEST GUST SPEED    34   HIGHEST GUST DIRECTION    SE (140)
  AVERAGE WIND SPEED     9.6


SKY COVER
  AVERAGE SKY COVER 0.2


WEATHER CONDITIONS
 THE FOLLOWING WEATHER WAS RECORDED YESTERDAY.
  THUNDERSTORM
  LIGHT RAIN


RELATIVE HUMIDITY (PERCENT)
 HIGHEST    87           200 AM
 LOWEST     43           100 PM
 AVERAGE    65

..........................................................


THE AMARILLO CLIMATE NORMALS FOR TODAY
                         NORMAL    RECORD    YEAR
 MAXIMUM TEMPERATURE (F)   88       100      1990
                                             1959
 MINIMUM TEMPERATURE (F)   62        49      1917


SUNRISE AND SUNSET
AUGUST 29 2016........SUNRISE   717 AM CDT   SUNSET   817 PM CDT
AUGUST 30 2016........SUNRISE   718 AM CDT   SUNSET   816 PM CDT


-  INDICATES NEGATIVE NUMBERS.
R  INDICATES RECORD WAS SET OR TIED.
MM INDICATES DATA IS MISSING.
T  INDICATES TRACE AMOUNT.




$$
