000
CDUS42 KJAX 240627
CLIAMG


CLIMATE REPORT
NATIONAL WEATHER SERVICE JACKSONVILLE FL
126 AM EST FRI NOV 24 2017


...................................

...THE ALMA CLIMATE SUMMARY FOR NOVEMBER 23 2017...

CLIMATE NORMAL PERIOD 1981 TO 2010
CLIMATE RECORD PERIOD 1948 TO 2017


WEATHER ITEM   OBSERVED TIME   RECORD YEAR NORMAL DEPARTURE LAST
                VALUE   (LST)  VALUE       VALUE  FROM      YEAR
                                                  NORMAL
..................................................................
TEMPERATURE (F)
 YESTERDAY
  MAXIMUM         60    451 AM  82    2010  69     -9       74
  MINIMUM         53   1159 PM  22    1956  46      7       41
  AVERAGE         57                        58     -1       58

PRECIPITATION (IN)
  YESTERDAY        0.06          2.54 2014   0.08  -0.02     0.00
  MONTH TO DATE    0.76                      1.86  -1.10     0.00
  SINCE SEP 1     10.44                      8.53   1.91     7.49
  SINCE JAN 1     38.84                     42.74  -3.90    39.49

SNOWFALL (IN)
  YESTERDAY        0.0           0.0    MM   0.0    0.0      0.0
  MONTH TO DATE    0.0                       0.0    0.0      0.0
  SINCE SEP 1      0.0                       0.0    0.0      0.0
  SINCE JUL 1      0.0                       0.0    0.0      0.0
  SNOW DEPTH       0

DEGREE DAYS
 HEATING
  YESTERDAY        8                         8      0        7
  MONTH TO DATE  115                       132    -17      148
  SINCE SEP 1    166                       182    -16      164
  SINCE JUL 1    166                       182    -16      164

 COOLING
  YESTERDAY        0                         1     -1        0
  MONTH TO DATE   32                        35     -3       22
  SINCE SEP 1    682                       553    129      603
  SINCE JAN 1   2853                      2460    393     2684
..................................................................


WIND (MPH)
  HIGHEST WIND SPEED     9   HIGHEST WIND DIRECTION     N (360)
  HIGHEST GUST SPEED    16   HIGHEST GUST DIRECTION    NE (60)
  AVERAGE WIND SPEED     3.8


SKY COVER
  POSSIBLE SUNSHINE  MM
  AVERAGE SKY COVER 1.0


WEATHER CONDITIONS
 THE FOLLOWING WEATHER WAS RECORDED YESTERDAY.
  LIGHT RAIN
  FOG


RELATIVE HUMIDITY (PERCENT)
 HIGHEST    93           600 AM
 LOWEST     83          1000 PM
 AVERAGE    88

..........................................................


THE ALMA CLIMATE NORMALS FOR TODAY
                         NORMAL    RECORD    YEAR
 MAXIMUM TEMPERATURE (F)   69        83      1986
 MINIMUM TEMPERATURE (F)   46        20      1970


SUNRISE AND SUNSET
NOVEMBER 24 2017......SUNRISE   706 AM EST   SUNSET   527 PM EST
NOVEMBER 25 2017......SUNRISE   707 AM EST   SUNSET   527 PM EST


-  INDICATES NEGATIVE NUMBERS.
R  INDICATES RECORD WAS SET OR TIED.
MM INDICATES DATA IS MISSING.
T  INDICATES TRACE AMOUNT.




$$
