000
CDUS42 KJAX 280537
CLIAMG


CLIMATE REPORT
NATIONAL WEATHER SERVICE JACKSONVILLE FL
136 AM EDT THU MAY 28 2015


...................................

...THE ALMA CLIMATE SUMMARY FOR MAY 27 2015...

CLIMATE NORMAL PERIOD 1981 TO 2010
CLIMATE RECORD PERIOD 1948 TO 2015


WEATHER ITEM   OBSERVED TIME   RECORD YEAR NORMAL DEPARTURE LAST
                VALUE   (LST)  VALUE       VALUE  FROM      YEAR
                                                  NORMAL
..................................................................
TEMPERATURE (F)
 YESTERDAY
  MAXIMUM         89        MM  99    1967  88      1       88
  MINIMUM         67        MM  49    1979  65      2       66
  AVERAGE         78                        76      2       77

PRECIPITATION (IN)
  YESTERDAY        0.00          1.65 1973   0.10  -0.10     0.00
  MONTH TO DATE    1.28                      2.04  -0.76     2.29
  SINCE MAR 1      7.44                      9.60  -2.16    13.17
  SINCE JAN 1     13.27                     17.66  -4.39    16.69

SNOWFALL (IN)
  YESTERDAY        0.0           0.0    MM   0.0    0.0      0.0
  MONTH TO DATE    0.0                       0.0    0.0      0.0
  SINCE MAR 1      0.0                       0.0    0.0      0.0
  SINCE JUL 1      0.0                       0.1   -0.1       T
  SNOW DEPTH       0

DEGREE DAYS
 HEATING
  YESTERDAY        0                         0      0        0
  MONTH TO DATE    4                         3      1        3
  SINCE MAR 1    145                       255   -110      340
  SINCE JUL 1   1820                      1656    164     1807

 COOLING
  YESTERDAY       13                        12      1       12
  MONTH TO DATE  254                       227     27      229
  SINCE MAR 1    478                       365    113      323
  SINCE JAN 1    481                       381    100      331
..................................................................


WIND (MPH)
  HIGHEST WIND SPEED    10   HIGHEST WIND DIRECTION     E (110)
  HIGHEST GUST SPEED    MM   HIGHEST GUST DIRECTION    MM
  AVERAGE WIND SPEED     4.7


SKY COVER
  POSSIBLE SUNSHINE  MM
  AVERAGE SKY COVER 0.4


WEATHER CONDITIONS
 THE FOLLOWING WEATHER WAS RECORDED YESTERDAY.
  FOG


RELATIVE HUMIDITY (PERCENT)
 HIGHEST   100          1200 AM
 LOWEST     46           300 PM
 AVERAGE    73

..........................................................


THE ALMA CLIMATE NORMALS FOR TODAY
                         NORMAL    RECORD    YEAR
 MAXIMUM TEMPERATURE (F)   88       100      1967
 MINIMUM TEMPERATURE (F)   65        46      1961


SUNRISE AND SUNSET
MAY 28 2015...........SUNRISE   627 AM EDT   SUNSET   828 PM EDT
MAY 29 2015...........SUNRISE   627 AM EDT   SUNSET   828 PM EDT


-  INDICATES NEGATIVE NUMBERS.
R  INDICATES RECORD WAS SET OR TIED.
MM INDICATES DATA IS MISSING.
T  INDICATES TRACE AMOUNT.




$$
