000
CDUS42 KJAX 200536
CLIAMG


CLIMATE REPORT
NATIONAL WEATHER SERVICE JACKSONVILLE FL
1234 AM EST SAT DEC 20 2014


...................................

...THE ALMA CLIMATE SUMMARY FOR DECEMBER 19 2014...

CLIMATE NORMAL PERIOD 1981 TO 2010
CLIMATE RECORD PERIOD 1948 TO 2014


WEATHER ITEM   OBSERVED TIME   RECORD YEAR NORMAL DEPARTURE LAST
                VALUE   (LST)  VALUE       VALUE  FROM      YEAR
                                                  NORMAL
..................................................................
TEMPERATURE (F)
 YESTERDAY
  MAXIMUM         66    325 PM  80    1967  63      3       68
  MINIMUM         41    501 AM  15    1953  41      0       30
  AVERAGE         54                        52      2       49

PRECIPITATION (IN)
  YESTERDAY        T             2.63 1965   0.11  -0.11     0.00
  MONTH TO DATE    T                         1.90  -1.90     1.79
  SINCE DEC 1      T                         1.90  -1.90     1.79
  SINCE JAN 1     37.85                     45.26  -7.41    51.43

SNOWFALL (IN)
  YESTERDAY        0.0           0.0    MM   0.0    0.0      0.0
  MONTH TO DATE    0.0                       0.0    0.0      0.0
  SINCE DEC 1      0.0                       0.0    0.0      0.0
  SINCE JUL 1      0.0                       0.0    0.0      0.0
  SNOW DEPTH       0

DEGREE DAYS
 HEATING
  YESTERDAY       11                        13     -2       16
  MONTH TO DATE  207                       223    -16      165
  SINCE DEC 1    207                       223    -16      165
  SINCE JUL 1    605                       467    138      440

 COOLING
  YESTERDAY        0                         0      0        0
  MONTH TO DATE    0                         7     -7       18
  SINCE DEC 1      0                         7     -7       18
  SINCE JAN 1   2439                      2472    -33     2338
..................................................................


WIND (MPH)
  HIGHEST WIND SPEED     8   HIGHEST WIND DIRECTION     N (340)
  HIGHEST GUST SPEED    10   HIGHEST GUST DIRECTION     N (340)
  AVERAGE WIND SPEED     2.3


SKY COVER
  POSSIBLE SUNSHINE  MM
  AVERAGE SKY COVER 0.2


WEATHER CONDITIONS
 THE FOLLOWING WEATHER WAS RECORDED YESTERDAY.
  NO SIGNIFICANT WEATHER WAS OBSERVED.


RELATIVE HUMIDITY (PERCENT)
 HIGHEST    89           100 AM
 LOWEST     31           300 PM
 AVERAGE    60

..........................................................


THE ALMA CLIMATE NORMALS FOR TODAY
                         NORMAL    RECORD    YEAR
 MAXIMUM TEMPERATURE (F)   62        82      1967
 MINIMUM TEMPERATURE (F)   41        16      1981


SUNRISE AND SUNSET
DECEMBER 20 2014......SUNRISE   725 AM EST   SUNSET   530 PM EST
DECEMBER 21 2014......SUNRISE   725 AM EST   SUNSET   531 PM EST


-  INDICATES NEGATIVE NUMBERS.
R  INDICATES RECORD WAS SET OR TIED.
MM INDICATES DATA IS MISSING.
T  INDICATES TRACE AMOUNT.




$$
