000
CDUS44 KBMX 232214
CLIANB


CLIMATE REPORT
NATIONAL WEATHER SERVICE BIRMINGHAM, AL
513 PM CDT WED AUG 23 2017


...................................

...THE ANNISTON CLIMATE SUMMARY FOR AUGUST 23 2017...
VALID TODAY AS OF 0500 PM LOCAL TIME.

CLIMATE NORMAL PERIOD 1981 TO 2010
CLIMATE RECORD PERIOD 1903 TO 2017


WEATHER ITEM   OBSERVED RECORD YEAR NORMAL DEPARTURE LAST
                VALUE   VALUE       VALUE  FROM      YEAR
                                           NORMAL
...........................................................
TEMPERATURE (F)
 TODAY
  MAXIMUM         89    103    2007  89      0       93
  MINIMUM         71     53    1931  69      2       70
  AVERAGE         80

PRECIPITATION (IN)
  TODAY            0.00   1.04 2015   0.11  -0.11     0.00
  MONTH TO DATE    4.22               2.50   1.72     1.56
  SINCE JUN 1     16.89              11.20   5.69     6.14
  SINCE JAN 1     42.81              34.13   8.68    25.86

DEGREE DAYS
 COOLING
  TODAY           15                 14      1       17
  MONTH TO DATE  343                342      1      401
  SINCE JUN 1   1157               1166     -9     1390
  SINCE JAN 1   1477               1406     71     1670
...........................................................


WIND (MPH)
  HIGHEST WIND SPEED    10   HIGHEST WIND DIRECTION    NW (300)
  HIGHEST GUST SPEED    14   HIGHEST GUST DIRECTION    NW (320)
  AVERAGE WIND SPEED     3.7


SKY COVER
  AVERAGE SKY COVER 0.2


WEATHER CONDITIONS
 THE FOLLOWING WEATHER WAS RECORDED TODAY.
  FOG


RELATIVE HUMIDITY (PERCENT)
 HIGHEST   100
 LOWEST     53
 AVERAGE    77

..........................................................


THE ANNISTON CLIMATE NORMALS FOR TOMORROW
                         NORMAL    RECORD    YEAR
 MAXIMUM TEMPERATURE (F)   89       103      1983
 MINIMUM TEMPERATURE (F)   69        54      1931


SUNRISE AND SUNSET
AUGUST 23 2017........SUNRISE   611 AM CDT   SUNSET   720 PM CDT
AUGUST 24 2017........SUNRISE   612 AM CDT   SUNSET   719 PM CDT


-  INDICATES NEGATIVE NUMBERS.
R  INDICATES RECORD WAS SET OR TIED.
MM INDICATES DATA IS MISSING.
T  INDICATES TRACE AMOUNT.




$$
