000
CDUS44 KBMX 192142
CLIANB


CLIMATE REPORT
NATIONAL WEATHER SERVICE BIRMINGHAM, AL
438 PM CDT FRI SEP 19 2014


...................................

...THE ANNISTON CLIMATE SUMMARY FOR SEPTEMBER 19 2014...
VALID AS OF 0400 PM LOCAL TIME.

CLIMATE NORMAL PERIOD 1981 TO 2010
CLIMATE RECORD PERIOD 1903 TO 2014


WEATHER ITEM   OBSERVED TIME   RECORD YEAR NORMAL DEPARTURE LAST
                VALUE   (LST)  VALUE       VALUE  FROM      YEAR
                                                  NORMAL
..................................................................
TEMPERATURE (F)
 TODAY
  MAXIMUM         85   1106 AM  99    1954  83      2       86
  MINIMUM         68    634 AM  42    1981  62      6       65
  AVERAGE         77

PRECIPITATION (IN)
  TODAY            0.09          1.62 2009   0.09   0.00     0.00
  MONTH TO DATE    1.48                      1.86  -0.38     1.77
  SINCE SEP 1      1.48                      1.86  -0.38     1.77
  SINCE JAN 1     34.12                     36.78  -2.66    59.55

DEGREE DAYS
 HEATING
  TODAY            0
  MONTH TO DATE    0
  SINCE SEP 1      0
  SINCE JUL 1      0
..................................................................


WIND (MPH)
  HIGHEST WIND SPEED    13   HIGHEST WIND DIRECTION     N (360)
  HIGHEST GUST SPEED    18   HIGHEST GUST DIRECTION     E (70)
  AVERAGE WIND SPEED     4.7


SKY COVER
  AVERAGE SKY COVER 0.5


WEATHER CONDITIONS
 THE FOLLOWING WEATHER WAS RECORDED TODAY.
  THUNDERSTORM
  LIGHT RAIN


RELATIVE HUMIDITY (PERCENT)
 HIGHEST    90
 LOWEST     58
 AVERAGE    74

..........................................................


THE ANNISTON CLIMATE NORMALS FOR TOMORROW
                         NORMAL    RECORD    YEAR
 MAXIMUM TEMPERATURE (F)   83       101      1931
 MINIMUM TEMPERATURE (F)   61        45      1981


SUNRISE AND SUNSET
SEPTEMBER 19 2014.....SUNRISE   629 AM CDT   SUNSET   644 PM CDT
SEPTEMBER 20 2014.....SUNRISE   630 AM CDT   SUNSET   643 PM CDT


-  INDICATES NEGATIVE NUMBERS.
R  INDICATES RECORD WAS SET OR TIED.
MM INDICATES DATA IS MISSING.
T  INDICATES TRACE AMOUNT.




$$
