000
CDUS44 KBMX 240802
CLIANB


CLIMATE REPORT
NATIONAL WEATHER SERVICE BIRMINGHAM, AL
300 AM CDT SUN JUL 24 2016


...................................

...THE ANNISTON CLIMATE SUMMARY FOR JULY 23 2016...

CLIMATE NORMAL PERIOD 1981 TO 2010
CLIMATE RECORD PERIOD 1903 TO 2016


WEATHER ITEM   OBSERVED TIME   RECORD YEAR NORMAL DEPARTURE LAST
                VALUE   (LST)  VALUE       VALUE  FROM      YEAR
                                                  NORMAL
..................................................................
TEMPERATURE (F)
 YESTERDAY
  MAXIMUM         92   1202 PM 104    1952  90      2       85
  MINIMUM         75   1159 PM  54    1947  70      5       73
  AVERAGE         84                        80      4       79

PRECIPITATION (IN)
  YESTERDAY        0.13          2.13 2013   0.15  -0.02     0.47
  MONTH TO DATE    2.12                      3.46  -1.34     4.03
  SINCE JUN 1      3.68                      7.54  -3.86     6.66
  SINCE JAN 1     23.40                     30.47  -7.07    31.18

..................................................................


WIND (MPH)
  HIGHEST WIND SPEED    17   HIGHEST WIND DIRECTION     W (260)
  HIGHEST GUST SPEED    22   HIGHEST GUST DIRECTION     W (260)
  AVERAGE WIND SPEED     3.5


SKY COVER
  AVERAGE SKY COVER 0.2


WEATHER CONDITIONS
 THE FOLLOWING WEATHER WAS RECORDED YESTERDAY.
  THUNDERSTORM
  RAIN
  LIGHT RAIN
  FOG


RELATIVE HUMIDITY (PERCENT)
 HIGHEST    94
 LOWEST     56
 AVERAGE    75

..........................................................


THE ANNISTON CLIMATE NORMALS FOR TODAY
                         NORMAL    RECORD    YEAR
 MAXIMUM TEMPERATURE (F)   90       104      1952
 MINIMUM TEMPERATURE (F)   70        58      1904


SUNRISE AND SUNSET
JULY 24 2016..........SUNRISE   550 AM CDT   SUNSET   749 PM CDT
JULY 25 2016..........SUNRISE   551 AM CDT   SUNSET   748 PM CDT


-  INDICATES NEGATIVE NUMBERS.
R  INDICATES RECORD WAS SET OR TIED.
MM INDICATES DATA IS MISSING.
T  INDICATES TRACE AMOUNT.




$$
