000
CDUS44 KBMX 280734
CLIANB


CLIMATE REPORT
NATIONAL WEATHER SERVICE BIRMINGHAM, AL
234 AM CDT FRI APR 28 2017


...................................

...THE ANNISTON CLIMATE SUMMARY FOR APRIL 27 2017...

CLIMATE NORMAL PERIOD 1981 TO 2010
CLIMATE RECORD PERIOD 1903 TO 2017


WEATHER ITEM   OBSERVED TIME   RECORD YEAR NORMAL DEPARTURE LAST
                VALUE   (LST)  VALUE       VALUE  FROM      YEAR
                                                  NORMAL
..................................................................
TEMPERATURE (F)
 YESTERDAY
  MAXIMUM         81    339 PM  90    1986  77      4       82
  MINIMUM         59   1159 PM  38    1977  53      6       62
  AVERAGE         70                        65      5       72

PRECIPITATION (IN)
  YESTERDAY        0.05          2.31 1966   0.14  -0.09      T
  MONTH TO DATE    5.36                      3.71   1.65     3.01
  SINCE MAR 1      9.61                      8.67   0.94     6.30
  SINCE JAN 1     20.13                     18.27   1.86    15.14

SNOWFALL (IN)
  YESTERDAY        0.0                       0.0             0.0
  MONTH TO DATE    0.0                       0.2             0.0
  SINCE MAR 1      0.0                       0.9             0.0
  SINCE JUL 1      0.0                       2.0              T

DEGREE DAYS
 HEATING
  YESTERDAY        0
  MONTH TO DATE   51
  SINCE MAR 1    326
  SINCE JUL 1   1799
..................................................................


WIND (MPH)
  HIGHEST WIND SPEED    17   HIGHEST WIND DIRECTION    SW (230)
  HIGHEST GUST SPEED    26   HIGHEST GUST DIRECTION    SE (140)
  AVERAGE WIND SPEED     7.5


SKY COVER
  AVERAGE SKY COVER 0.5


WEATHER CONDITIONS
 THE FOLLOWING WEATHER WAS RECORDED YESTERDAY.
  THUNDERSTORM
  LIGHT RAIN


RELATIVE HUMIDITY (PERCENT)
 HIGHEST    97
 LOWEST     45
 AVERAGE    71

..........................................................


THE ANNISTON CLIMATE NORMALS FOR TODAY
                         NORMAL    RECORD    YEAR
 MAXIMUM TEMPERATURE (F)   77        89      1981
 MINIMUM TEMPERATURE (F)   53        34      1967


SUNRISE AND SUNSET
APRIL 28 2017.........SUNRISE   558 AM CDT   SUNSET   724 PM CDT
APRIL 29 2017.........SUNRISE   557 AM CDT   SUNSET   725 PM CDT


-  INDICATES NEGATIVE NUMBERS.
R  INDICATES RECORD WAS SET OR TIED.
MM INDICATES DATA IS MISSING.
T  INDICATES TRACE AMOUNT.




$$
