000
CDUS44 KBMX 210859
CLIANB


CLIMATE REPORT
NATIONAL WEATHER SERVICE BIRMINGHAM, AL
238 AM CST SUN DEC 21 2014


...................................

...THE ANNISTON CLIMATE SUMMARY FOR DECEMBER 20 2014...

CLIMATE NORMAL PERIOD 1981 TO 2010
CLIMATE RECORD PERIOD 1903 TO 2014


WEATHER ITEM   OBSERVED TIME   RECORD YEAR NORMAL DEPARTURE LAST
                VALUE   (LST)  VALUE       VALUE  FROM      YEAR
                                                  NORMAL
..................................................................
TEMPERATURE (F)
 YESTERDAY
  MAXIMUM         49    530 PM  76    1967  55     -6       68
  MINIMUM         41    538 AM  10    1981  35      6       38
  AVERAGE         45                        45      0       53

PRECIPITATION (IN)
  YESTERDAY        0.11          4.11 1951   0.12  -0.01      T
  MONTH TO DATE    1.72                      2.77  -1.05     5.13
  SINCE DEC 1      1.72                      2.77  -1.05     5.13
  SINCE JAN 1     44.99                     48.32  -3.33    71.19

SNOWFALL (IN)
  YESTERDAY        0.0                       0.0             0.0
  MONTH TO DATE    0.0                       0.0             0.0
  SINCE DEC 1      0.0                       0.0             0.0
  SINCE JUL 1      0.0                       0.0             0.0

DEGREE DAYS
 HEATING
  YESTERDAY       20
  MONTH TO DATE  331
  SINCE DEC 1    331
  SINCE JUL 1    959
..................................................................


WIND (MPH)
  HIGHEST WIND SPEED     7   HIGHEST WIND DIRECTION    NE (30)
  HIGHEST GUST SPEED    10   HIGHEST GUST DIRECTION    NE (60)
  AVERAGE WIND SPEED     2.0


SKY COVER
  AVERAGE SKY COVER 1.0


WEATHER CONDITIONS
 THE FOLLOWING WEATHER WAS RECORDED YESTERDAY.
  LIGHT RAIN
  FOG


RELATIVE HUMIDITY (PERCENT)
 HIGHEST    92
 LOWEST     77
 AVERAGE    85

..........................................................


THE ANNISTON CLIMATE NORMALS FOR TODAY
                         NORMAL    RECORD    YEAR
 MAXIMUM TEMPERATURE (F)   55        77      2013
 MINIMUM TEMPERATURE (F)   34        16      1945


SUNRISE AND SUNSET
DECEMBER 21 2014......SUNRISE   644 AM CST   SUNSET   439 PM CST
DECEMBER 22 2014......SUNRISE   644 AM CST   SUNSET   440 PM CST


-  INDICATES NEGATIVE NUMBERS.
R  INDICATES RECORD WAS SET OR TIED.
MM INDICATES DATA IS MISSING.
T  INDICATES TRACE AMOUNT.




$$
