000
CDUS44 KBMX 170837
CLIANB


CLIMATE REPORT
NATIONAL WEATHER SERVICE BIRMINGHAM, AL
235 AM CST TUE JAN 17 2017


...................................

...THE ANNISTON CLIMATE SUMMARY FOR JANUARY 16 2017...

CLIMATE NORMAL PERIOD 1981 TO 2010
CLIMATE RECORD PERIOD 1903 TO 2017


WEATHER ITEM   OBSERVED TIME   RECORD YEAR NORMAL DEPARTURE LAST
                VALUE   (LST)  VALUE       VALUE  FROM      YEAR
                                                  NORMAL
..................................................................
TEMPERATURE (F)
 YESTERDAY
  MAXIMUM         75R  1208 PM  75    1949  53     22       57
                                      2004
  MINIMUM         47    252 AM   8    1972  33     14       41
  AVERAGE         61                        43     18       49

PRECIPITATION (IN)
  YESTERDAY        0.00          1.08 1954   0.15  -0.15     0.00
  MONTH TO DATE    3.81                      2.14   1.67     0.96
  SINCE DEC 1      6.45                      6.26   0.19    10.25
  SINCE JAN 1      3.81                      2.14   1.67     0.96

SNOWFALL (IN)
  YESTERDAY        0.0                       0.1             0.0
  MONTH TO DATE    0.0                       0.3             0.0
  SINCE DEC 1      0.0                       0.3             0.0
  SINCE JUL 1      0.0                       0.3             0.0

DEGREE DAYS
 HEATING
  YESTERDAY        4
  MONTH TO DATE  233
  SINCE DEC 1    727
  SINCE JUL 1   1000
..................................................................


WIND (MPH)
  HIGHEST WIND SPEED    14   HIGHEST WIND DIRECTION    SW (210)
  HIGHEST GUST SPEED    18   HIGHEST GUST DIRECTION     S (160)
  AVERAGE WIND SPEED     3.5


SKY COVER
  AVERAGE SKY COVER 0.5


WEATHER CONDITIONS
 THE FOLLOWING WEATHER WAS RECORDED YESTERDAY.
  NO SIGNIFICANT WEATHER WAS OBSERVED.


RELATIVE HUMIDITY (PERCENT)
 HIGHEST    93
 LOWEST     41
 AVERAGE    67

..........................................................


THE ANNISTON CLIMATE NORMALS FOR TODAY
                         NORMAL    RECORD    YEAR
 MAXIMUM TEMPERATURE (F)   54        74      1953
 MINIMUM TEMPERATURE (F)   33         2      1982


SUNRISE AND SUNSET
JANUARY 17 2017.......SUNRISE   647 AM CST   SUNSET   500 PM CST
JANUARY 18 2017.......SUNRISE   647 AM CST   SUNSET   501 PM CST


-  INDICATES NEGATIVE NUMBERS.
R  INDICATES RECORD WAS SET OR TIED.
MM INDICATES DATA IS MISSING.
T  INDICATES TRACE AMOUNT.




$$
