000
CDUS44 KBMX 070839
CLIANB


CLIMATE REPORT
NATIONAL WEATHER SERVICE BIRMINGHAM, AL
237 AM CST WED DEC 7 2016


...................................

...THE ANNISTON CLIMATE SUMMARY FOR DECEMBER 6 2016...

CLIMATE NORMAL PERIOD 1981 TO 2010
CLIMATE RECORD PERIOD 1903 TO 2016


WEATHER ITEM   OBSERVED TIME   RECORD YEAR NORMAL DEPARTURE LAST
                VALUE   (LST)  VALUE       VALUE  FROM      YEAR
                                                  NORMAL
..................................................................
TEMPERATURE (F)
 YESTERDAY
  MAXIMUM         64   1035 AM  78    2013  58      6       66
                                      1998
  MINIMUM         51    945 PM  21    1962  37     14       42
  AVERAGE         58                        47     11       54

PRECIPITATION (IN)
  YESTERDAY        0.41          2.12 1971   0.14   0.27     0.00
  MONTH TO DATE    1.41                      0.91   0.50     1.79
  SINCE DEC 1      1.41                      0.91   0.50     1.79
  SINCE JAN 1     30.90                     46.46 -15.56    52.09

SNOWFALL (IN)
  YESTERDAY        0.0                       0.0             0.0
  MONTH TO DATE    0.0                       0.0             0.0
  SINCE DEC 1      0.0                       0.0             0.0
  SINCE JUL 1      0.0                       0.0             0.0

DEGREE DAYS
 HEATING
  YESTERDAY        7
  MONTH TO DATE   93
  SINCE DEC 1     93
  SINCE JUL 1    366
..................................................................


WIND (MPH)
  HIGHEST WIND SPEED    20   HIGHEST WIND DIRECTION     W (250)
  HIGHEST GUST SPEED    29   HIGHEST GUST DIRECTION    SW (240)
  AVERAGE WIND SPEED     9.0


SKY COVER
  AVERAGE SKY COVER 1.0


WEATHER CONDITIONS
 THE FOLLOWING WEATHER WAS RECORDED YESTERDAY.
  THUNDERSTORM
  RAIN
  LIGHT RAIN
  FOG


RELATIVE HUMIDITY (PERCENT)
 HIGHEST    93
 LOWEST     75
 AVERAGE    84

..........................................................


THE ANNISTON CLIMATE NORMALS FOR TODAY
                         NORMAL    RECORD    YEAR
 MAXIMUM TEMPERATURE (F)   58        80      1951
 MINIMUM TEMPERATURE (F)   37        17      1984


SUNRISE AND SUNSET
DECEMBER  7 2016......SUNRISE   635 AM CST   SUNSET   435 PM CST
DECEMBER  8 2016......SUNRISE   636 AM CST   SUNSET   435 PM CST


-  INDICATES NEGATIVE NUMBERS.
R  INDICATES RECORD WAS SET OR TIED.
MM INDICATES DATA IS MISSING.
T  INDICATES TRACE AMOUNT.




$$
