000
CDUS44 KBMX 050839
CLIANB


CLIMATE REPORT
NATIONAL WEATHER SERVICE BIRMINGHAM, AL
339 AM CDT THU MAY 5 2016


...................................

...THE ANNISTON CLIMATE SUMMARY FOR MAY 4 2016...

CLIMATE NORMAL PERIOD 1981 TO 2010
CLIMATE RECORD PERIOD 1903 TO 2016


WEATHER ITEM   OBSERVED TIME   RECORD YEAR NORMAL DEPARTURE LAST
                VALUE   (LST)  VALUE       VALUE  FROM      YEAR
                                                  NORMAL
..................................................................
TEMPERATURE (F)
 YESTERDAY
  MAXIMUM         73    220 PM  91    1955  78     -5       83
  MINIMUM         51    529 AM  35    1971  55     -4       51
  AVERAGE         62                        67     -5       67

PRECIPITATION (IN)
  YESTERDAY        0.08          2.75 2009   0.14  -0.06     0.00
  MONTH TO DATE    3.33                      0.57   2.76     0.00
  SINCE MAR 1      9.72                      9.64   0.08    13.83
  SINCE JAN 1     18.56                     19.24  -0.68    21.99

..................................................................


WIND (MPH)
  HIGHEST WIND SPEED    26   HIGHEST WIND DIRECTION     N (360)
  HIGHEST GUST SPEED    32   HIGHEST GUST DIRECTION     N (360)
  AVERAGE WIND SPEED     6.5


SKY COVER
  AVERAGE SKY COVER 0.3


WEATHER CONDITIONS
 THE FOLLOWING WEATHER WAS RECORDED YESTERDAY.
  LIGHT RAIN
  FOG


RELATIVE HUMIDITY (PERCENT)
 HIGHEST    93
 LOWEST     35
 AVERAGE    64

..........................................................


THE ANNISTON CLIMATE NORMALS FOR TODAY
                         NORMAL    RECORD    YEAR
 MAXIMUM TEMPERATURE (F)   79        92      1959
 MINIMUM TEMPERATURE (F)   55        39      2011
                                             1973


SUNRISE AND SUNSET
MAY  5 2016...........SUNRISE   551 AM CDT   SUNSET   730 PM CDT
MAY  6 2016...........SUNRISE   550 AM CDT   SUNSET   731 PM CDT


-  INDICATES NEGATIVE NUMBERS.
R  INDICATES RECORD WAS SET OR TIED.
MM INDICATES DATA IS MISSING.
T  INDICATES TRACE AMOUNT.




$$
