000
CDAK48 PAFC 301247
CLIANC

CLIMATE REPORT
NATIONAL WEATHER SERVICE ANCHORAGE, AK
447 AM AKDT MON MAR 30 2015


...................................

...THE ANCHORAGE AK CLIMATE SUMMARY FOR MARCH 29 2015...

CLIMATE NORMAL PERIOD 1981 TO 2010
CLIMATE RECORD PERIOD 1952 TO 2015


WEATHER ITEM   OBSERVED RECORD YEAR NORMAL DEPARTURE LAST
                VALUE   VALUE       VALUE  FROM      YEAR
                                           NORMAL
...........................................................
TEMPERATURE (F)
 YESTERDAY
  MAXIMUM         42     48    1995  38      4       38
  MINIMUM         31      7    1972  23      8       18
  AVERAGE         37                 30      7       28

PRECIPITATION (IN)
  YESTERDAY        0.00   0.15 2001   0.02  -0.02
  MONTH TO DATE    0.77               0.57   0.20
  SINCE MAR 1      0.77               0.57   0.20
  SINCE JAN 1      1.85               2.02  -0.17

SNOWFALL (IN)
  YESTERDAY        0.0    3.4  2001   0.3   -0.3
  MONTH TO DATE    0.2                9.4   -9.2
  SINCE MAR 1      0.2                9.4   -9.2
  SINCE JUL 1     20.7               69.7  -49.0
  SNOW DEPTH       0

DEGREE DAYS
 HEATING
  YESTERDAY       28                        -7
  MONTH TO DATE 1037                       -87
  SINCE MAR 1   1037                       -87
  SINCE JUL 1   7389                     -1064

 COOLING
  YESTERDAY        0                         0
  MONTH TO DATE    0                         0
  SINCE MAR 1      0                         0
  SINCE JAN 1      0                         0
...........................................................


WIND (MPH)
  HIGHEST WIND SPEED     8   HIGHEST WIND DIRECTION    SE (120)
  HIGHEST GUST SPEED    MM   HIGHEST GUST DIRECTION    MM
  AVERAGE WIND SPEED     2.9




RELATIVE HUMIDITY (PERCENT)
 HIGHEST    70
 LOWEST     43
 AVERAGE    57

..........................................................


THE ANCHORAGE AK CLIMATE NORMALS FOR TODAY
                         NORMAL    RECORD    YEAR
 MAXIMUM TEMPERATURE (F)   38        49      1995
 MINIMUM TEMPERATURE (F)   23         2      2004
                                             1972


SUNRISE AND SUNSET
MARCH 30 2015.........SUNRISE   730 AM AKDT  SUNSET   841 PM AKDT
MARCH 31 2015.........SUNRISE   727 AM AKDT  SUNSET   843 PM AKDT

CIVIL TWILIGHT
MARCH 30 2015           START   646 AM AKDT     END   926 PM AKDT
MARCH 31 2015           START   643 AM AKDT     END   928 PM AKDT



-  INDICATES NEGATIVE NUMBERS.
R  INDICATES RECORD WAS SET OR TIED.
MM INDICATES DATA IS MISSING.
T  INDICATES TRACE AMOUNT.




$$
&&
------------------------------------------------------
AMOUNT OF DAYLIGHT TODAY  (HOUR:MIN)........13:11
GAIN/LOSS SINCE YESTERDAY (HOUR:MIN:SEC)....+0:05:44
