000
CDAK48 PAFC 231315
CLIANC

CLIMATE REPORT
NATIONAL WEATHER SERVICE ANCHORAGE, AK
414 AM AKST MON JAN 23 2017


...................................

...THE ANCHORAGE AK CLIMATE SUMMARY FOR JANUARY 22 2017...

CLIMATE NORMAL PERIOD 1981 TO 2010
CLIMATE RECORD PERIOD 1952 TO 2017


WEATHER ITEM   OBSERVED TIME   RECORD YEAR NORMAL DEPARTURE LAST
                VALUE   (LST)  VALUE       VALUE  FROM      YEAR
                                                  NORMAL
..................................................................
TEMPERATURE (F)
 YESTERDAY
  MAXIMUM         15    108 PM  44    1991  23     -8       26
  MINIMUM          2   1159 PM -25    1989  11     -9       19
  AVERAGE          9                        17     -8       23

PRECIPITATION (IN)
  YESTERDAY        T             0.29 1990   0.02  -0.02
  MONTH TO DATE    1.31                      0.51   0.80
  SINCE DEC 1      2.78                      1.62   1.16
  SINCE JAN 1      1.31                      0.51   0.80

SNOWFALL (IN)
  YESTERDAY        0.5           4.8  1990   0.3    0.2      0.0
  MONTH TO DATE   23.8                       7.9   15.9      3.5
  SINCE DEC 1     40.7                      24.6   16.1      6.1
  SINCE JUL 1     44.6                      46.0   -1.4     25.8
  SNOW DEPTH      25

DEGREE DAYS
 HEATING
  YESTERDAY       56                                8
  MONTH TO DATE 1237                              184
  SINCE DEC 1   2746                              267
  SINCE JUL 1   5399                             -244

 COOLING
  YESTERDAY        0                                0
  MONTH TO DATE    0                                0
  SINCE DEC 1      0                                0
  SINCE JAN 1      0                                0
..................................................................


WIND (MPH)
  HIGHEST WIND SPEED     8   HIGHEST WIND DIRECTION    NE (50)
  HIGHEST GUST SPEED    11   HIGHEST GUST DIRECTION     N (340)
  AVERAGE WIND SPEED     3.2




RELATIVE HUMIDITY (PERCENT)
 HIGHEST    92
 LOWEST     83
 AVERAGE    88

..........................................................


THE ANCHORAGE AK CLIMATE NORMALS FOR TODAY
                         NORMAL    RECORD    YEAR
 MAXIMUM TEMPERATURE (F)   23        48      2014
                                             1977
 MINIMUM TEMPERATURE (F)   11       -24      1973


SUNRISE AND SUNSET
JANUARY 23 2017.......SUNRISE   940 AM AKST  SUNSET   445 PM AKST
JANUARY 24 2017.......SUNRISE   938 AM AKST  SUNSET   447 PM AKST

CIVIL TWILIGHT
JANUARY 23 2017         START    848 AM GMT     END    538 PM GMT
JANUARY 24 2017         START    846 AM GMT     END    540 PM GMT



-  INDICATES NEGATIVE NUMBERS.
R  INDICATES RECORD WAS SET OR TIED.
MM INDICATES DATA IS MISSING.
T  INDICATES TRACE AMOUNT.




$$
&&
------------------------------------------------------
AMOUNT OF DAYLIGHT TODAY  (HOUR:MIN)........ 7:05
GAIN/LOSS SINCE YESTERDAY (HOUR:MIN:SEC)....+0:04:50

$$
