000
CDAK48 PAFC 031231
CLIANC

CLIMATE REPORT
NATIONAL WEATHER SERVICE ANCHORAGE, AK
431 AM AKDT FRI JUL 3 2015


...................................

...THE ANCHORAGE AK CLIMATE SUMMARY FOR JULY 2 2015...

CLIMATE NORMAL PERIOD 1981 TO 2010
CLIMATE RECORD PERIOD 1952 TO 2015


WEATHER ITEM   OBSERVED RECORD YEAR NORMAL DEPARTURE LAST
                VALUE   VALUE       VALUE  FROM      YEAR
                                           NORMAL
...........................................................
TEMPERATURE (F)
 YESTERDAY
  MAXIMUM         62     82    1989  65     -3       72
  MINIMUM         52     42    1980  51      1       52
                               1960
  AVERAGE         57                 58     -1       62

PRECIPITATION (IN)
  YESTERDAY        T      0.53 2011   0.04  -0.04
  MONTH TO DATE    T                  0.08  -0.08
  SINCE JUN 1      0.93               1.05  -0.12
  SINCE JAN 1      3.99               4.29  -0.30

SNOWFALL (IN)
  YESTERDAY        0.0    0.0    MM   0.0    0.0
  MONTH TO DATE    0.0                0.0    0.0
  SINCE JUN 1      0.0                0.0    0.0
  SINCE JUL 1      0.0                0.0    0.0
  SNOW DEPTH       0

DEGREE DAYS
 HEATING
  YESTERDAY        8                         1
  MONTH TO DATE   15                         1
  SINCE JUN 1    188                      -119
  SINCE JUL 1     15                         1

 COOLING
  YESTERDAY        0                         0
  MONTH TO DATE    0                         0
  SINCE JUN 1     16                        16
  SINCE JAN 1     16                        16
...........................................................


WIND (MPH)
  HIGHEST WIND SPEED     6   HIGHEST WIND DIRECTION    NW (310)
  HIGHEST GUST SPEED    MM   HIGHEST GUST DIRECTION    MM
  AVERAGE WIND SPEED     2.9




RELATIVE HUMIDITY (PERCENT)
 HIGHEST    83
 LOWEST     60
 AVERAGE    72

..........................................................


THE ANCHORAGE AK CLIMATE NORMALS FOR TODAY
                         NORMAL    RECORD    YEAR
 MAXIMUM TEMPERATURE (F)   65        79      1979
 MINIMUM TEMPERATURE (F)   51        39      1982
                                             1954


SUNRISE AND SUNSET
JULY  3 2015..........SUNRISE   431 AM AKDT  SUNSET  1137 PM AKDT
JULY  4 2015..........SUNRISE   432 AM AKDT  SUNSET  1136 PM AKDT

CIVIL TWILIGHT
JULY 3 2015             START    **.** AKDT     END    **.** AKDT
JULY 4 2015             START    **.** AKDT     END    **.** AKDT



-  INDICATES NEGATIVE NUMBERS.
R  INDICATES RECORD WAS SET OR TIED.
MM INDICATES DATA IS MISSING.
T  INDICATES TRACE AMOUNT.




$$
&&
------------------------------------------------------
AMOUNT OF DAYLIGHT TODAY  (HOUR:MIN)........19:06
GAIN/LOSS SINCE YESTERDAY (HOUR:MIN:SEC)....-0:02:19
