000
CDAK48 PAFC 260047
CLIANC

CLIMATE REPORT
NATIONAL WEATHER SERVICE ANCHORAGE, AK
347 PM AKST SUN JAN 25 2015


...................................

...THE ANCHORAGE AK CLIMATE SUMMARY FOR JANUARY 25 2015...
VALID TODAY AS OF 0300 PM LOCAL TIME.

CLIMATE NORMAL PERIOD 1981 TO 2010
CLIMATE RECORD PERIOD 1952 TO 2015


WEATHER ITEM   OBSERVED RECORD YEAR NORMAL DEPARTURE LAST
                VALUE   VALUE       VALUE  FROM      YEAR
                                           NORMAL
...........................................................
TEMPERATURE (F)
 TODAY
  MAXIMUM         13     47    1981  23    -10       36
                               1977
  MINIMUM          3    -26    1973  11     -8       32
  AVERAGE          8                 17              34

PRECIPITATION (IN)
  TODAY            0.00   0.54 1977   0.02  -0.02     0.07
  MONTH TO DATE    0.31               0.58  -0.27     1.37
  SINCE DEC 1      0.99               1.69  -0.70     2.97
  SINCE JAN 1      0.31               0.58  -0.27     1.37

SNOWFALL (IN)
  TODAY            0.0    2.4  2008   0.3   -0.3      0.0
  MONTH TO DATE    4.9                9.0   -4.1      9.2
  SINCE DEC 1     12.4               25.7  -13.3     32.3
  SINCE JUL 1     18.4               47.1  -28.7     43.5
  SNOW DEPTH       9

DEGREE DAYS
 HEATING
  TODAY           57                 48      9       31
  MONTH TO DATE 1042               1197   -155      889
  SINCE DEC 1   2190               2623   -433     2438
  SINCE JUL 1   4905               5787   -882     5248

 COOLING
  TODAY            0                  0      0        0
  MONTH TO DATE    0                  0      0        0
  SINCE DEC 1      0                  0      0        0
  SINCE JAN 1      0                  0      0        0
...........................................................


WIND (MPH)
  RESULTANT WIND SPEED   7   RESULTANT WIND DIRECTION   N (10)
  HIGHEST WIND SPEED    15   HIGHEST WIND DIRECTION     N (360)
  HIGHEST GUST SPEED    23   HIGHEST GUST DIRECTION     N (360)
  AVERAGE WIND SPEED     8.1


SKY COVER
  POSSIBLE SUNSHINE  MM
  AVERAGE SKY COVER 0.4


WEATHER CONDITIONS
 THE FOLLOWING WEATHER WAS RECORDED TODAY.
  NO SIGNIFICANT WEATHER WAS OBSERVED.


RELATIVE HUMIDITY (PERCENT)
 HIGHEST    68          1000 AM
 LOWEST     46           100 AM
 AVERAGE    57

..........................................................


THE ANCHORAGE AK CLIMATE NORMALS FOR TOMORROW
                         NORMAL    RECORD    YEAR
 MAXIMUM TEMPERATURE (F)   23        46      2014
 MINIMUM TEMPERATURE (F)   11       -27      1973


SUNRISE AND SUNSET
JANUARY 25 2015.......SUNRISE   937 AM AKST  SUNSET   449 PM AKST
JANUARY 26 2015.......SUNRISE   935 AM AKST  SUNSET   451 PM AKST

CIVIL TWILIGHT
JANUARY 25 2015         START   845 AM AKST     END   541 PM AKST
JANUARY 26 2015         START   843 AM AKST     END   543 PM AKST



-  INDICATES NEGATIVE NUMBERS.
R  INDICATES RECORD WAS SET OR TIED.
MM INDICATES DATA IS MISSING.
T  INDICATES TRACE AMOUNT.




$$
&&
------------------------------------------------------
AMOUNT OF DAYLIGHT TODAY  (HOUR:MIN)........ 7:11
GAIN/LOSS SINCE YESTERDAY (HOUR:MIN:SEC)....+0:04:56
