000
CDAK48 PAFC 290112
CLIANC

CLIMATE REPORT
NATIONAL WEATHER SERVICE ANCHORAGE, AK
411 PM AKST FRI NOV 28 2014


...................................

...THE ANCHORAGE AK CLIMATE SUMMARY FOR NOVEMBER 28 2014...
VALID TODAY AS OF 0400 PM LOCAL TIME.

CLIMATE NORMAL PERIOD 1981 TO 2010
CLIMATE RECORD PERIOD 1915 TO 2014


WEATHER ITEM   OBSERVED RECORD YEAR NORMAL DEPARTURE LAST
                VALUE   VALUE       VALUE  FROM      YEAR
                                           NORMAL
...........................................................
TEMPERATURE (F)
 TODAY
  MAXIMUM         24     47    1976  26     -2       23
                               1956
  MINIMUM         21    -19    1948  14      7        3
  AVERAGE         23                 20              13

PRECIPITATION (IN)
  TODAY            0.00   0.60 2004   0.03  -0.03     0.00
  MONTH TO DATE    0.23               1.08  -0.85     1.94
  SINCE SEP 1      5.44               6.10  -0.66    11.01
  SINCE JAN 1     17.75              15.39   2.36    24.37

SNOWFALL (IN)
  TODAY            0.0    6.5  2003   0.5   -0.5      0.0
  MONTH TO DATE    0.1               12.0  -11.9     11.2
  SINCE SEP 1      3.9               20.3  -16.4     11.2
  SINCE JUL 1      3.9               20.3  -16.4     11.2
  SNOW DEPTH       T

DEGREE DAYS
 HEATING
  TODAY           42                 45     -3       52
  MONTH TO DATE  920               1193   -273     1158
  SINCE SEP 1   2282               2623   -341     2340
  SINCE JUL 1   2631               3073   -442     2681

 COOLING
  TODAY            0                  0      0        0
  MONTH TO DATE    0                  0      0        0
  SINCE SEP 1      0                  0      0        0
  SINCE JAN 1      3                  2      1       21
...........................................................


WIND (MPH)
  RESULTANT WIND SPEED   3   RESULTANT WIND DIRECTION  NE (40)
  HIGHEST WIND SPEED     6   HIGHEST WIND DIRECTION    NE (50)
  HIGHEST GUST SPEED    MM   HIGHEST GUST DIRECTION    MM
  AVERAGE WIND SPEED     3.5


SKY COVER
  POSSIBLE SUNSHINE  MM
  AVERAGE SKY COVER 1.0


WEATHER CONDITIONS
 THE FOLLOWING WEATHER WAS RECORDED TODAY.
  FOG


RELATIVE HUMIDITY (PERCENT)
 HIGHEST    92           100 AM
 LOWEST     74           100 PM
 AVERAGE    83

..........................................................


THE ANCHORAGE AK CLIMATE NORMALS FOR TOMORROW
                         NORMAL    RECORD    YEAR
 MAXIMUM TEMPERATURE (F)   25        46      1976
 MINIMUM TEMPERATURE (F)   14       -18      1927


SUNRISE AND SUNSET
NOVEMBER 28 2014......SUNRISE   939 AM AKST  SUNSET   357 PM AKST
NOVEMBER 29 2014......SUNRISE   941 AM AKST  SUNSET   355 PM AKST

CIVIL TWILIGHT
NOVEMBER 28 2014        START   843 AM AKST     END   454 PM AKST
NOVEMBER 29 2014        START   845 AM AKST     END   452 PM AKST



-  INDICATES NEGATIVE NUMBERS.
R  INDICATES RECORD WAS SET OR TIED.
MM INDICATES DATA IS MISSING.
T  INDICATES TRACE AMOUNT.




$$
&&
------------------------------------------------------
AMOUNT OF DAYLIGHT TODAY  (HOUR:MIN)........ 6:18
GAIN/LOSS SINCE YESTERDAY (HOUR:MIN:SEC)....-0:03:57

$$
