000
CDAK48 PAFC 092255
CLIANC


CLIMATE REPORT
NATIONAL WEATHER SERVICE ANCHORAGE, AK
255 PM AKDT WED JUL 9 2014


...................................

...THE ANCHORAGE AK CLIMATE SUMMARY FOR JULY 9 2014...
VALID TODAY AS OF 0200 PM LOCAL TIME.

CLIMATE NORMAL PERIOD 1981 TO 2010
CLIMATE RECORD PERIOD 1915 TO 2014


WEATHER ITEM   OBSERVED RECORD YEAR NORMAL DEPARTURE LAST
                VALUE   VALUE       VALUE  FROM      YEAR
                                           NORMAL
...........................................................
TEMPERATURE (F)
 TODAY
  MAXIMUM         61     79    2005  65     -4       65
  MINIMUM         52     44    2010  52      0       52
                               1990
                               1949
  AVERAGE         57                 59              59

PRECIPITATION (IN)
  TODAY            T      0.51 1939   0.05  -0.05     0.01
  MONTH TO DATE    0.13               0.41  -0.28     0.72
  SINCE JUN 1      3.46               1.38   2.08     1.18
  SINCE JAN 1      6.69               4.62   2.07     7.56

SNOWFALL (IN)
  TODAY            0.0    0.0    MM   0.0    0.0      0.0
  MONTH TO DATE    0.0                0.0    0.0      0.0
  SINCE JUN 1      0.0                0.0    0.0      0.0
  SINCE JUL 1      0.0                0.0    0.0      0.0
  SNOW DEPTH       0

DEGREE DAYS
 HEATING
  TODAY            8                  7      1        6
  MONTH TO DATE   34                 63    -29       83
  SINCE JUN 1    362                356      6      267
  SINCE JUL 1     34                 63    -29       83

 COOLING
  TODAY            0                  0      0        0
  MONTH TO DATE    3                  0      3        0
  SINCE JUN 1      3                  0      3        7
  SINCE JAN 1      3                  0      3        7
...........................................................


WIND (MPH)
  RESULTANT WIND SPEED   2   RESULTANT WIND DIRECTION   W (270)
  HIGHEST WIND SPEED     6   HIGHEST WIND DIRECTION     W (280)
  HIGHEST GUST SPEED    MM   HIGHEST GUST DIRECTION    MM
  AVERAGE WIND SPEED     2.2


SKY COVER
  POSSIBLE SUNSHINE  MM
  AVERAGE SKY COVER 0.8


WEATHER CONDITIONS
 THE FOLLOWING WEATHER WAS RECORDED TODAY.
  LIGHT RAIN


RELATIVE HUMIDITY (PERCENT)
 HIGHEST    83           400 AM
 LOWEST     67           700 AM
 AVERAGE    75

..........................................................


THE ANCHORAGE AK CLIMATE NORMALS FOR TOMORROW
                         NORMAL    RECORD    YEAR
 MAXIMUM TEMPERATURE (F)   65        82      1951
 MINIMUM TEMPERATURE (F)   52        37      1934


SUNRISE AND SUNSET
JULY  9 2014..........SUNRISE   441 AM AKDT  SUNSET  1129 PM AKDT
JULY 10 2014..........SUNRISE   443 AM AKDT  SUNSET  1127 PM AKDT


-  INDICATES NEGATIVE NUMBERS.
R  INDICATES RECORD WAS SET OR TIED.
MM INDICATES DATA IS MISSING.
T  INDICATES TRACE AMOUNT.




$$
