000
CDAK48 PAFC 291242
CLIANC

CLIMATE REPORT
NATIONAL WEATHER SERVICE ANCHORAGE, AK
442 AM AKDT TUE JUL 29 2014


...................................

...THE ANCHORAGE AK CLIMATE SUMMARY FOR JULY 28 2014...

CLIMATE NORMAL PERIOD 1981 TO 2010
CLIMATE RECORD PERIOD 1915 TO 2014


WEATHER ITEM   OBSERVED RECORD YEAR NORMAL DEPARTURE LAST
                VALUE   VALUE       VALUE  FROM      YEAR
                                           NORMAL
...........................................................
TEMPERATURE (F)
 YESTERDAY
  MAXIMUM         64     76    1993  66     -2       74
                               1987
                               1936
  MINIMUM         52     36    1917  53     -1       54
  AVERAGE         58                 59     -1       64

PRECIPITATION (IN)
  YESTERDAY        0.60   0.70 2000   0.07   0.53
  MONTH TO DATE    3.23               1.60   1.63
  SINCE JUN 1      6.56               2.57   3.99
  SINCE JAN 1      9.79               5.81   3.98

SNOWFALL (IN)
  YESTERDAY        0.0    0.0    MM   0.0    0.0
  MONTH TO DATE    0.0                0.0    0.0
  SINCE JUN 1      0.0                0.0    0.0
  SINCE JUL 1      0.0                0.0    0.0
  SNOW DEPTH       0

DEGREE DAYS
 HEATING
  YESTERDAY        7                         1
  MONTH TO DATE  142                       -35
  SINCE JUN 1    470                         0
  SINCE JUL 1    142                       -35

 COOLING
  YESTERDAY        0                         0
  MONTH TO DATE    3                         3
  SINCE JUN 1      3                         3
  SINCE JAN 1      3                         3
...........................................................


WIND (MPH)
  HIGHEST WIND SPEED    15   HIGHEST WIND DIRECTION    SE (140)
  HIGHEST GUST SPEED    24   HIGHEST GUST DIRECTION    SE (140)
  AVERAGE WIND SPEED     9.5




RELATIVE HUMIDITY (PERCENT)
 HIGHEST    93
 LOWEST     52
 AVERAGE    73

..........................................................


THE ANCHORAGE AK CLIMATE NORMALS FOR TODAY
                         NORMAL    RECORD    YEAR
 MAXIMUM TEMPERATURE (F)   66        79      1977
 MINIMUM TEMPERATURE (F)   53        39      1916


SUNRISE AND SUNSET
JULY 29 2014..........SUNRISE   526 AM AKDT  SUNSET  1046 PM AKDT
JULY 30 2014..........SUNRISE   528 AM AKDT  SUNSET  1043 PM AKDT

CIVIL TWILIGHT
JULY 29 2014            START   417 AM AKDT     END  1154 PM AKDT
JULY 30 2014            START   421 AM AKDT     END  1150 PM AKDT



-  INDICATES NEGATIVE NUMBERS.
R  INDICATES RECORD WAS SET OR TIED.
MM INDICATES DATA IS MISSING.
T  INDICATES TRACE AMOUNT.




$$
&&
------------------------------------------------------
AMOUNT OF DAYLIGHT TODAY  (HOUR:MIN)........17:20
GAIN/LOSS SINCE YESTERDAY (HOUR:MIN:SEC)....-0:05:04
