000
CDAK48 PAFC 221241
CLIANC

CLIMATE REPORT
NATIONAL WEATHER SERVICE ANCHORAGE, AK
440 AM AKDT FRI AUG 22 2014


...................................

...THE ANCHORAGE AK CLIMATE SUMMARY FOR AUGUST 21 2014...

CLIMATE NORMAL PERIOD 1981 TO 2010
CLIMATE RECORD PERIOD 1915 TO 2014


WEATHER ITEM   OBSERVED RECORD YEAR NORMAL DEPARTURE LAST
                VALUE   VALUE       VALUE  FROM      YEAR
                                           NORMAL
...........................................................
TEMPERATURE (F)
 YESTERDAY
  MAXIMUM         68     82    1977  63      5       56
  MINIMUM         54     36    1919  49      5       52
                               1918
  AVERAGE         61                 56      5       54

PRECIPITATION (IN)
  YESTERDAY        T      2.76 1997   0.11  -0.11
  MONTH TO DATE    0.80               2.09  -1.29
  SINCE JUN 1      7.36               4.89   2.47
  SINCE JAN 1     10.59               8.13   2.46

SNOWFALL (IN)
  YESTERDAY        0.0    0.0    MM   0.0    0.0
  MONTH TO DATE    0.0                0.0    0.0
  SINCE JUN 1      0.0                0.0    0.0
  SINCE JUL 1      0.0                0.0    0.0
  SNOW DEPTH       0

DEGREE DAYS
 HEATING
  YESTERDAY        4                        -5
  MONTH TO DATE  102                       -51
  SINCE JUN 1    584                       -56
  SINCE JUL 1    256                       -91

 COOLING
  YESTERDAY        0                         0
  MONTH TO DATE    0                         0
  SINCE JUN 1      3                         1
  SINCE JAN 1      3                         1
...........................................................


WIND (MPH)
  HIGHEST WIND SPEED     6   HIGHEST WIND DIRECTION     S (170)
  HIGHEST GUST SPEED    MM   HIGHEST GUST DIRECTION    MM
  AVERAGE WIND SPEED     2.6




RELATIVE HUMIDITY (PERCENT)
 HIGHEST    93
 LOWEST     53
 AVERAGE    73

..........................................................


THE ANCHORAGE AK CLIMATE NORMALS FOR TODAY
                         NORMAL    RECORD    YEAR
 MAXIMUM TEMPERATURE (F)   63        82      1923
 MINIMUM TEMPERATURE (F)   49        33      1916


SUNRISE AND SUNSET
AUGUST 22 2014........SUNRISE   627 AM AKDT  SUNSET   937 PM AKDT
AUGUST 23 2014........SUNRISE   630 AM AKDT  SUNSET   934 PM AKDT

CIVIL TWILIGHT
AUGUST 22 2014          START   537 AM AKDT     END  1027 PM AKDT
AUGUST 23 2014          START   540 AM AKDT     END  1024 PM AKDT



-  INDICATES NEGATIVE NUMBERS.
R  INDICATES RECORD WAS SET OR TIED.
MM INDICATES DATA IS MISSING.
T  INDICATES TRACE AMOUNT.




$$
&&
------------------------------------------------------
AMOUNT OF DAYLIGHT TODAY  (HOUR:MIN)........15:10
GAIN/LOSS SINCE YESTERDAY (HOUR:MIN:SEC)....-0:05:36
