000
CDUS43 KAPX 270537
CLIANJ


CLIMATE REPORT
NATIONAL WEATHER SERVICE GAYLORD MI
1237 AM EST THU NOV 27 2014


...................................

...THE SAULT STE MARIE MI CLIMATE SUMMARY FOR NOVEMBER 26 2014...

CLIMATE NORMAL PERIOD 1981 TO 2010
CLIMATE RECORD PERIOD 1888 TO 2014


WEATHER ITEM   OBSERVED TIME   RECORD YEAR NORMAL DEPARTURE LAST
                VALUE   (LST)  VALUE       VALUE  FROM      YEAR
                                                  NORMAL
..................................................................
TEMPERATURE (F)
 YESTERDAY
  MAXIMUM         27        MM  55    1960  36     -9       33
  MINIMUM         16        MM  -5    1936  24     -8       19
  AVERAGE         22                        30     -8       26

PRECIPITATION (IN)
  YESTERDAY        0.04          1.11 1979   0.11  -0.07     0.08
  MONTH TO DATE    6.56                      2.93   3.63     6.23
  SINCE SEP 1     18.15                     10.55   7.60    17.58
  SINCE JAN 1     37.07                     29.72   7.35    45.87

SNOWFALL (IN)
  YESTERDAY        1.7           8.0  2012   0.8    0.9      2.0
  MONTH TO DATE   62.5                      12.0   50.5     13.8
  SINCE OCT 1     62.5                      13.6   48.9     20.5
  SINCE JUL 1     62.5                      13.6   48.9     20.5
  SNOW DEPTH      13

DEGREE DAYS
 HEATING
  YESTERDAY       43                        35      8       39
  MONTH TO DATE  949                       782    167      793
  SINCE SEP 1   1806                      1640    166     1595
  SINCE JUL 1   1987                      1787    200     1711
..................................................................


WIND (MPH)
  HIGHEST WIND SPEED     9   HIGHEST WIND DIRECTION    SW (220)
  HIGHEST GUST SPEED    MM   HIGHEST GUST DIRECTION    MM
  AVERAGE WIND SPEED     4.4




RELATIVE HUMIDITY (PERCENT)
 HIGHEST    92
 LOWEST     74
 AVERAGE    83

..........................................................


THE SAULT STE MARIE MI CLIMATE NORMALS FOR TODAY
                         NORMAL    RECORD    YEAR
 MAXIMUM TEMPERATURE (F)   35        53      1896
 MINIMUM TEMPERATURE (F)   24        -5      1951


SUNRISE AND SUNSET
NOVEMBER 27 2014......SUNRISE   756 AM EST   SUNSET   454 PM EST
NOVEMBER 28 2014......SUNRISE   757 AM EST   SUNSET   454 PM EST


-  INDICATES NEGATIVE NUMBERS.
R  INDICATES RECORD WAS SET OR TIED.
MM INDICATES DATA IS MISSING.
T  INDICATES TRACE AMOUNT.




$$
