000
CDUS43 KAPX 190534
CLIANJ


CLIMATE REPORT
NATIONAL WEATHER SERVICE GAYLORD MI
1234 AM EST SUN NOV 19 2017


...................................

...THE SAULT STE MARIE MI CLIMATE SUMMARY FOR NOVEMBER 18 2017...

CLIMATE NORMAL PERIOD 1981 TO 2010
CLIMATE RECORD PERIOD 1888 TO 2017


WEATHER ITEM   OBSERVED TIME   RECORD YEAR NORMAL DEPARTURE LAST
                VALUE   (LST)  VALUE       VALUE  FROM      YEAR
                                                  NORMAL
..................................................................
TEMPERATURE (F)
 YESTERDAY
  MAXIMUM         39    140 PM  62    1953  39      0       59
  MINIMUM         33    338 AM   6    1959  27      6       49
                                      1936
  AVERAGE         36                        33      3       54

PRECIPITATION (IN)
  YESTERDAY        0.36          0.89 2003   0.12   0.24     0.02
  MONTH TO DATE    3.28                      2.03   1.25     0.41
  SINCE SEP 1     10.93                      9.65   1.28     8.52
  SINCE JAN 1     38.69                     28.82   9.87    28.60

SNOWFALL (IN)
  YESTERDAY        1.1           7.1  1968   0.5    0.6      0.0
  MONTH TO DATE    9.3                       6.8    2.5      0.0
  SINCE OCT 1     10.0                       8.4    1.6      0.0
  SINCE JUL 1     10.0                       8.4    1.6      0.0
  SNOW DEPTH       1

DEGREE DAYS
 HEATING
  YESTERDAY       29                        32     -3       11
  MONTH TO DATE  579                       513     66      319
  SINCE SEP 1   1129                      1371   -242      865
  SINCE JUL 1   1212                      1518   -306      900
..................................................................


WIND (MPH)
  HIGHEST WIND SPEED    15   HIGHEST WIND DIRECTION    NW (330)
  HIGHEST GUST SPEED    24   HIGHEST GUST DIRECTION     N (360)
  AVERAGE WIND SPEED     5.8




RELATIVE HUMIDITY (PERCENT)
 HIGHEST   100
 LOWEST     64
 AVERAGE    82

..........................................................


THE SAULT STE MARIE MI CLIMATE NORMALS FOR TODAY
                         NORMAL    RECORD    YEAR
 MAXIMUM TEMPERATURE (F)   39        64      1941
 MINIMUM TEMPERATURE (F)   27        -7      1894


SUNRISE AND SUNSET
NOVEMBER 19 2017......SUNRISE   745 AM EST   SUNSET   500 PM EST
NOVEMBER 20 2017......SUNRISE   747 AM EST   SUNSET   459 PM EST


-  INDICATES NEGATIVE NUMBERS.
R  INDICATES RECORD WAS SET OR TIED.
MM INDICATES DATA IS MISSING.
T  INDICATES TRACE AMOUNT.




$$
