000
CDUS43 KAPX 312129
CLIANJ


CLIMATE REPORT
NATIONAL WEATHER SERVICE GAYLORD MI
528 PM EDT WED AUG 31 2016


...................................

...THE SAULT STE MARIE MI CLIMATE SUMMARY FOR AUGUST 31 2016...
VALID TODAY AS OF 0500 PM LOCAL TIME.

CLIMATE NORMAL PERIOD 1981 TO 2010
CLIMATE RECORD PERIOD 1888 TO 2016


WEATHER ITEM   OBSERVED TIME   RECORD YEAR NORMAL DEPARTURE LAST
                VALUE   (LST)  VALUE       VALUE  FROM      YEAR
                                                  NORMAL
..................................................................
TEMPERATURE (F)
 TODAY
  MAXIMUM         72    104 PM  89    2000  72      0       77
  MINIMUM         57    612 AM  37    1978  52      5       63
                                      1967
  AVERAGE         65                        62      3       70

PRECIPITATION (IN)
  TODAY            0.00          1.06 1938   0.11  -0.11     0.00
  MONTH TO DATE    4.32                      3.17   1.15     2.77
  SINCE JUN 1      9.53                      8.73   0.80     8.55
  SINCE JAN 1     20.08                     19.17   0.91    17.25

DEGREE DAYS
 HEATING
  TODAY            0                         4     -4        0
  MONTH TO DATE   12                        77    -65       47
  SINCE JUN 1    198                       327   -129      289
  SINCE JUL 1     35                       147   -112      101

 COOLING
  TODAY            0                         1     -1        5
  MONTH TO DATE  149                        65     84       91
  SINCE JUN 1    315                       173    142      190
  SINCE JAN 1    326                       178    148      192
..................................................................


WIND (MPH)
  RESULTANT WIND SPEED   8   RESULTANT WIND DIRECTION  NW (310)
  HIGHEST WIND SPEED    17   HIGHEST WIND DIRECTION    NW (300)
  HIGHEST GUST SPEED    26   HIGHEST GUST DIRECTION     N (340)
  AVERAGE WIND SPEED     7.9


SKY COVER
  POSSIBLE SUNSHINE  MM
  AVERAGE SKY COVER 0.2


WEATHER CONDITIONS
 THE FOLLOWING WEATHER WAS RECORDED TODAY.
  NO SIGNIFICANT WEATHER WAS OBSERVED.


RELATIVE HUMIDITY (PERCENT)
 HIGHEST    93           500 AM
 LOWEST     57          1200 PM
 AVERAGE    75

..........................................................


THE SAULT STE MARIE MI CLIMATE NORMALS FOR TOMORROW
                         NORMAL    RECORD    YEAR
 MAXIMUM TEMPERATURE (F)   72        93      1953
 MINIMUM TEMPERATURE (F)   52        36      1974


SUNRISE AND SUNSET
AUGUST 31 2016........SUNRISE   657 AM EDT   SUNSET   817 PM EDT
SEPTEMBER  1 2016.....SUNRISE   658 AM EDT   SUNSET   815 PM EDT


-  INDICATES NEGATIVE NUMBERS.
R  INDICATES RECORD WAS SET OR TIED.
MM INDICATES DATA IS MISSING.
T  INDICATES TRACE AMOUNT.




$$
