886
CDUS43 KAPX 292127
CLIANJ


CLIMATE REPORT
NATIONAL WEATHER SERVICE GAYLORD MI
527 PM EDT SAT APR 29 2017


...................................

...THE SAULT STE MARIE MI CLIMATE SUMMARY FOR APRIL 29 2017...
VALID TODAY AS OF 0500 PM LOCAL TIME.

CLIMATE NORMAL PERIOD 1981 TO 2010
CLIMATE RECORD PERIOD 1888 TO 2017


WEATHER ITEM   OBSERVED TIME   RECORD YEAR NORMAL DEPARTURE LAST
                VALUE   (LST)  VALUE       VALUE  FROM      YEAR
                                                  NORMAL
..................................................................
TEMPERATURE (F)
 TODAY
  MAXIMUM         47    359 PM  77    1952  57    -10       59
                                      1941
  MINIMUM         35    147 AM  22    1958  36     -1       36
  AVERAGE         41                        46     -5       48

PRECIPITATION (IN)
  TODAY            0.00          0.62 1889   0.07  -0.07     0.00
  MONTH TO DATE    2.66                      2.31   0.35     2.43
  SINCE MAR 1      4.61                      4.26   0.35     5.08
  SINCE JAN 1     10.57                      7.79   2.78     8.79

SNOWFALL (IN)
  TODAY            0.0           1.5  1889   0.0             0.0
  MONTH TO DATE    0.6                       6.6            17.6
  SINCE OCT 1    137.5                     120.2            91.9
  SINCE JUL 1    137.5                     120.2            91.9

DEGREE DAYS
 HEATING
  TODAY           24                        19      5       17
  MONTH TO DATE  632                       723    -91      829
  SINCE MAR 1   1830                      1923    -93     1837
  SINCE JUL 1   6704                      8049  -1345     6978

 COOLING
  TODAY            0                         0      0        0
  MONTH TO DATE    0                         0      0        0
  SINCE MAR 1      0                         0      0        0
  SINCE JAN 1      0                         0      0        0
..................................................................


WIND (MPH)
  RESULTANT WIND SPEED  13   RESULTANT WIND DIRECTION  NW (310)
  HIGHEST WIND SPEED    21   HIGHEST WIND DIRECTION    NW (310)
  HIGHEST GUST SPEED    28   HIGHEST GUST DIRECTION    NW (310)
  AVERAGE WIND SPEED    13.7


SKY COVER
  POSSIBLE SUNSHINE  MM
  AVERAGE SKY COVER 0.5


WEATHER CONDITIONS
 THE FOLLOWING WEATHER WAS RECORDED TODAY.
  NO SIGNIFICANT WEATHER WAS OBSERVED.


RELATIVE HUMIDITY (PERCENT)
 HIGHEST    70           100 AM
 LOWEST     45           400 PM
 AVERAGE    58

..........................................................


THE SAULT STE MARIE MI CLIMATE NORMALS FOR TOMORROW
                         NORMAL    RECORD    YEAR
 MAXIMUM TEMPERATURE (F)   57        79      2001
                                             1949
 MINIMUM TEMPERATURE (F)   37        20      1958


SUNRISE AND SUNSET
APRIL 29 2017.........SUNRISE   626 AM EDT   SUNSET   844 PM EDT
APRIL 30 2017.........SUNRISE   624 AM EDT   SUNSET   846 PM EDT


-  INDICATES NEGATIVE NUMBERS.
R  INDICATES RECORD WAS SET OR TIED.
MM INDICATES DATA IS MISSING.
T  INDICATES TRACE AMOUNT.




$$
