000
CDUS43 KAPX 280531
CLIANJ


CLIMATE REPORT
NATIONAL WEATHER SERVICE GAYLORD MI
131 AM EDT FRI AUG 28 2015


...................................

...THE SAULT STE MARIE MI CLIMATE SUMMARY FOR AUGUST 27 2015...

CLIMATE NORMAL PERIOD 1981 TO 2010
CLIMATE RECORD PERIOD 1888 TO 2015


WEATHER ITEM   OBSERVED TIME   RECORD YEAR NORMAL DEPARTURE LAST
                VALUE   (LST)  VALUE       VALUE  FROM      YEAR
                                                  NORMAL
..................................................................
TEMPERATURE (F)
 YESTERDAY
  MAXIMUM         68    556 PM  93    1976  73     -5       64
                                      1948
  MINIMUM         52   1139 PM  35    1915  53     -1       49
  AVERAGE         60                        63     -3       57

PRECIPITATION (IN)
  YESTERDAY        0.01          1.44 1978   0.10  -0.09     0.01
  MONTH TO DATE    2.50                      2.73  -0.23     1.84
  SINCE JUN 1      8.28                      8.29  -0.01     6.24
  SINCE JAN 1     16.98                     18.73  -1.75    18.28

DEGREE DAYS
 HEATING
  YESTERDAY        5                         3      2        8
  MONTH TO DATE   46                        61    -15       54
  SINCE JUN 1    288                       310    -22      274
  SINCE JUL 1    100                       130    -30      165

 COOLING
  YESTERDAY        0                         1     -1        0
  MONTH TO DATE   82                        63     19       42
  SINCE JUN 1    181                       171     10      100
  SINCE JAN 1    183                       176      7      102
..................................................................


WIND (MPH)
  HIGHEST WIND SPEED    13   HIGHEST WIND DIRECTION     S (180)
  HIGHEST GUST SPEED    15   HIGHEST GUST DIRECTION     S (180)
  AVERAGE WIND SPEED     4.2




RELATIVE HUMIDITY (PERCENT)
 HIGHEST    93
 LOWEST     58
 AVERAGE    76

..........................................................


THE SAULT STE MARIE MI CLIMATE NORMALS FOR TODAY
                         NORMAL    RECORD    YEAR
 MAXIMUM TEMPERATURE (F)   73        93      1973
 MINIMUM TEMPERATURE (F)   53        37      1982
                                             1941


SUNRISE AND SUNSET
AUGUST 28 2015........SUNRISE   652 AM EDT   SUNSET   824 PM EDT
AUGUST 29 2015........SUNRISE   653 AM EDT   SUNSET   823 PM EDT


-  INDICATES NEGATIVE NUMBERS.
R  INDICATES RECORD WAS SET OR TIED.
MM INDICATES DATA IS MISSING.
T  INDICATES TRACE AMOUNT.




$$
