000
CDUS43 KAPX 300540
CLIANJ


CLIMATE REPORT
NATIONAL WEATHER SERVICE GAYLORD MI
139 AM EDT TUE JUN 30 2015


...................................

...THE SAULT STE MARIE MI CLIMATE SUMMARY FOR JUNE 29 2015...

CLIMATE NORMAL PERIOD 1981 TO 2010
CLIMATE RECORD PERIOD 1888 TO 2015


WEATHER ITEM   OBSERVED TIME   RECORD YEAR NORMAL DEPARTURE LAST
                VALUE   (LST)  VALUE       VALUE  FROM      YEAR
                                                  NORMAL
..................................................................
TEMPERATURE (F)
 YESTERDAY
  MAXIMUM         81    342 PM  90    1927  75      6       80
  MINIMUM         52    526 AM  37    1989  52      0       64
  AVERAGE         67                        63      4       72

PRECIPITATION (IN)
  YESTERDAY        0.00          1.78 1996   0.09  -0.09     0.78
  MONTH TO DATE    1.83                      2.62  -0.79     2.90
  SINCE JUN 1      1.83                      2.62  -0.79     2.90
  SINCE JAN 1     10.53                     13.06  -2.53    14.94

DEGREE DAYS
 HEATING
  YESTERDAY        0                         4     -4        0
  MONTH TO DATE  185                       177      8      109
  SINCE JUN 1    185                       177      8      109
  SINCE JUL 1   9455                      8660    795     9726

 COOLING
  YESTERDAY        2                         2      0        7
  MONTH TO DATE    7                        28    -21       29
  SINCE JUN 1      7                        28    -21       29
  SINCE JAN 1      9                        33    -24       31
..................................................................


WIND (MPH)
  HIGHEST WIND SPEED    16   HIGHEST WIND DIRECTION     S (200)
  HIGHEST GUST SPEED    23   HIGHEST GUST DIRECTION    SW (220)
  AVERAGE WIND SPEED     4.2




RELATIVE HUMIDITY (PERCENT)
 HIGHEST    89
 LOWEST     22
 AVERAGE    56

..........................................................


THE SAULT STE MARIE MI CLIMATE NORMALS FOR TODAY
                         NORMAL    RECORD    YEAR
 MAXIMUM TEMPERATURE (F)   75        93      1927
 MINIMUM TEMPERATURE (F)   52        36      1992


SUNRISE AND SUNSET
JUNE 30 2015..........SUNRISE   548 AM EDT   SUNSET   934 PM EDT
JULY  1 2015..........SUNRISE   548 AM EDT   SUNSET   934 PM EDT


-  INDICATES NEGATIVE NUMBERS.
R  INDICATES RECORD WAS SET OR TIED.
MM INDICATES DATA IS MISSING.
T  INDICATES TRACE AMOUNT.




$$
