186
CDUS43 KAPX 270532
CLIANJ


CLIMATE REPORT
NATIONAL WEATHER SERVICE GAYLORD MI
132 AM EDT TUE SEP 27 2016


...................................

...THE SAULT STE MARIE MI CLIMATE SUMMARY FOR SEPTEMBER 26 2016...

CLIMATE NORMAL PERIOD 1981 TO 2010
CLIMATE RECORD PERIOD 1888 TO 2016


WEATHER ITEM   OBSERVED TIME   RECORD YEAR NORMAL DEPARTURE LAST
                VALUE   (LST)  VALUE       VALUE  FROM      YEAR
                                                  NORMAL
..................................................................
TEMPERATURE (F)
 YESTERDAY
  MAXIMUM         61    407 PM  84    1908  62     -1       72
  MINIMUM         52   1159 PM  27    1980  44      8       53
  AVERAGE         57                        53      4       63

PRECIPITATION (IN)
  YESTERDAY        0.85          1.52 1951   0.13   0.72     0.00
  MONTH TO DATE    4.46                      3.31   1.15     2.03
  SINCE SEP 1      4.46                      3.31   1.15     2.03
  SINCE JAN 1     24.54                     22.48   2.06    19.28

DEGREE DAYS
 HEATING
  YESTERDAY        8                        12     -4        2
  MONTH TO DATE   60                       203   -143       75
  SINCE SEP 1     60                       203   -143       75
  SINCE JUL 1     95                       350   -255      176

 COOLING
  YESTERDAY        0                         0      0        0
  MONTH TO DATE   35                        15     20       73
  SINCE SEP 1     35                        15     20       73
  SINCE JAN 1    361                       193    168      265
..................................................................


WIND (MPH)
  HIGHEST WIND SPEED    21   HIGHEST WIND DIRECTION    SW (230)
  HIGHEST GUST SPEED    29   HIGHEST GUST DIRECTION    SW (220)
  AVERAGE WIND SPEED    11.1




RELATIVE HUMIDITY (PERCENT)
 HIGHEST    93
 LOWEST     67
 AVERAGE    80

..........................................................


THE SAULT STE MARIE MI CLIMATE NORMALS FOR TODAY
                         NORMAL    RECORD    YEAR
 MAXIMUM TEMPERATURE (F)   62        84      1891
 MINIMUM TEMPERATURE (F)   44        26      1989


SUNRISE AND SUNSET
SEPTEMBER 27 2016.....SUNRISE   731 AM EDT   SUNSET   724 PM EDT
SEPTEMBER 28 2016.....SUNRISE   733 AM EDT   SUNSET   722 PM EDT


-  INDICATES NEGATIVE NUMBERS.
R  INDICATES RECORD WAS SET OR TIED.
MM INDICATES DATA IS MISSING.
T  INDICATES TRACE AMOUNT.




$$
