724
CDUS43 KAPX 180526
CLIANJ


CLIMATE REPORT
NATIONAL WEATHER SERVICE GAYLORD MI
1226 AM EST THU JAN 18 2018


...................................

...THE SAULT STE MARIE MI CLIMATE SUMMARY FOR JANUARY 17 2018...

CLIMATE NORMAL PERIOD 1981 TO 2010
CLIMATE RECORD PERIOD 1888 TO 2018


WEATHER ITEM   OBSERVED TIME   RECORD YEAR NORMAL DEPARTURE LAST
                VALUE   (LST)  VALUE       VALUE  FROM      YEAR
                                                  NORMAL
..................................................................
TEMPERATURE (F)
 YESTERDAY
  MAXIMUM         26    341 PM  44    1913  23      3       37
  MINIMUM         11   1210 AM -24    1982   7      4       24
  AVERAGE         19                        15      4       31

PRECIPITATION (IN)
  YESTERDAY        T             0.59 1897   0.07  -0.07      T
  MONTH TO DATE    1.07                      1.28  -0.21     1.65
  SINCE DEC 1      4.79                      4.07   0.72     5.90
  SINCE JAN 1      1.07                      1.28  -0.21     1.65

SNOWFALL (IN)
  YESTERDAY        T             7.6  1979   1.0   -1.0       T
  MONTH TO DATE   11.8                      17.8   -6.0     20.7
  SINCE OCT 1     67.5                      68.0   -0.5     78.4
  SINCE JUL 1     67.5                      68.0   -0.5     78.4
  SNOW DEPTH      15

DEGREE DAYS
 HEATING
  YESTERDAY       46                        50     -4       34
  MONTH TO DATE  902                       838     64      749
  SINCE DEC 1   2387                      2165    222     2006
  SINCE JUL 1   3972                      4097   -125     3276
..................................................................


WIND (MPH)
  HIGHEST WIND SPEED    22   HIGHEST WIND DIRECTION    SW (230)
  HIGHEST GUST SPEED    29   HIGHEST GUST DIRECTION    SW (240)
  AVERAGE WIND SPEED    11.4




RELATIVE HUMIDITY (PERCENT)
 HIGHEST    84
 LOWEST     55
 AVERAGE    70

..........................................................


THE SAULT STE MARIE MI CLIMATE NORMALS FOR TODAY
                         NORMAL    RECORD    YEAR
 MAXIMUM TEMPERATURE (F)   23        45      1973
 MINIMUM TEMPERATURE (F)    7       -26      1997


SUNRISE AND SUNSET
JANUARY 18 2018.......SUNRISE   815 AM EST   SUNSET   521 PM EST
JANUARY 19 2018.......SUNRISE   814 AM EST   SUNSET   523 PM EST


-  INDICATES NEGATIVE NUMBERS.
R  INDICATES RECORD WAS SET OR TIED.
MM INDICATES DATA IS MISSING.
T  INDICATES TRACE AMOUNT.




$$
