829
CDUS43 KAPX 272229
CLIANJ


CLIMATE REPORT
NATIONAL WEATHER SERVICE GAYLORD MI
529 PM EST MON FEB 27 2017


...................................

...THE SAULT STE MARIE MI CLIMATE SUMMARY FOR FEBRUARY 27 2017...
VALID TODAY AS OF 0500 PM LOCAL TIME.

CLIMATE NORMAL PERIOD 1981 TO 2010
CLIMATE RECORD PERIOD 1888 TO 2017


WEATHER ITEM   OBSERVED TIME   RECORD YEAR NORMAL DEPARTURE LAST
                VALUE   (LST)  VALUE       VALUE  FROM      YEAR
                                                  NORMAL
..................................................................
TEMPERATURE (F)
 TODAY
  MAXIMUM         33    459 PM  46    1895  29      4       42
  MINIMUM         14    807 AM -24    1934  12      2       25
  AVERAGE         24                        20      4       34

PRECIPITATION (IN)
  TODAY            T             0.66 1971   0.05  -0.05     0.00
  MONTH TO DATE    3.27                      1.29   1.98     1.47
  SINCE DEC 1     10.18                      6.27   3.91     8.43
  SINCE JAN 1      5.93                      3.48   2.45     3.02

SNOWFALL (IN)
  TODAY            T             5.6  1971   0.6             0.0
  MONTH TO DATE   38.1                      18.1            16.6
  SINCE OCT 1    123.1                      99.7            55.6
  SINCE JUL 1    123.1                      99.7            55.6

DEGREE DAYS
 HEATING
  TODAY           41                        45     -4       31
  MONTH TO DATE 1073                      1282   -209     1199
  SINCE DEC 1   3571                      4150   -579     3564
  SINCE JUL 1   4841                      6082  -1241     5055
..................................................................


WIND (MPH)
  RESULTANT WIND SPEED   3   RESULTANT WIND DIRECTION  SW (220)
  HIGHEST WIND SPEED    21   HIGHEST WIND DIRECTION     W (290)
  HIGHEST GUST SPEED    31   HIGHEST GUST DIRECTION     W (290)
  AVERAGE WIND SPEED     7.6


SKY COVER
  POSSIBLE SUNSHINE  MM
  AVERAGE SKY COVER 0.4


WEATHER CONDITIONS
 THE FOLLOWING WEATHER WAS RECORDED TODAY.
  LIGHT SNOW


RELATIVE HUMIDITY (PERCENT)
 HIGHEST    80           800 AM
 LOWEST     47           200 PM
 AVERAGE    64

..........................................................


THE SAULT STE MARIE MI CLIMATE NORMALS FOR TOMORROW
                         NORMAL    RECORD    YEAR
 MAXIMUM TEMPERATURE (F)   29        46      1998
 MINIMUM TEMPERATURE (F)   12       -21      2014


SUNRISE AND SUNSET
FEBRUARY 27 2017......SUNRISE   720 AM EST   SUNSET   621 PM EST
FEBRUARY 28 2017......SUNRISE   718 AM EST   SUNSET   622 PM EST


-  INDICATES NEGATIVE NUMBERS.
R  INDICATES RECORD WAS SET OR TIED.
MM INDICATES DATA IS MISSING.
T  INDICATES TRACE AMOUNT.




$$
