000
CDAK47 PANT 291024
CLIANN

CLIMATE REPORT
NATIONAL WEATHER SERVICE ANNETTE, AK
124 AM AKST MON DEC 29 2014

...................................
...THE ANNETTE WSO AP CLIMATE SUMMARY FOR DECEMBER 28 2014...

CLIMATE NORMAL PERIOD  1981 TO  2010
CLIMATE RECORD PERIOD  1948 TO  2014

WEATHER ITEM   OBSERVED TIME    RECORD YEAR NORMAL DEPARTURE LAST
               VALUE    (LST)   VALUE       VALUE  FROM      YEAR
                                                   NORMAL
...................................................................
TEMPERATURE
YESTERDAY
 MAXIMUM            39  0138 PM    53  2005     41      -2     43
 MINIMUM            33  0836 AM     5  1968     32       1     32
 AVERAGE            36                          37      -1     38

PRECIPITATION
(INCHES)
 YESTERDAY        0.00           2.14  1958   0.33   -0.33   1.57
 MONTH TO DATE   12.57                        9.71    2.86  16.82
 SINCE DEC 1     12.57                        9.71    2.86  16.82
 SINCE JAN 1    108.55                      100.62    7.93  98.03

SNOWFALL
(INCHES)
 YESTERDAY         0.0            8.7  2006    0.3    -0.3    0.0
 MONTH TO DATE     0.4                         7.2    -6.8    3.4
 SINCE DEC 1       0.4                         7.2    -6.8    3.4
 SINCE JUL 1       4.6                        10.8    -6.2    9.1
 SNOW DEPTH (IN)     0                                          0

DEGREE DAYS
 HEATING
  YESTERDAY         29                          28       1     27
  MONTH TO DATE    625                         777    -152    826
  SINCE DEC 1      625                         777    -152    826
  SINCE JUL 1     2630                        2827    -197   2640

 COOLING
  YESTERDAY          0                           0       0      0
  MONTH TO DATE      0                           0       0      0
  SINCE DEC 1        0                           0       0      0
  SINCE JAN 1       MM                           0      MM     22
...................................................................

WIND (MPH)
 HIGHEST WIND SPEED    15     HIGHEST WIND DIRECTION     60
 HIGHEST GUST SPEED    24     HIGHEST GUST DIRECTION     60
 AVERAGE WIND SPEED   6.6

WEATHER CONDITIONS
 THE FOLLOWING WEATHER WAS RECORDED YESTERDAY.
  NO SIGNIFICANT WEATHER WAS OBSERVED.
...................................................................

THE ANNETTE CLIMATE NORMALS FOR TODAY
                           NORMAL    RECORD   YEAR
 MAXIMUM TEMPERATURE (F)     41        52     2001
 MINIMUM TEMPERATURE (F)     32         8     1968

SUNRISE AND SUNSET
 DEC 29 2014..........SUNRISE  8:12 AM      SUNSET  3:26 PM
 DEC 30 2014..........SUNRISE  8:12 AM      SUNSET  3:27 PM

-  INDICATES NEGATIVE NUMBERS.
R  INDICATES RECORD HAS BEEN SET OR TIED.
MM INDICATES DATA IS MISSING.
T  INDICATES TRACE OF PRECIPITATION.

&&
-------------------------------------------------------------------

AMOUNT OF DAYLIGHT TODAY  (HOUR:MIN)........7 HOURS 14 MINUTES
GAIN SINCE YESTERDAY (HOUR:MIN:SEC)....+0:00:57
