000
CDAK47 PANT 250930
CLIANN

CLIMATE REPORT
NATIONAL WEATHER SERVICE ANNETTE, AK
130 AM AKDT THU AUG 25 2016

...................................
...THE ANNETTE WSO AP CLIMATE SUMMARY FOR AUGUST 24 2016...

CLIMATE NORMAL PERIOD  1981 TO  2010
CLIMATE RECORD PERIOD  1948 TO  2016

WEATHER ITEM   OBSERVED TIME    RECORD YEAR NORMAL DEPARTURE LAST
               VALUE    (LST)   VALUE       VALUE  FROM      YEAR
                                                   NORMAL
...................................................................
TEMPERATURE
YESTERDAY
 MAXIMUM            80  0151 PM    83  1987     64      16     64
 MINIMUM            59  0415 AM    46  2011     52       7     52
 AVERAGE            70                          58      12     58

PRECIPITATION
(INCHES)
 YESTERDAY        0.00           1.90  1964   0.26   -0.26   0.16
 MONTH TO DATE    2.04                        5.06   -3.02   5.12
 SINCE JUN 1     10.05                       14.59   -4.54  16.75
 SINCE JAN 1     59.79                       53.01    6.78  60.23

SNOWFALL
(INCHES)
 YESTERDAY         0.0            0.0  2016    0.0     0.0    0.0
 MONTH TO DATE     0.0                         0.0     0.0    0.0
 SINCE JUN 1       0.0                         0.0     0.0    0.0
 SINCE JUL 1       0.0                         0.0     0.0    0.0
 SNOW DEPTH (IN)     0                                          0

DEGREE DAYS
 HEATING
  YESTERDAY          0                           7      -7      7
  MONTH TO DATE     50                         142     -92    125
  SINCE JUN 1      440                         646    -206    432
  SINCE JUL 1      171                         348    -177    244

 COOLING
  YESTERDAY          5                           0       5      0
  MONTH TO DATE     29                           0      29      0
  SINCE JUN 1       49                           0      49     37
  SINCE JAN 1       51                           0      51     37
...................................................................

WIND (MPH)
 HIGHEST WIND SPEED    17     HIGHEST WIND DIRECTION    320
 HIGHEST GUST SPEED    26     HIGHEST GUST DIRECTION    330
 AVERAGE WIND SPEED  10.7

SKY COVER
  POSSIBLE SUNSHINE    MM          AVERAGE SKY COVER     MM

WEATHER CONDITIONS
 THE FOLLOWING WEATHER WAS RECORDED YESTERDAY.
  NO SIGNIFICANT WEATHER WAS OBSERVED.

RELATIVE HUMIDITY
 HIGHEST RH     MM PERCENT       MM
 LOWEST  RH     MM PERCENT       MM
 AVERAGE RH     MM PERCENT       MM
...................................................................

THE ANNETTE CLIMATE NORMALS FOR TODAY
                           NORMAL    RECORD   YEAR
 MAXIMUM TEMPERATURE (F)     64        79     1987
 MINIMUM TEMPERATURE (F)     52        43     1948

SUNRISE AND SUNSET
 AUG 25 2016..........SUNRISE  5:41 AM      SUNSET  7:55 PM
 AUG 26 2016..........SUNRISE  5:43 AM      SUNSET  7:52 PM

-  INDICATES NEGATIVE NUMBERS.
R  INDICATES RECORD HAS BEEN SET OR TIED.
MM INDICATES DATA IS MISSING.
T  INDICATES TRACE OF PRECIPITATION.

&&
-------------------------------------------------------------------

AMOUNT OF DAYLIGHT TODAY  (HOUR:MIN)........14 HOURS 14 MINUTES
GAIN/LOSS SINCE YESTERDAY (HOUR:MIN:SEC)....-0:04:18

$$
JH AUG 16
