563
CDAK47 PAJK 181256
CLIANN
CLIMATE REPORT
NATIONAL WEATHER SERVICE JUNEAU, AK
354 AM AKST THU JAN 18 2018


...................................

...THE ANNETTE ISLAND CLIMATE SUMMARY FOR JANUARY 17 2018...

CLIMATE NORMAL PERIOD 1981 TO 2010
CLIMATE RECORD PERIOD 1941 TO 2018


WEATHER ITEM   OBSERVED RECORD YEAR NORMAL DEPARTURE LAST
                VALUE   VALUE       VALUE  FROM      YEAR
                                           NORMAL
...........................................................
TEMPERATURE (F)
 YESTERDAY
  MAXIMUM         MM     56    2009  42     MM       50
                               1981
  MINIMUM         MM      3    2012  32     MM       39
  AVERAGE         MM                 37     MM       45

PRECIPITATION (IN)
  YESTERDAY       MM      2.13 1956   0.37  MM        0.19
  MONTH TO DATE    0.91               5.98  -5.07     4.22
  SINCE JAN 1      0.91               5.98  -5.07     4.22

SNOWFALL (IN)
  YESTERDAY       MM      8.7  1968   0.2   MM        0.0
  MONTH TO DATE    T                  4.3   -4.3      1.0
  SINCE JUL 1      T                 16.0  -16.0      6.8
  SNOW DEPTH      MM

DEGREE DAYS
 HEATING
  YESTERDAY       MM                 28     MM       20
  MONTH TO DATE  183                476   -293      476
...........................................................


WIND (MPH)
  HIGHEST WIND SPEED    MM   HIGHEST WIND DIRECTION    MM
  HIGHEST GUST SPEED    MM   HIGHEST GUST DIRECTION    MM
  AVERAGE WIND SPEED    MM


SKY COVER
  AVERAGE SKY COVER  MM


WEATHER CONDITIONS
 THE FOLLOWING WEATHER WAS RECORDED YESTERDAY.
  NO SIGNIFICANT WEATHER WAS OBSERVED.


..........................................................


THE ANNETTE ISLAND CLIMATE NORMALS FOR TODAY
                         NORMAL    RECORD    YEAR
 MAXIMUM TEMPERATURE (F)   42        57      2009
 MINIMUM TEMPERATURE (F)   32         4      2012


SUNRISE AND SUNSET
JANUARY 18 2018.......SUNRISE   758 AM AKST  SUNSET   356 PM AKST
JANUARY 19 2018.......SUNRISE   757 AM AKST  SUNSET   358 PM AKST


-  INDICATES NEGATIVE NUMBERS.
R  INDICATES RECORD WAS SET OR TIED.
MM INDICATES DATA IS MISSING.
T  INDICATES TRACE AMOUNT.




$$
--------------------------------------------------------------

AMOUNT OF DAYLIGHT TODAY (HOUR:MIN)......... 7 HOURS 57 MINUTES
GAIN/LOSS SINCE YESTERDAY (HOUR:MIN:SEC).... +0:03:04

$$
