000
CDAK47 PANT 020930
CLIANN

CLIMATE REPORT
NATIONAL WEATHER SERVICE ANNETTE, AK
130 AM AKDT WED SEP 2 2015

...................................
...THE ANNETTE WSO AP CLIMATE SUMMARY FOR SEPTEMBER 1 2015...

CLIMATE NORMAL PERIOD  1981 TO  2010
CLIMATE RECORD PERIOD  1948 TO  2015

WEATHER ITEM   OBSERVED TIME    RECORD YEAR NORMAL DEPARTURE LAST
               VALUE    (LST)   VALUE       VALUE  FROM      YEAR
                                                   NORMAL
...................................................................
TEMPERATURE
YESTERDAY
 MAXIMUM            59  1245 PM    80  1974     62      -3     65
 MINIMUM            45  1159 PM    44  1999     51      -6     49
 AVERAGE            52                          57      -5     57

PRECIPITATION
(INCHES)
 YESTERDAY        1.05           2.01  1948   0.28    0.77   0.04
 MONTH TO DATE    1.05                        0.28    0.77   0.04
 SINCE SEP 1      1.05                        0.28    0.77   0.04
 SINCE JAN 1     65.77                       55.19   10.58  62.12

SNOWFALL
(INCHES)
 YESTERDAY         0.0            0.0  2015    0.0     0.0    0.0
 MONTH TO DATE     0.0                         0.0     0.0    0.0
 SINCE SEP 1       0.0                         0.0     0.0    0.0
 SINCE JUL 1       0.0                         0.0     0.0    0.0
 SNOW DEPTH (IN)     0                                          0

DEGREE DAYS
 HEATING
  YESTERDAY         13                           8       5      8
  MONTH TO DATE     13                           8       5      8
  SINCE SEP 1       13                           8       5      8
  SINCE JUL 1      305                         409    -104     MM

 COOLING
  YESTERDAY          0                           0       0      0
  MONTH TO DATE      0                           0       0      0
  SINCE SEP 1        0                           0       0      0
  SINCE JAN 1       37                           0      37     MM
...................................................................

WIND (MPH)
 HIGHEST WIND SPEED    16     HIGHEST WIND DIRECTION    110
 HIGHEST GUST SPEED    26     HIGHEST GUST DIRECTION     90
 AVERAGE WIND SPEED   5.7

SKY COVER
  POSSIBLE SUNSHINE    MM          AVERAGE SKY COVER     MM

WEATHER CONDITIONS
 THE FOLLOWING WEATHER WAS RECORDED YESTERDAY.
  FOG
THUNDER
RAIN


RELATIVE HUMIDITY
 HIGHEST RH     MM PERCENT       MM
 LOWEST  RH     MM PERCENT       MM
 AVERAGE RH     MM PERCENT       MM
...................................................................

THE ANNETTE CLIMATE NORMALS FOR TODAY
                           NORMAL    RECORD   YEAR
 MAXIMUM TEMPERATURE (F)     62        79     1974
 MINIMUM TEMPERATURE (F)     51        45     1999

SUNRISE AND SUNSET
 SEP 2 2015..........SUNRISE  5:55 AM      SUNSET  7:37 PM
 SEP 3 2015..........SUNRISE  5:57 AM      SUNSET  7:34 PM

-  INDICATES NEGATIVE NUMBERS.
R  INDICATES RECORD HAS BEEN SET OR TIED.
MM INDICATES DATA IS MISSING.
T  INDICATES TRACE OF PRECIPITATION.

&&
-------------------------------------------------------------------

AMOUNT OF DAYLIGHT TODAY  (HOUR:MIN)........13 HOURS 42 MINUTES
GAIN/LOSS SINCE YESTERDAY (HOUR:MIN:SEC)....-0:04:22

$$
JH SEP 15
