000
CDAK47 PANT 260001
CLIANN

CLIMATE REPORT
NATIONAL WEATHER SERVICE ANNETTE, AK
401 PM AKDT MON JUL 25 2016

...................................
...THE ANNETTE WSO AP CLIMATE SUMMARY FOR JULY 25 2016...
VALID TODAY AS OF 2:00 PM LOCAL TIME

CLIMATE NORMAL PERIOD  1981 TO  2010
CLIMATE RECORD PERIOD  1948 TO  2016

WEATHER ITEM   OBSERVED TIME    RECORD YEAR NORMAL DEPARTURE LAST
               VALUE    (LST)   VALUE       VALUE  FROM      YEAR
                                                   NORMAL
...................................................................
TEMPERATURE
TODAY
 MAXIMUM            66  0245 PM    83  1971     65       1     68
 MINIMUM            56  0547 AM    47  1965     54       2     53
 AVERAGE            61                          60       1     61

PRECIPITATION
(INCHES)
 TODAY            0.00           1.74  1976   0.16   -0.16   0.17
 MONTH TO DATE    3.52                        3.71   -0.19   4.86
 SINCE JUN 1      7.77                        8.59   -0.82   8.85
 SINCE JAN 1     57.51                       47.01   10.50  52.33

SNOWFALL
(INCHES)
 TODAY             0.0            0.0  2016    0.0     0.0    0.0
 MONTH TO DATE     0.0                         0.0     0.0    0.0
 SINCE JUN 1       0.0                         0.0     0.0    0.0
 SINCE JUL 1       0.0                         0.0     0.0    0.0
 SNOW DEPTH (IN)     0                                          0

DEGREE DAYS
 HEATING
  TODAY              4                           6      -2      4
  MONTH TO DATE    105                         172     -67     80
  SINCE JUN 1      374                         470     -96    268
  SINCE JUL 1      105                         172     -67     80

 COOLING
  TODAY              0                           0       0      0
  MONTH TO DATE     20                           0      20     35
  SINCE JUN 1       20                           0      20     37
  SINCE JAN 1       22                           0      22     37
...................................................................

WIND (MPH)
 HIGHEST WIND SPEED     9     HIGHEST WIND DIRECTION    210
 HIGHEST GUST SPEED    12     HIGHEST GUST DIRECTION    230
 AVERAGE WIND SPEED    MM

SKY COVER
  POSSIBLE SUNSHINE  MM            AVERAGE SKY COVER MM

WEATHER CONDITIONS
 THE FOLLOWING WEATHER WAS RECORDED TODAY.
NO SIGNIFICANT WEATHER WAS OBSERVED.

RELATIVE HUMIDITY
 HIGHEST RH     MM PERCENT       MM
 LOWEST  RH     MM PERCENT       MM
 AVERAGE RH     MM PERCENT       MM
...................................................................

THE ANNETTE CLIMATE NORMALS FOR TOMORROW
                        NORMAL    RECORD   YEAR
 MAXIMUM TEMPERATURE      65        84     1971
 MINIMUM TEMPERATURE      54        46     1974

SUNRISE AND SUNSET
 JUL 25 2016..........SUNRISE  4:45 AM      SUNSET  9:01 PM
 JUL 26 2016..........SUNRISE  4:46 AM      SUNSET  8:59 PM

-  INDICATES NEGATIVE NUMBERS.
R  INDICATES RECORD HAS BEEN SET OR TIED.
MM INDICATES DATA IS MISSING.
T  INDICATES TRACE OF PRECIPITATION.

&&
-------------------------------------------------------------------

AMOUNT OF DAYLIGHT TODAY  (HOUR:MIN)........16 HOURS 16 MINUTES
GAIN/LOSS SINCE YESTERDAY (HOUR:MIN:SEC)....-0:03:21

$$
JZ JUL 16
