000
CDUS41 KCTP 120640
CLIAOO


CLIMATE REPORT
NATIONAL WEATHER SERVICE STATE COLLEGE PA
140 AM EST FRI FEB 12 2016


...................................

...THE ALTOONA CLIMATE SUMMARY FOR FEBRUARY 11 2016...

CLIMATE NORMAL PERIOD 1981 TO 2010
CLIMATE RECORD PERIOD 1948 TO 2016


WEATHER ITEM   OBSERVED TIME   RECORD YEAR NORMAL DEPARTURE LAST
                VALUE   (LST)  VALUE       VALUE  FROM      YEAR
                                                  NORMAL
..................................................................
TEMPERATURE (F)
 YESTERDAY
  MAXIMUM         17    440 PM  62    2009  36    -19       34
  MINIMUM         11   1159 PM  -5    1962  21    -10       23
  AVERAGE         14                        28    -14       29

PRECIPITATION (IN)
  YESTERDAY        T             1.29 1983   0.07  -0.07     0.00
  MONTH TO DATE    0.68                      0.79  -0.11     0.70
  SINCE DEC 1      6.06                      5.38   0.68     4.16
  SINCE JAN 1      2.32                      2.96  -0.64     2.30

DEGREE DAYS
 HEATING
  YESTERDAY       51                        37     14       36
  MONTH TO DATE  366                       409    -43      409
  SINCE DEC 1   2221                      2656   -435     2605
  SINCE JUL 1   3214                      3962   -748     3907

 COOLING
  YESTERDAY        0                         0      0        0
  MONTH TO DATE    0                         0      0        0
  SINCE DEC 1      0                         0      0        0
  SINCE JAN 1      0                         0      0        0
..................................................................


WIND (MPH)
  HIGHEST WIND SPEED    28   HIGHEST WIND DIRECTION     W (270)
  HIGHEST GUST SPEED    38   HIGHEST GUST DIRECTION     W (270)
  AVERAGE WIND SPEED    15.9


SKY COVER
  POSSIBLE SUNSHINE  MM
  AVERAGE SKY COVER 0.9


WEATHER CONDITIONS
 THE FOLLOWING WEATHER WAS RECORDED YESTERDAY.
  LIGHT SNOW
  HAZE


RELATIVE HUMIDITY (PERCENT)
 HIGHEST    76           500 AM
 LOWEST     47           400 PM
 AVERAGE    62

..........................................................


THE ALTOONA CLIMATE NORMALS FOR TODAY
                         NORMAL    RECORD    YEAR
 MAXIMUM TEMPERATURE (F)   37        64      1999
 MINIMUM TEMPERATURE (F)   21        -5      2014


SUNRISE AND SUNSET
FEBRUARY 12 2016......SUNRISE   711 AM EST   SUNSET   545 PM EST
FEBRUARY 13 2016......SUNRISE   710 AM EST   SUNSET   546 PM EST


-  INDICATES NEGATIVE NUMBERS.
R  INDICATES RECORD WAS SET OR TIED.
MM INDICATES DATA IS MISSING.
T  INDICATES TRACE AMOUNT.




$$
