000
CDUS41 KCTP 210625
CLIAOO


CLIMATE REPORT
NATIONAL WEATHER SERVICE STATE COLLEGE PA
125 AM EST WED FEB 21 2018


...................................

...THE ALTOONA CLIMATE SUMMARY FOR FEBRUARY 20 2018...

CLIMATE NORMAL PERIOD 1981 TO 2010
CLIMATE RECORD PERIOD 1948 TO 2018


WEATHER ITEM   OBSERVED TIME   RECORD YEAR NORMAL DEPARTURE LAST
                VALUE   (LST)  VALUE       VALUE  FROM      YEAR
                                                  NORMAL
..................................................................
TEMPERATURE (F)
 YESTERDAY
  MAXIMUM         74R   408 PM  62    2016  38     36       60
                                      1994
  MINIMUM         36    254 AM  -6    2015  22     14       39
  AVERAGE         55                        30     25       50

PRECIPITATION (IN)
  YESTERDAY        0.00          1.14 1981   0.07  -0.07     0.00
  MONTH TO DATE    3.47                      1.43   2.04     1.15
  SINCE DEC 1      5.72                      6.02  -0.30     6.66
  SINCE JAN 1      4.77                      3.60   1.17     4.34

DEGREE DAYS
 HEATING
  YESTERDAY       10                        35    -25       15
  MONTH TO DATE  627                       730   -103      571
  SINCE DEC 1   2873                      2977   -104     2539
  SINCE JUL 1   3938                      4296   -358     3530

 COOLING
  YESTERDAY        0                         0      0        0
  MONTH TO DATE    0                         0      0        0
  SINCE DEC 1      0                         0      0        0
  SINCE JAN 1      0                         0      0        0
..................................................................


WIND (MPH)
  HIGHEST WIND SPEED    17   HIGHEST WIND DIRECTION     S (200)
  HIGHEST GUST SPEED    23   HIGHEST GUST DIRECTION    SW (210)
  AVERAGE WIND SPEED     6.6


SKY COVER
  POSSIBLE SUNSHINE  MM
  AVERAGE SKY COVER 0.1


WEATHER CONDITIONS
 THE FOLLOWING WEATHER WAS RECORDED YESTERDAY.
  FOG
  FOG W/VISIBILITY <= 1/4 MILE


RELATIVE HUMIDITY (PERCENT)
 HIGHEST   100          1200 AM
 LOWEST     49           300 PM
 AVERAGE    75

..........................................................


THE ALTOONA CLIMATE NORMALS FOR TODAY
                         NORMAL    RECORD    YEAR
 MAXIMUM TEMPERATURE (F)   39        71      1997
 MINIMUM TEMPERATURE (F)   22         1      1968


SUNRISE AND SUNSET
FEBRUARY 21 2018......SUNRISE   658 AM EST   SUNSET   556 PM EST
FEBRUARY 22 2018......SUNRISE   657 AM EST   SUNSET   557 PM EST


-  INDICATES NEGATIVE NUMBERS.
R  INDICATES RECORD WAS SET OR TIED.
MM INDICATES DATA IS MISSING.
T  INDICATES TRACE AMOUNT.




$$
