000
CDUS41 KCTP 300607
CLIAOO


CLIMATE REPORT
NATIONAL WEATHER SERVICE STATE COLLEGE PA
207 AM EDT TUE SEP 30 2014


...................................

...THE ALTOONA CLIMATE SUMMARY FOR SEPTEMBER 29 2014...

CLIMATE NORMAL PERIOD 1981 TO 2010
CLIMATE RECORD PERIOD 1948 TO 2014


WEATHER ITEM   OBSERVED TIME   RECORD YEAR NORMAL DEPARTURE LAST
                VALUE   (LST)  VALUE       VALUE  FROM      YEAR
                                                  NORMAL
..................................................................
TEMPERATURE (F)
 YESTERDAY
  MAXIMUM         76    359 PM  88    1953  67      9       72
  MINIMUM         53    622 AM  33    2000  46      7       42
  AVERAGE         65                        57      8       57

PRECIPITATION (IN)
  YESTERDAY        T             1.15 1973   0.11  -0.11     0.00
  MONTH TO DATE    0.31                      3.35  -3.04     2.04
  SINCE SEP 1      0.31                      3.35  -3.04     2.04
  SINCE JAN 1     28.93                     24.27   4.66    21.05

DEGREE DAYS
 HEATING
  YESTERDAY        0                         9     -9        8
  MONTH TO DATE  124                       138    -14      144
  SINCE SEP 1    124                       138    -14      144
  SINCE JUL 1    158                       162     -4      165

 COOLING
  YESTERDAY        0                         1     -1        0
  MONTH TO DATE   67                        48     19       55
  SINCE SEP 1     67                        48     19       55
  SINCE JAN 1    519                       521     -2      663
..................................................................


WIND (MPH)
  HIGHEST WIND SPEED     9   HIGHEST WIND DIRECTION    NW (310)
  HIGHEST GUST SPEED    11   HIGHEST GUST DIRECTION    NW (330)
  AVERAGE WIND SPEED     2.3


SKY COVER
  POSSIBLE SUNSHINE  MM
  AVERAGE SKY COVER 0.3


WEATHER CONDITIONS
 THE FOLLOWING WEATHER WAS RECORDED YESTERDAY.
  LIGHT RAIN
  FOG


RELATIVE HUMIDITY (PERCENT)
 HIGHEST   100           300 AM
 LOWEST     44           500 PM
 AVERAGE    72

..........................................................


THE ALTOONA CLIMATE NORMALS FOR TODAY
                         NORMAL    RECORD    YEAR
 MAXIMUM TEMPERATURE (F)   67        91      1953
 MINIMUM TEMPERATURE (F)   46        31      1951


SUNRISE AND SUNSET
SEPTEMBER 30 2014.....SUNRISE   709 AM EDT   SUNSET   657 PM EDT
OCTOBER  1 2014.......SUNRISE   710 AM EDT   SUNSET   656 PM EDT


-  INDICATES NEGATIVE NUMBERS.
R  INDICATES RECORD WAS SET OR TIED.
MM INDICATES DATA IS MISSING.
T  INDICATES TRACE AMOUNT.




$$
