000
CDUS41 KCTP 250654
CLIAOO


CLIMATE REPORT
NATIONAL WEATHER SERVICE STATE COLLEGE PA
254 AM EDT SUN SEP 25 2016


...................................

...THE ALTOONA CLIMATE SUMMARY FOR SEPTEMBER 24 2016...

CLIMATE NORMAL PERIOD 1981 TO 2010
CLIMATE RECORD PERIOD 1948 TO 2016


WEATHER ITEM   OBSERVED TIME   RECORD YEAR NORMAL DEPARTURE LAST
                VALUE   (LST)  VALUE       VALUE  FROM      YEAR
                                                  NORMAL
..................................................................
TEMPERATURE (F)
 YESTERDAY
  MAXIMUM         71    444 PM  91    1970  69      2       78
  MINIMUM         52   1132 PM  30    1963  48      4       45
  AVERAGE         62                        59      3       62

PRECIPITATION (IN)
  YESTERDAY        0.00          1.37 2001   0.11  -0.11     0.00
  MONTH TO DATE    0.72                      2.81  -2.09     1.73
  SINCE SEP 1      0.72                      2.81  -2.09     1.73
  SINCE JAN 1     18.38                     23.73  -5.35    25.89

DEGREE DAYS
 HEATING
  YESTERDAY        3                         7     -4        3
  MONTH TO DATE   11                        96    -85       48
  SINCE SEP 1     11                        96    -85       48
  SINCE JUL 1     15                       120   -105       62

 COOLING
  YESTERDAY        0                         1     -1        0
  MONTH TO DATE  118                        43     75      106
  SINCE SEP 1    118                        43     75      106
  SINCE JAN 1    862                       516    346      691
..................................................................


WIND (MPH)
  HIGHEST WIND SPEED    16   HIGHEST WIND DIRECTION     N (20)
  HIGHEST GUST SPEED    22   HIGHEST GUST DIRECTION     N (20)
  AVERAGE WIND SPEED     6.6


SKY COVER
  POSSIBLE SUNSHINE  MM
  AVERAGE SKY COVER 0.6


WEATHER CONDITIONS
 THE FOLLOWING WEATHER WAS RECORDED YESTERDAY.
  NO SIGNIFICANT WEATHER WAS OBSERVED.


RELATIVE HUMIDITY (PERCENT)
 HIGHEST    93           300 AM
 LOWEST     51           300 PM
 AVERAGE    72

..........................................................


THE ALTOONA CLIMATE NORMALS FOR TODAY
                         NORMAL    RECORD    YEAR
 MAXIMUM TEMPERATURE (F)   69        90      1970
 MINIMUM TEMPERATURE (F)   48        33      1963


SUNRISE AND SUNSET
SEPTEMBER 25 2016.....SUNRISE   704 AM EDT   SUNSET   705 PM EDT
SEPTEMBER 26 2016.....SUNRISE   705 AM EDT   SUNSET   703 PM EDT


-  INDICATES NEGATIVE NUMBERS.
R  INDICATES RECORD WAS SET OR TIED.
MM INDICATES DATA IS MISSING.
T  INDICATES TRACE AMOUNT.




$$
