000
CDUS41 KCTP 262218
CLIAOO


CLIMATE REPORT
NATIONAL WEATHER SERVICE STATE COLLEGE PA
517 PM EST THU FEB 26 2015


...................................

...THE ALTOONA CLIMATE SUMMARY FOR FEBRUARY 26 2015...
VALID TODAY AS OF 0500 PM LOCAL TIME.

CLIMATE NORMAL PERIOD 1981 TO 2010
CLIMATE RECORD PERIOD 1948 TO 2015


WEATHER ITEM   OBSERVED TIME   RECORD YEAR NORMAL DEPARTURE LAST
                VALUE   (LST)  VALUE       VALUE  FROM      YEAR
                                                  NORMAL
..................................................................
TEMPERATURE (F)
 TODAY
  MAXIMUM         27    421 PM  66    1951  40    -13       24
  MINIMUM         20   1034 AM  -2    1963  23     -3       11
  AVERAGE         24                        31     -7       18

PRECIPITATION (IN)
  TODAY            T             0.60 1957   0.07  -0.07      T
  MONTH TO DATE    0.92                      1.88  -0.96     2.52
  SINCE DEC 1      4.38                      6.47  -2.09     5.95
  SINCE JAN 1      2.52                      4.05  -1.53     3.36

DEGREE DAYS
 HEATING
  TODAY           41                        34      7       47
  MONTH TO DATE 1191                       936    255     1027
  SINCE DEC 1   3387                      3183    204     3328
  SINCE JUL 1   4689                      4489    200     4638

 COOLING
  TODAY            0                         0      0        0
  MONTH TO DATE    0                         0      0        0
  SINCE DEC 1      0                         0      0        0
  SINCE JAN 1      0                         0      0        0
..................................................................


WIND (MPH)
  HIGHEST WIND SPEED    12   HIGHEST WIND DIRECTION    NE (50)
  HIGHEST GUST SPEED    14   HIGHEST GUST DIRECTION     N (20)
  AVERAGE WIND SPEED     5.2


SKY COVER
  POSSIBLE SUNSHINE  MM
  AVERAGE SKY COVER 0.8


WEATHER CONDITIONS
 THE FOLLOWING WEATHER WAS RECORDED TODAY.
  NO SIGNIFICANT WEATHER WAS OBSERVED.


RELATIVE HUMIDITY (PERCENT)
 HIGHEST    68           300 AM
 LOWEST     52           800 AM
 AVERAGE    60

..........................................................


THE ALTOONA CLIMATE NORMALS FOR TOMORROW
                         NORMAL    RECORD    YEAR
 MAXIMUM TEMPERATURE (F)   40        74      1997
 MINIMUM TEMPERATURE (F)   23         0      1963


SUNRISE AND SUNSET
FEBRUARY 26 2015......SUNRISE   652 AM EST   SUNSET   601 PM EST
FEBRUARY 27 2015......SUNRISE   650 AM EST   SUNSET   602 PM EST


-  INDICATES NEGATIVE NUMBERS.
R  INDICATES RECORD WAS SET OR TIED.
MM INDICATES DATA IS MISSING.
T  INDICATES TRACE AMOUNT.




$$
