000
CDUS41 KCTP 250708
CLIAOO


CLIMATE REPORT
NATIONAL WEATHER SERVICE STATE COLLEGE PA
308 AM EDT THU MAY 25 2017


...................................

...THE ALTOONA CLIMATE SUMMARY FOR MAY 24 2017...

CLIMATE NORMAL PERIOD 1981 TO 2010
CLIMATE RECORD PERIOD 1948 TO 2017


WEATHER ITEM   OBSERVED TIME   RECORD YEAR NORMAL DEPARTURE LAST
                VALUE   (LST)  VALUE       VALUE  FROM      YEAR
                                                  NORMAL
..................................................................
TEMPERATURE (F)
 YESTERDAY
  MAXIMUM         67   1232 PM  86    1962  71     -4       77
  MINIMUM         55    357 AM  30    1963  50      5       50
  AVERAGE         61                        60      1       64

PRECIPITATION (IN)
  YESTERDAY        0.12          1.09 1978   0.13  -0.01     0.00
  MONTH TO DATE    3.78                      2.87   0.91     3.08
  SINCE MAR 1     10.39                      9.13   1.26     5.99
  SINCE JAN 1     15.02                     13.34   1.68     9.83

DEGREE DAYS
 HEATING
  YESTERDAY        4                         6     -2        1
  MONTH TO DATE  195                       206    -11      249
  SINCE MAR 1   1285                      1554   -269     1344
  SINCE JUL 1   4952                      6110  -1158     5168

 COOLING
  YESTERDAY        0                         1     -1        0
  MONTH TO DATE   41                        14     27        0
  SINCE MAR 1     61                        20     41        0
  SINCE JAN 1     61                        20     41        0
..................................................................


WIND (MPH)
  HIGHEST WIND SPEED    18   HIGHEST WIND DIRECTION    SE (150)
  HIGHEST GUST SPEED    25   HIGHEST GUST DIRECTION    SE (150)
  AVERAGE WIND SPEED     8.4


SKY COVER
  POSSIBLE SUNSHINE  MM
  AVERAGE SKY COVER 0.9


WEATHER CONDITIONS
 THE FOLLOWING WEATHER WAS RECORDED YESTERDAY.
  RAIN
  LIGHT RAIN
  FOG
  HAZE


RELATIVE HUMIDITY (PERCENT)
 HIGHEST    93          1100 PM
 LOWEST     60          1100 AM
 AVERAGE    77

..........................................................


THE ALTOONA CLIMATE NORMALS FOR TODAY
                         NORMAL    RECORD    YEAR
 MAXIMUM TEMPERATURE (F)   71        86      2015
                                             1991
 MINIMUM TEMPERATURE (F)   50        35      1956


SUNRISE AND SUNSET
MAY 25 2017...........SUNRISE   549 AM EDT   SUNSET   832 PM EDT
MAY 26 2017...........SUNRISE   549 AM EDT   SUNSET   833 PM EDT


-  INDICATES NEGATIVE NUMBERS.
R  INDICATES RECORD WAS SET OR TIED.
MM INDICATES DATA IS MISSING.
T  INDICATES TRACE AMOUNT.




$$
