000
CDUS41 KCTP 250613
CLIAOO


CLIMATE REPORT
NATIONAL WEATHER SERVICE STATE COLLEGE PA
213 AM EDT SAT OCT 25 2014


...................................

...THE ALTOONA CLIMATE SUMMARY FOR OCTOBER 24 2014...

CLIMATE NORMAL PERIOD 1981 TO 2010
CLIMATE RECORD PERIOD 1948 TO 2014


WEATHER ITEM   OBSERVED TIME   RECORD YEAR NORMAL DEPARTURE LAST
                VALUE   (LST)  VALUE       VALUE  FROM      YEAR
                                                  NORMAL
..................................................................
TEMPERATURE (F)
 YESTERDAY
  MAXIMUM         59    208 PM  77    1963  59      0       45
  MINIMUM         44    909 PM  20    1969  39      5       34
  AVERAGE         52                        49      3       40

PRECIPITATION (IN)
  YESTERDAY        0.00          2.35 1959   0.09  -0.09     0.01
  MONTH TO DATE    2.91                      1.98   0.93     3.74
  SINCE SEP 1      3.67                      5.44  -1.77     5.78
  SINCE JAN 1     32.29                     26.36   5.93    24.79

DEGREE DAYS
 HEATING
  YESTERDAY       13                        16     -3       25
  MONTH TO DATE  251                       314    -63      215
  SINCE SEP 1    375                       462    -87      363
  SINCE JUL 1    409                       485    -76      384

 COOLING
  YESTERDAY        0                         0      0        0
  MONTH TO DATE    2                         0      2       32
  SINCE SEP 1     69                        47     22       87
  SINCE JAN 1    521                       522     -1      695
..................................................................


WIND (MPH)
  HIGHEST WIND SPEED    17   HIGHEST WIND DIRECTION    NW (310)
  HIGHEST GUST SPEED    23   HIGHEST GUST DIRECTION    NW (300)
  AVERAGE WIND SPEED     8.6


SKY COVER
  POSSIBLE SUNSHINE  MM
  AVERAGE SKY COVER 0.3


WEATHER CONDITIONS
 THE FOLLOWING WEATHER WAS RECORDED YESTERDAY.
  NO SIGNIFICANT WEATHER WAS OBSERVED.


RELATIVE HUMIDITY (PERCENT)
 HIGHEST    83           700 AM
 LOWEST     47           100 PM
 AVERAGE    65

..........................................................


THE ALTOONA CLIMATE NORMALS FOR TODAY
                         NORMAL    RECORD    YEAR
 MAXIMUM TEMPERATURE (F)   58        77      1963
 MINIMUM TEMPERATURE (F)   39        26      1962


SUNRISE AND SUNSET
OCTOBER 25 2014.......SUNRISE   735 AM EDT   SUNSET   619 PM EDT
OCTOBER 26 2014.......SUNRISE   736 AM EDT   SUNSET   618 PM EDT


-  INDICATES NEGATIVE NUMBERS.
R  INDICATES RECORD WAS SET OR TIED.
MM INDICATES DATA IS MISSING.
T  INDICATES TRACE AMOUNT.




$$
