000
CDUS41 KCTP 240615
CLIAOO


CLIMATE REPORT
NATIONAL WEATHER SERVICE STATE COLLEGE PA
214 AM EDT WED AUG 24 2016


...................................

...THE ALTOONA CLIMATE SUMMARY FOR AUGUST 23 2016...

CLIMATE NORMAL PERIOD 1981 TO 2010
CLIMATE RECORD PERIOD 1948 TO 2016


WEATHER ITEM   OBSERVED TIME   RECORD YEAR NORMAL DEPARTURE LAST
                VALUE   (LST)  VALUE       VALUE  FROM      YEAR
                                                  NORMAL
..................................................................
TEMPERATURE (F)
 YESTERDAY
  MAXIMUM         80    300 PM  94    1968  79      1       80
  MINIMUM         51    608 AM  42    1952  58     -7       49
  AVERAGE         66                        69     -3       65

PRECIPITATION (IN)
  YESTERDAY        0.00          1.08 1970   0.10  -0.10     0.00
  MONTH TO DATE    2.87                      2.19   0.68     1.00
  SINCE JUN 1      7.16                      8.93  -1.77    14.27
  SINCE JAN 1     17.14                     23.11  -5.97    23.77

DEGREE DAYS
 HEATING
  YESTERDAY        0                         1     -1        0
  MONTH TO DATE    0                        15    -15        2
  SINCE JUN 1     27                        83    -56       44
  SINCE JUL 1      4                        25    -21        5

 COOLING
  YESTERDAY        1                         4     -3        0
  MONTH TO DATE  207                       124     83      121
  SINCE JUN 1    627                       418    209      455
  SINCE JAN 1    678                       451    227      559
..................................................................


WIND (MPH)
  HIGHEST WIND SPEED    10   HIGHEST WIND DIRECTION     S (180)
  HIGHEST GUST SPEED    14   HIGHEST GUST DIRECTION     S (190)
  AVERAGE WIND SPEED     2.7


SKY COVER
  POSSIBLE SUNSHINE  MM
  AVERAGE SKY COVER 0.0


WEATHER CONDITIONS
 THE FOLLOWING WEATHER WAS RECORDED YESTERDAY.
  FOG


RELATIVE HUMIDITY (PERCENT)
 HIGHEST   100          1200 AM
 LOWEST     45           300 PM
 AVERAGE    73

..........................................................


THE ALTOONA CLIMATE NORMALS FOR TODAY
                         NORMAL    RECORD    YEAR
 MAXIMUM TEMPERATURE (F)   79        91      1968
 MINIMUM TEMPERATURE (F)   58        42      1952


SUNRISE AND SUNSET
AUGUST 24 2016........SUNRISE   634 AM EDT   SUNSET   757 PM EDT
AUGUST 25 2016........SUNRISE   634 AM EDT   SUNSET   755 PM EDT


-  INDICATES NEGATIVE NUMBERS.
R  INDICATES RECORD WAS SET OR TIED.
MM INDICATES DATA IS MISSING.
T  INDICATES TRACE AMOUNT.




$$
