000
CDUS41 KCTP 260617
CLIAOO


CLIMATE REPORT
NATIONAL WEATHER SERVICE STATE COLLEGE PA
217 AM EDT WED JUL 26 2017


...................................

...THE ALTOONA CLIMATE SUMMARY FOR JULY 25 2017...

CLIMATE NORMAL PERIOD 1981 TO 2010
CLIMATE RECORD PERIOD 1948 TO 2017


WEATHER ITEM   OBSERVED TIME   RECORD YEAR NORMAL DEPARTURE LAST
                VALUE   (LST)  VALUE       VALUE  FROM      YEAR
                                                  NORMAL
..................................................................
TEMPERATURE (F)
 YESTERDAY
  MAXIMUM         71    526 PM  96    2001  82    -11       95
  MINIMUM         56   1159 PM  48    1957  60     -4       69
  AVERAGE         64                        71     -7       82

PRECIPITATION (IN)
  YESTERDAY        0.00          1.76 2001   0.10  -0.10     0.00
  MONTH TO DATE    3.62                      2.65   0.97     0.91
  SINCE JUN 1      7.74                      6.13   1.61     3.42
  SINCE JAN 1     25.03                     20.31   4.72    13.40

DEGREE DAYS
 HEATING
  YESTERDAY        1                         0      1        0
  MONTH TO DATE    1                         1      0        4
  SINCE JUN 1     32                        59    -27       27
  SINCE JUL 1      1                         1      0        4

 COOLING
  YESTERDAY        0                         6     -6       17
  MONTH TO DATE  202                       149     53      228
  SINCE JUN 1    358                       258    100      361
  SINCE JAN 1    431                       291    140      412
..................................................................


WIND (MPH)
  HIGHEST WIND SPEED    15   HIGHEST WIND DIRECTION    NW (330)
  HIGHEST GUST SPEED    21   HIGHEST GUST DIRECTION    NW (330)
  AVERAGE WIND SPEED     6.1


SKY COVER
  POSSIBLE SUNSHINE  MM
  AVERAGE SKY COVER 0.8


WEATHER CONDITIONS
 THE FOLLOWING WEATHER WAS RECORDED YESTERDAY.
  HAZE


RELATIVE HUMIDITY (PERCENT)
 HIGHEST   100           900 PM
 LOWEST     66           400 PM
 AVERAGE    83

..........................................................


THE ALTOONA CLIMATE NORMALS FOR TODAY
                         NORMAL    RECORD    YEAR
 MAXIMUM TEMPERATURE (F)   82        95      1952
 MINIMUM TEMPERATURE (F)   60        49      2013


SUNRISE AND SUNSET
JULY 26 2017..........SUNRISE   606 AM EDT   SUNSET   833 PM EDT
JULY 27 2017..........SUNRISE   607 AM EDT   SUNSET   832 PM EDT


-  INDICATES NEGATIVE NUMBERS.
R  INDICATES RECORD WAS SET OR TIED.
MM INDICATES DATA IS MISSING.
T  INDICATES TRACE AMOUNT.




$$
