000
CDUS41 KCTP 262223
CLIAOO


CLIMATE REPORT
NATIONAL WEATHER SERVICE STATE COLLEGE PA
523 PM EST FRI DEC 26 2014


...................................

...THE ALTOONA CLIMATE SUMMARY FOR DECEMBER 26 2014...
VALID TODAY AS OF 0500 PM LOCAL TIME.

CLIMATE NORMAL PERIOD 1981 TO 2010
CLIMATE RECORD PERIOD 1948 TO 2014


WEATHER ITEM   OBSERVED TIME   RECORD YEAR NORMAL DEPARTURE LAST
                VALUE   (LST)  VALUE       VALUE  FROM      YEAR
                                                  NORMAL
..................................................................
TEMPERATURE (F)
 TODAY
  MAXIMUM         47    351 PM  66    1982  35     12       36
  MINIMUM         27    756 AM  -4    1983  21      6       24
  AVERAGE         37                        28      9       30

PRECIPITATION (IN)
  TODAY            0.00          0.85 1957   0.07  -0.07      T
  MONTH TO DATE    1.86                      2.10  -0.24     1.84
  SINCE DEC 1      1.86                      2.10  -0.24     1.84
  SINCE JAN 1     35.85                     32.31   3.54    29.13

DEGREE DAYS
 HEATING
  TODAY           28                        37     -9       35
  MONTH TO DATE  801                       878    -77      793
  SINCE DEC 1    801                       878    -77      793
  SINCE JUL 1   2103                      2188    -85     2103

 COOLING
  TODAY            0                         0      0        0
  MONTH TO DATE    0                         0      0        0
  SINCE DEC 1      0                         0      0        0
  SINCE JAN 1    521                       522     -1      695
..................................................................


WIND (MPH)
  HIGHEST WIND SPEED    13   HIGHEST WIND DIRECTION     W (280)
  HIGHEST GUST SPEED    17   HIGHEST GUST DIRECTION     W (260)
  AVERAGE WIND SPEED     4.2


SKY COVER
  POSSIBLE SUNSHINE  MM
  AVERAGE SKY COVER 0.1


WEATHER CONDITIONS
 THE FOLLOWING WEATHER WAS RECORDED TODAY.
  NO SIGNIFICANT WEATHER WAS OBSERVED.


RELATIVE HUMIDITY (PERCENT)
 HIGHEST    85           500 AM
 LOWEST     58           300 PM
 AVERAGE    72

..........................................................


THE ALTOONA CLIMATE NORMALS FOR TOMORROW
                         NORMAL    RECORD    YEAR
 MAXIMUM TEMPERATURE (F)   35        64      1971
 MINIMUM TEMPERATURE (F)   21        -3      1950


SUNRISE AND SUNSET
DECEMBER 26 2014......SUNRISE   735 AM EST   SUNSET   453 PM EST
DECEMBER 27 2014......SUNRISE   735 AM EST   SUNSET   454 PM EST


-  INDICATES NEGATIVE NUMBERS.
R  INDICATES RECORD WAS SET OR TIED.
MM INDICATES DATA IS MISSING.
T  INDICATES TRACE AMOUNT.




$$
