000
CDUS41 KCTP 190640
CLIAOO


CLIMATE REPORT
NATIONAL WEATHER SERVICE STATE COLLEGE PA
240 AM EDT FRI SEP 19 2014


...................................

...THE ALTOONA CLIMATE SUMMARY FOR SEPTEMBER 18 2014...

CLIMATE NORMAL PERIOD 1981 TO 2010
CLIMATE RECORD PERIOD 1948 TO 2014


WEATHER ITEM   OBSERVED TIME   RECORD YEAR NORMAL DEPARTURE LAST
                VALUE   (LST)  VALUE       VALUE  FROM      YEAR
                                                  NORMAL
..................................................................
TEMPERATURE (F)
 YESTERDAY
  MAXIMUM         70    307 PM  87    1965  71     -1       70
  MINIMUM         46   1117 PM  34    1959  50     -4       40
  AVERAGE         58                        61     -3       55

PRECIPITATION (IN)
  YESTERDAY        0.00          1.22 2012   0.12  -0.12     0.00
  MONTH TO DATE    0.17                      2.12  -1.95     1.22
  SINCE SEP 1      0.17                      2.12  -1.95     1.22
  SINCE JAN 1     28.79                     23.04   5.75    20.23

DEGREE DAYS
 HEATING
  YESTERDAY        7                         5      2       10
  MONTH TO DATE   64                        57      7       68
  SINCE SEP 1     64                        57      7       68
  SINCE JUL 1     98                        81     17       89

 COOLING
  YESTERDAY        0                         1     -1        0
  MONTH TO DATE   61                        37     24       55
  SINCE SEP 1     61                        37     24       55
  SINCE JAN 1    513                       510      3      663
..................................................................


WIND (MPH)
  HIGHEST WIND SPEED    13   HIGHEST WIND DIRECTION     N (10)
  HIGHEST GUST SPEED    18   HIGHEST GUST DIRECTION     N (340)
  AVERAGE WIND SPEED     3.0


SKY COVER
  POSSIBLE SUNSHINE  MM
  AVERAGE SKY COVER 0.4


WEATHER CONDITIONS
 THE FOLLOWING WEATHER WAS RECORDED YESTERDAY.
  FOG
  FOG W/VISIBILITY <= 1/4 MILE


RELATIVE HUMIDITY (PERCENT)
 HIGHEST   100           100 AM
 LOWEST     42           100 PM
 AVERAGE    71

..........................................................


THE ALTOONA CLIMATE NORMALS FOR TODAY
                         NORMAL    RECORD    YEAR
 MAXIMUM TEMPERATURE (F)   71        88      1983
 MINIMUM TEMPERATURE (F)   50        33      1959


SUNRISE AND SUNSET
SEPTEMBER 19 2014.....SUNRISE   658 AM EDT   SUNSET   715 PM EDT
SEPTEMBER 20 2014.....SUNRISE   659 AM EDT   SUNSET   714 PM EDT


-  INDICATES NEGATIVE NUMBERS.
R  INDICATES RECORD WAS SET OR TIED.
MM INDICATES DATA IS MISSING.
T  INDICATES TRACE AMOUNT.




$$
