726
CDUS45 KBOU 220725
CLIAPA


CLIMATE REPORT
NATIONAL WEATHER SERVICE DENVER/BOULDER CO
1225 AM MST SUN JAN 22 2017


...................................

...THE CENTENNIAL CO CLIMATE SUMMARY FOR JANUARY 21 2017...

CLIMATE NORMAL PERIOD 1981 TO 2010
CLIMATE RECORD PERIOD 9999 TO 9999


WEATHER ITEM   OBSERVED RECORD YEAR NORMAL DEPARTURE LAST
                VALUE   VALUE       VALUE  FROM      YEAR
                                           NORMAL
...........................................................
TEMPERATURE (F)
 YESTERDAY
  MAXIMUM         39     MM      MM  44     -5       39
  MINIMUM         22     MM      MM  19      3       22
  AVERAGE         31                 32     -1       31

PRECIPITATION (IN)
  YESTERDAY        0.00  MM      MM   0.02  -0.02     0.00
  MONTH TO DATE    0.16               0.26  -0.10     0.20
  SINCE DEC 1      0.46               0.87  -0.41     0.40
  SINCE JAN 1      0.16               0.26  -0.10     0.20

DEGREE DAYS
 HEATING
  YESTERDAY       34
  MONTH TO DATE  749

 COOLING
  YESTERDAY        0
  MONTH TO DATE    0
...........................................................


WIND (MPH)
  RESULTANT WIND SPEED   2   RESULTANT WIND DIRECTION  NW (300)
  HIGHEST WIND SPEED    15   HIGHEST WIND DIRECTION    SW (230)
  HIGHEST GUST SPEED    18   HIGHEST GUST DIRECTION    SW (230)


SKY COVER
  POSSIBLE SUNSHINE  MM
  AVERAGE SKY COVER 0.6


WEATHER CONDITIONS
 THE FOLLOWING WEATHER WAS RECORDED YESTERDAY.
  NO SIGNIFICANT WEATHER WAS OBSERVED.


RELATIVE HUMIDITY (PERCENT)
 HIGHEST    78
 LOWEST     49
 AVERAGE    64

..........................................................


THE CENTENNIAL CO CLIMATE NORMALS FOR TODAY
                         NORMAL    RECORD    YEAR
 MAXIMUM TEMPERATURE (F)   44        MM        MM
 MINIMUM TEMPERATURE (F)   19        MM        MM


SUNRISE AND SUNSET
JANUARY 22 2017.......SUNRISE   714 AM MST   SUNSET   508 PM MST
JANUARY 23 2017.......SUNRISE   714 AM MST   SUNSET   509 PM MST


-  INDICATES NEGATIVE NUMBERS.
R  INDICATES RECORD WAS SET OR TIED.
MM INDICATES DATA IS MISSING.
T  INDICATES TRACE AMOUNT.




$$
