000
CDUS42 KMFL 020830
CLIAPF


CLIMATE REPORT
NATIONAL WEATHER SERVICE MIAMI, FL
430 AM EDT MON MAY 2 2016


...................................

...THE NAPLES CLIMATE SUMMARY FOR MAY 1 2016...

CLIMATE NORMAL PERIOD 1981 TO 2010
CLIMATE RECORD PERIOD 1942 TO 2016


WEATHER ITEM   OBSERVED TIME   RECORD YEAR NORMAL DEPARTURE LAST
                VALUE   (LST)  VALUE       VALUE  FROM      YEAR
                                                  NORMAL
..................................................................
TEMPERATURE (F)
 YESTERDAY
  MAXIMUM         89   1208 PM  95    2011  86      3       81
  MINIMUM         70    501 AM  53    1992  66      4       64
                                      1977
                                      1967
  AVERAGE         80                        76      4       73

PRECIPITATION (IN)
  YESTERDAY        T             1.37 1979   0.06  -0.06     0.00
  MONTH TO DATE    T                         0.06  -0.06     0.00
  SINCE NOV 1     14.24                     12.24   2.00     6.14
  SINCE JAN 1      9.62                      8.75   0.87     4.84

SNOWFALL (IN)
  YESTERDAY        0.0
  MONTH TO DATE    0.0
  SINCE MAR 1      0.0
  SINCE JUL 1      0.0
  SNOW DEPTH       0

DEGREE DAYS
 HEATING
  YESTERDAY        0                         0      0        0
  MONTH TO DATE    0                         0      0        0
  SINCE MAR 1      4                        27    -23        1
  SINCE JUL 1    142                       260   -118      198

 COOLING
  YESTERDAY       15                        11      4        8
  MONTH TO DATE   15                        11      4        8
  SINCE MAR 1    597                       440    157      725
  SINCE JAN 1    759                       631    128      901
..................................................................


WIND (MPH)
  HIGHEST WIND SPEED    18   HIGHEST WIND DIRECTION    SW (230)
  HIGHEST GUST SPEED    23   HIGHEST GUST DIRECTION    SW (220)
  AVERAGE WIND SPEED     8.6


SKY COVER
  AVERAGE SKY COVER 0.3


WEATHER CONDITIONS
 THE FOLLOWING WEATHER WAS RECORDED YESTERDAY.
  NO SIGNIFICANT WEATHER WAS OBSERVED.


RELATIVE HUMIDITY (PERCENT)
 HIGHEST    97
 LOWEST     50
 AVERAGE    74

..........................................................


THE NAPLES CLIMATE NORMALS FOR TODAY
                         NORMAL    RECORD    YEAR
 MAXIMUM TEMPERATURE (F)   86        93      2011
 MINIMUM TEMPERATURE (F)   66        52      1992


SUNRISE AND SUNSET
MAY  2 2016...........SUNRISE   649 AM EDT   SUNSET   800 PM EDT
MAY  3 2016...........SUNRISE   648 AM EDT   SUNSET   800 PM EDT


-  INDICATES NEGATIVE NUMBERS.
R  INDICATES RECORD WAS SET OR TIED.
MM INDICATES DATA IS MISSING.
T  INDICATES TRACE AMOUNT.




$$
