000
CDUS42 KMFL 160924
CLIAPF


CLIMATE REPORT
NATIONAL WEATHER SERVICE MIAMI, FL
424 AM EST TUE JAN 16 2018


...................................

...THE NAPLES CLIMATE SUMMARY FOR JANUARY 15 2018...

CLIMATE NORMAL PERIOD 1981 TO 2010
CLIMATE RECORD PERIOD 1942 TO 2018


WEATHER ITEM   OBSERVED TIME   RECORD YEAR NORMAL DEPARTURE LAST
                VALUE   (LST)  VALUE       VALUE  FROM      YEAR
                                                  NORMAL
..................................................................
TEMPERATURE (F)
 YESTERDAY
  MAXIMUM         74    326 PM  88    1947  75     -1       80
  MINIMUM         48    803 AM  30    1964  54     -6       64
  AVERAGE         61                        64     -3       72

PRECIPITATION (IN)
  YESTERDAY        0.00          1.80 1991   0.05  -0.05      T
  MONTH TO DATE    0.14                      0.81  -0.67     0.38
  SINCE NOV 1      1.29                      4.30  -3.01     0.73
  SINCE JAN 1      0.14                      0.81  -0.67     0.38

SNOWFALL (IN)
  YESTERDAY        0.0
  MONTH TO DATE    0.0
  SINCE DEC 1      0.0
  SINCE JUL 1      0.0
  SNOW DEPTH       0

DEGREE DAYS
 HEATING
  YESTERDAY        4                         4      0        0
  MONTH TO DATE   86                        54     32       20
  SINCE DEC 1    133                       118     15       25
  SINCE JUL 1    137                       132      5       29

 COOLING
  YESTERDAY        0                         3     -3        7
  MONTH TO DATE   28                        45    -17       81
  SINCE DEC 1    187                       165     22      348
  SINCE JAN 1     28                        45    -17       81
..................................................................


WIND (MPH)
  HIGHEST WIND SPEED    20   HIGHEST WIND DIRECTION    NE (30)
  HIGHEST GUST SPEED    27   HIGHEST GUST DIRECTION    NE (30)
  AVERAGE WIND SPEED    11.6


SKY COVER
  AVERAGE SKY COVER 0.2


WEATHER CONDITIONS
 THE FOLLOWING WEATHER WAS RECORDED YESTERDAY.
  NO SIGNIFICANT WEATHER WAS OBSERVED.


RELATIVE HUMIDITY (PERCENT)
 HIGHEST    93
 LOWEST     49
 AVERAGE    71

..........................................................


THE NAPLES CLIMATE NORMALS FOR TODAY
                         NORMAL    RECORD    YEAR
 MAXIMUM TEMPERATURE (F)   75        86      1947
 MINIMUM TEMPERATURE (F)   54        33      1978


SUNRISE AND SUNSET
JANUARY 16 2018.......SUNRISE   716 AM EST   SUNSET   558 PM EST
JANUARY 17 2018.......SUNRISE   716 AM EST   SUNSET   559 PM EST


-  INDICATES NEGATIVE NUMBERS.
R  INDICATES RECORD WAS SET OR TIED.
MM INDICATES DATA IS MISSING.
T  INDICATES TRACE AMOUNT.




$$
