000
CDUS42 KMFL 282016
CLIAPF


CLIMATE REPORT
NATIONAL WEATHER SERVICE MIAMI, FL
416 PM EDT FRI APR 28 2017


...................................

...THE NAPLES CLIMATE SUMMARY FOR APRIL 28 2017...
VALID TODAY AS OF 0400 PM LOCAL TIME.

CLIMATE NORMAL PERIOD 1981 TO 2010
CLIMATE RECORD PERIOD 1942 TO 2017


WEATHER ITEM   OBSERVED TIME   RECORD YEAR NORMAL DEPARTURE LAST
                VALUE   (LST)  VALUE       VALUE  FROM      YEAR
                                                  NORMAL
..................................................................
TEMPERATURE (F)
 TODAY
  MAXIMUM         93R   115 PM  91    2011  85      8       88
  MINIMUM         75    615 AM  49    1978  65     10       71
  AVERAGE         84                        75      9       80

PRECIPITATION (IN)
  TODAY            0.07          0.80 1995   0.06   0.01     0.00
  MONTH TO DATE    0.96                      2.24  -1.28     0.47
  SINCE NOV 1      3.37                     12.06  -8.69    14.24
  SINCE JAN 1      3.02                      8.57  -5.55     9.62

SNOWFALL (IN)
  TODAY            0.0
  MONTH TO DATE    0.0
  SINCE MAR 1      0.0
  SINCE JUL 1      0.0
  SNOW DEPTH       0

DEGREE DAYS
 HEATING
  TODAY            0                         0      0        0
  MONTH TO DATE    0                         0      0        0
  SINCE MAR 1     11                        23    -12        4
  SINCE JUL 1     67                       256   -189      142

 COOLING
  TODAY           19                        10      9       15
  MONTH TO DATE  316                       231     85      293
  SINCE MAR 1    513                       407    106      553
  SINCE JAN 1    836                       598    238      715
..................................................................


WIND (MPH)
  HIGHEST WIND SPEED    22   HIGHEST WIND DIRECTION     E (100)
  HIGHEST GUST SPEED    29   HIGHEST GUST DIRECTION     E (100)
  AVERAGE WIND SPEED     9.3


SKY COVER
  AVERAGE SKY COVER 0.6


WEATHER CONDITIONS
 THE FOLLOWING WEATHER WAS RECORDED TODAY.
  RAIN
  FOG
  HAZE


RELATIVE HUMIDITY (PERCENT)
 HIGHEST   100
 LOWEST     49
 AVERAGE    75

..........................................................


THE NAPLES CLIMATE NORMALS FOR TOMORROW
                         NORMAL    RECORD    YEAR
 MAXIMUM TEMPERATURE (F)   86        92      1996
                                             1991
 MINIMUM TEMPERATURE (F)   65        45      1973


SUNRISE AND SUNSET
APRIL 28 2017.........SUNRISE   652 AM EDT   SUNSET   757 PM EDT
APRIL 29 2017.........SUNRISE   651 AM EDT   SUNSET   758 PM EDT


-  INDICATES NEGATIVE NUMBERS.
R  INDICATES RECORD WAS SET OR TIED.
MM INDICATES DATA IS MISSING.
T  INDICATES TRACE AMOUNT.




$$
