000
CDUS42 KMFL 230828
CLIAPF


CLIMATE REPORT
NATIONAL WEATHER SERVICE MIAMI, FL
427 AM EDT MON OCT 23 2017


...................................

...THE NAPLES CLIMATE SUMMARY FOR OCTOBER 22 2017...

CLIMATE NORMAL PERIOD 1981 TO 2010
CLIMATE RECORD PERIOD 1942 TO 2017


WEATHER ITEM   OBSERVED TIME   RECORD YEAR NORMAL DEPARTURE LAST
                VALUE   (LST)  VALUE       VALUE  FROM      YEAR
                                                  NORMAL
..................................................................
TEMPERATURE (F)
 YESTERDAY
  MAXIMUM         89    252 PM  92    1990  86      3       78
  MINIMUM         75    637 AM  51    1976  69      6       62
  AVERAGE         82                        77      5       70

PRECIPITATION (IN)
  YESTERDAY        0.00          2.02 1965   0.09  -0.09     0.00
  MONTH TO DATE    1.47                      3.40  -1.93     4.60
  SINCE JUN 1     60.92                     35.76  25.16    32.10
  SINCE JAN 1     66.55                     47.61  18.94    44.20

SNOWFALL (IN)
  YESTERDAY        0.0
  MONTH TO DATE    0.0
  SINCE SEP 1      0.0
  SINCE JUL 1      0.0
  SNOW DEPTH       0

DEGREE DAYS
 HEATING
  YESTERDAY        0                         0      0        0
  MONTH TO DATE    0                         0      0        0
  SINCE SEP 1      0                         0      0        0
  SINCE JUL 1      0                         0      0        0

 COOLING
  YESTERDAY       17                        12      5        5
  MONTH TO DATE  359                       315     44      346
  SINCE SEP 1    819                       835    -16      897
  SINCE JAN 1   3859                      3492    367     3813
..................................................................


WIND (MPH)
  HIGHEST WIND SPEED    20   HIGHEST WIND DIRECTION    SE (120)
  HIGHEST GUST SPEED    25   HIGHEST GUST DIRECTION     E (110)
  AVERAGE WIND SPEED     9.6


SKY COVER
  AVERAGE SKY COVER 0.4


WEATHER CONDITIONS
 THE FOLLOWING WEATHER WAS RECORDED YESTERDAY.
  NO SIGNIFICANT WEATHER WAS OBSERVED.


RELATIVE HUMIDITY (PERCENT)
 HIGHEST   100
 LOWEST     55
 AVERAGE    78

..........................................................


THE NAPLES CLIMATE NORMALS FOR TODAY
                         NORMAL    RECORD    YEAR
 MAXIMUM TEMPERATURE (F)   86        91      1985
 MINIMUM TEMPERATURE (F)   69        50      1976


SUNRISE AND SUNSET
OCTOBER 23 2017.......SUNRISE   731 AM EDT   SUNSET   652 PM EDT
OCTOBER 24 2017.......SUNRISE   731 AM EDT   SUNSET   651 PM EDT


-  INDICATES NEGATIVE NUMBERS.
R  INDICATES RECORD WAS SET OR TIED.
MM INDICATES DATA IS MISSING.
T  INDICATES TRACE AMOUNT.




$$
