000
CDUS42 KMFL 162016
CLIAPF


CLIMATE REPORT
NATIONAL WEATHER SERVICE MIAMI, FL
416 PM EDT WED AUG 16 2017


...................................

...THE NAPLES CLIMATE SUMMARY FOR AUGUST 16 2017...
VALID TODAY AS OF 0400 PM LOCAL TIME.

CLIMATE NORMAL PERIOD 1981 TO 2010
CLIMATE RECORD PERIOD 1942 TO 2017


WEATHER ITEM   OBSERVED TIME   RECORD YEAR NORMAL DEPARTURE LAST
                VALUE   (LST)  VALUE       VALUE  FROM      YEAR
                                                  NORMAL
..................................................................
TEMPERATURE (F)
 TODAY
  MAXIMUM         92    103 PM  97    2001  91      1       93
  MINIMUM         78    307 PM  67    1961  75      3       78
  AVERAGE         85                        83      2       86

PRECIPITATION (IN)
  TODAY            0.03          3.38 2003   0.28  -0.25     0.20
  MONTH TO DATE    4.82                      4.45   0.37     5.76
  SINCE JUN 1     30.69                     20.54  10.15    16.97
  SINCE JAN 1     36.32                     32.39   3.93    29.07

SNOWFALL (IN)
  TODAY            0.0
  MONTH TO DATE    0.0
  SINCE JUN 1      0.0
  SINCE JUL 1      0.0
  SNOW DEPTH       0

DEGREE DAYS
 HEATING
  TODAY            0                         0      0        0
  MONTH TO DATE    0                         0      0        0
  SINCE JUN 1      0                         0      0        0
  SINCE JUL 1      0                         0      0        0

 COOLING
  TODAY           20                        18      2       21
  MONTH TO DATE  310                       288     22      302
  SINCE JUN 1   1427                      1354     73     1442
  SINCE JAN 1   2771                      2382    389     2626
..................................................................


WIND (MPH)
  HIGHEST WIND SPEED    17   HIGHEST WIND DIRECTION    NE (40)
  HIGHEST GUST SPEED    22   HIGHEST GUST DIRECTION    NE (40)
  AVERAGE WIND SPEED     4.2


SKY COVER
  AVERAGE SKY COVER 0.1


WEATHER CONDITIONS
 THE FOLLOWING WEATHER WAS RECORDED TODAY.
  THUNDERSTORM
  LIGHT RAIN


RELATIVE HUMIDITY (PERCENT)
 HIGHEST    94
 LOWEST     60
 AVERAGE    77

..........................................................


THE NAPLES CLIMATE NORMALS FOR TOMORROW
                         NORMAL    RECORD    YEAR
 MAXIMUM TEMPERATURE (F)   91        97      2001
 MINIMUM TEMPERATURE (F)   75        70      1982
                                             1973
                                             1966


SUNRISE AND SUNSET
AUGUST 16 2017........SUNRISE   700 AM EDT   SUNSET   802 PM EDT
AUGUST 17 2017........SUNRISE   701 AM EDT   SUNSET   801 PM EDT


-  INDICATES NEGATIVE NUMBERS.
R  INDICATES RECORD WAS SET OR TIED.
MM INDICATES DATA IS MISSING.
T  INDICATES TRACE AMOUNT.




$$
