000
CDUS42 KMFL 011245
CLIAPF


CLIMATE REPORT
NATIONAL WEATHER SERVICE MIAMI, FL
845 AM EDT WED OCT 1 2014


...................................

...THE NAPLES CLIMATE SUMMARY FOR SEPTEMBER 30 2014...

CLIMATE NORMAL PERIOD 1981 TO 2010
CLIMATE RECORD PERIOD 1942 TO 2014


WEATHER ITEM   OBSERVED TIME   RECORD YEAR NORMAL DEPARTURE LAST
                VALUE   (LST)  VALUE       VALUE  FROM      YEAR
                                                  NORMAL
..................................................................
TEMPERATURE (F)
 YESTERDAY
  MAXIMUM         89    133 PM  95    1988  89      0       89
  MINIMUM         76    245 AM  67    1983  73      3       72
  AVERAGE         83                        81      2       81

PRECIPITATION (IN)
  YESTERDAY        0.00          2.70 1951   0.23  -0.23     0.14
  MONTH TO DATE   10.08                      7.69   2.39    10.97
  SINCE JUN 1     39.10                     32.36   6.74    36.64
  SINCE JAN 1     47.93                     44.21   3.72    46.98

SNOWFALL (IN)
  YESTERDAY        0.0
  MONTH TO DATE    0.0
  SINCE SEP 1      0.0
  SINCE JUL 1      0.0
  SNOW DEPTH       0

DEGREE DAYS
 HEATING
  YESTERDAY        0                         0      0
  MONTH TO DATE    0                         0      0
  SINCE SEP 1      0                         0      0
  SINCE JUL 1      0                         0      0

 COOLING
  YESTERDAY       18                        16      2
  MONTH TO DATE  519                       520     -1
  SINCE SEP 1    519                       520     -1
  SINCE JAN 1   3389                      3177    212
..................................................................


WIND (MPH)
  HIGHEST WIND SPEED    16   HIGHEST WIND DIRECTION     W (270)
  HIGHEST GUST SPEED    20   HIGHEST GUST DIRECTION     W (280)
  AVERAGE WIND SPEED     7.2


SKY COVER
  AVERAGE SKY COVER 0.2


WEATHER CONDITIONS
 THE FOLLOWING WEATHER WAS RECORDED YESTERDAY.
  NO SIGNIFICANT WEATHER WAS OBSERVED.


RELATIVE HUMIDITY (PERCENT)
 HIGHEST    94
 LOWEST     68
 AVERAGE    81

..........................................................


THE NAPLES CLIMATE NORMALS FOR TODAY
                         NORMAL    RECORD    YEAR
 MAXIMUM TEMPERATURE (F)   89        95      1988
 MINIMUM TEMPERATURE (F)   73        68      2008
                                             1983


SUNRISE AND SUNSET
OCTOBER  1 2014.......SUNRISE   719 AM EDT   SUNSET   714 PM EDT
OCTOBER  2 2014.......SUNRISE   720 AM EDT   SUNSET   712 PM EDT


-  INDICATES NEGATIVE NUMBERS.
R  INDICATES RECORD WAS SET OR TIED.
MM INDICATES DATA IS MISSING.
T  INDICATES TRACE AMOUNT.




$$
