000
CDUS42 KMFL 312019
CLIAPF


CLIMATE REPORT
NATIONAL WEATHER SERVICE MIAMI, FL
418 PM EDT TUE MAY 31 2016


...................................

...THE NAPLES CLIMATE SUMMARY FOR MAY 31 2016...
VALID TODAY AS OF 0400 PM LOCAL TIME.

CLIMATE NORMAL PERIOD 1981 TO 2010
CLIMATE RECORD PERIOD 1942 TO 2016


WEATHER ITEM   OBSERVED TIME   RECORD YEAR NORMAL DEPARTURE LAST
                VALUE   (LST)  VALUE       VALUE  FROM      YEAR
                                                  NORMAL
..................................................................
TEMPERATURE (F)
 TODAY
  MAXIMUM         89   1131 AM  96    2011  89      0       90
  MINIMUM         71    602 AM  57    1971  72     -1       70
  AVERAGE         80                        80      0       80

PRECIPITATION (IN)
  TODAY            0.00          3.44 1962   0.15  -0.15     0.14
  MONTH TO DATE    2.48                      3.16  -0.68     3.18
  SINCE NOV 1     16.72                     15.34   1.38     9.32
  SINCE JAN 1     12.10                     11.85   0.25     8.02

SNOWFALL (IN)
  TODAY            0.0
  MONTH TO DATE    0.0
  SINCE MAR 1      0.0
  SINCE JUL 1      0.0
  SNOW DEPTH       0

DEGREE DAYS
 HEATING
  TODAY            0                         0      0        0
  MONTH TO DATE    0                         0      0        0
  SINCE MAR 1      4                        27    -23        1
  SINCE JUL 1    142                       260   -118      198

 COOLING
  TODAY           15                        15      0       15
  MONTH TO DATE  440                       408     32      462
  SINCE MAR 1   1022                       837    185     1179
  SINCE JAN 1   1184                      1028    156     1355
..................................................................


WIND (MPH)
  HIGHEST WIND SPEED    14   HIGHEST WIND DIRECTION     W (260)
  HIGHEST GUST SPEED    37   HIGHEST GUST DIRECTION    SE (120)
  AVERAGE WIND SPEED     5.3


SKY COVER
  AVERAGE SKY COVER 0.2


WEATHER CONDITIONS
 THE FOLLOWING WEATHER WAS RECORDED TODAY.
  THUNDERSTORM
  FOG


RELATIVE HUMIDITY (PERCENT)
 HIGHEST    93
 LOWEST     53
 AVERAGE    73

..........................................................


THE NAPLES CLIMATE NORMALS FOR TOMORROW
                         NORMAL    RECORD    YEAR
 MAXIMUM TEMPERATURE (F)   89        94      1971
 MINIMUM TEMPERATURE (F)   72        59      1984


SUNRISE AND SUNSET
MAY 31 2016...........SUNRISE   635 AM EDT   SUNSET   815 PM EDT
JUNE  1 2016..........SUNRISE   635 AM EDT   SUNSET   815 PM EDT


-  INDICATES NEGATIVE NUMBERS.
R  INDICATES RECORD WAS SET OR TIED.
MM INDICATES DATA IS MISSING.
T  INDICATES TRACE AMOUNT.




$$
