053
CDUS42 KMFL 190923
CLIAPF


CLIMATE REPORT
NATIONAL WEATHER SERVICE MIAMI, FL
423 AM EST THU JAN 19 2017


...................................

...THE NAPLES CLIMATE SUMMARY FOR JANUARY 18 2017...

CLIMATE NORMAL PERIOD 1981 TO 2010
CLIMATE RECORD PERIOD 1942 TO 2017


WEATHER ITEM   OBSERVED TIME   RECORD YEAR NORMAL DEPARTURE LAST
                VALUE   (LST)  VALUE       VALUE  FROM      YEAR
                                                  NORMAL
..................................................................
TEMPERATURE (F)
 YESTERDAY
  MAXIMUM         81    221 PM  85    1962  75      6       63
  MINIMUM         61    723 AM  32    1981  54      7       52
                                      1977
  AVERAGE         71                        64      7       58

PRECIPITATION (IN)
  YESTERDAY        0.00          1.36 2004   0.04  -0.04     0.00
  MONTH TO DATE    0.38                      0.95  -0.57     2.43
  SINCE NOV 1      0.73                      4.44  -3.71     7.05
  SINCE JAN 1      0.38                      0.95  -0.57     2.43

SNOWFALL (IN)
  YESTERDAY        0.0
  MONTH TO DATE    0.0
  SINCE DEC 1      0.0
  SINCE JUL 1      0.0
  SNOW DEPTH       0

DEGREE DAYS
 HEATING
  YESTERDAY        0                         4     -4        7
  MONTH TO DATE   20                        66    -46       20
  SINCE DEC 1     25                       130   -105       20
  SINCE JUL 1     29                       144   -115       20

 COOLING
  YESTERDAY        6                         3      3        0
  MONTH TO DATE  104                        54     50       66
  SINCE DEC 1    371                       174    197      422
  SINCE JAN 1    104                        54     50       66
..................................................................


WIND (MPH)
  HIGHEST WIND SPEED    14   HIGHEST WIND DIRECTION    SW (220)
  HIGHEST GUST SPEED    17   HIGHEST GUST DIRECTION     S (170)
  AVERAGE WIND SPEED     4.2


SKY COVER
  AVERAGE SKY COVER 0.1


WEATHER CONDITIONS
 THE FOLLOWING WEATHER WAS RECORDED YESTERDAY.
  FOG
  HAZE


RELATIVE HUMIDITY (PERCENT)
 HIGHEST    93
 LOWEST     81
 AVERAGE    87

..........................................................


THE NAPLES CLIMATE NORMALS FOR TODAY
                         NORMAL    RECORD    YEAR
 MAXIMUM TEMPERATURE (F)   75        86      1990
 MINIMUM TEMPERATURE (F)   54        29      1981


SUNRISE AND SUNSET
JANUARY 19 2017.......SUNRISE   716 AM EST   SUNSET   601 PM EST
JANUARY 20 2017.......SUNRISE   715 AM EST   SUNSET   601 PM EST


-  INDICATES NEGATIVE NUMBERS.
R  INDICATES RECORD WAS SET OR TIED.
MM INDICATES DATA IS MISSING.
T  INDICATES TRACE AMOUNT.




$$
