000
CDUS42 KMFL 130823
CLIAPF


CLIMATE REPORT
NATIONAL WEATHER SERVICE MIAMI, FL
423 AM EDT SUN JUL 13 2014


...................................

...THE NAPLES CLIMATE SUMMARY FOR JULY 12 2014...

CLIMATE NORMAL PERIOD 1981 TO 2010
CLIMATE RECORD PERIOD 1942 TO 2014


WEATHER ITEM   OBSERVED TIME   RECORD YEAR NORMAL DEPARTURE LAST
                VALUE   (LST)  VALUE       VALUE  FROM      YEAR
                                                  NORMAL
..................................................................
TEMPERATURE (F)
 YESTERDAY
  MAXIMUM         89   1051 AM  98    1986  91     -2       88
  MINIMUM         75   1159 PM  68    1981  75      0       75
  AVERAGE         82                        83     -1       82

PRECIPITATION (IN)
  YESTERDAY        0.44          2.44 1981   0.24   0.20     0.00
  MONTH TO DATE    1.83                      3.25  -1.42     3.64
  SINCE JUN 1     10.01                     12.07  -2.06    12.40
  SINCE JAN 1     18.84                     23.92  -5.08    22.74

SNOWFALL (IN)
  YESTERDAY        0.0
  MONTH TO DATE    0.0
  SINCE JUN 1      0.0
  SINCE JUL 1      0.0
  SNOW DEPTH       0

DEGREE DAYS
 HEATING
  YESTERDAY        0                         0      0
  MONTH TO DATE    0                         0      0
  SINCE JUN 1      0                         0      0
  SINCE JUL 1      0                         0      0

 COOLING
  YESTERDAY       17                        18     -1
  MONTH TO DATE  215                       216     -1
  SINCE JUN 1    722                       723     -1
  SINCE JAN 1   1911                      1751    160
..................................................................


WIND (MPH)
  HIGHEST WIND SPEED    21   HIGHEST WIND DIRECTION     E (110)
  HIGHEST GUST SPEED    26   HIGHEST GUST DIRECTION     E (110)
  AVERAGE WIND SPEED     5.2


SKY COVER
  AVERAGE SKY COVER 0.3


WEATHER CONDITIONS
 THE FOLLOWING WEATHER WAS RECORDED YESTERDAY.
  THUNDERSTORM
  HEAVY RAIN
  RAIN
  LIGHT RAIN
  FOG


RELATIVE HUMIDITY (PERCENT)
 HIGHEST   100
 LOWEST     68
 AVERAGE    84

..........................................................


THE NAPLES CLIMATE NORMALS FOR TODAY
                         NORMAL    RECORD    YEAR
 MAXIMUM TEMPERATURE (F)   91        95      1980
 MINIMUM TEMPERATURE (F)   75        68      1986


SUNRISE AND SUNSET
JULY 13 2014..........SUNRISE   643 AM EDT   SUNSET   822 PM EDT
JULY 14 2014..........SUNRISE   644 AM EDT   SUNSET   822 PM EDT


-  INDICATES NEGATIVE NUMBERS.
R  INDICATES RECORD WAS SET OR TIED.
MM INDICATES DATA IS MISSING.
T  INDICATES TRACE AMOUNT.




$$
