000
CDUS43 KAPX 190529
CLIAPN


CLIMATE REPORT
NATIONAL WEATHER SERVICE GAYLORD MI
1227 AM EST SUN FEB 19 2017


...................................

...THE ALPENA MI CLIMATE SUMMARY FOR FEBRUARY 18 2017...

CLIMATE NORMAL PERIOD 1981 TO 2010
CLIMATE RECORD PERIOD 1916 TO 2017


WEATHER ITEM   OBSERVED TIME   RECORD YEAR NORMAL DEPARTURE LAST
                VALUE   (LST)  VALUE       VALUE  FROM      YEAR
                                                  NORMAL
..................................................................
TEMPERATURE (F)
 YESTERDAY
  MAXIMUM         58R   426 PM  54    1997  30     28       31
  MINIMUM         21    545 AM -34    1979  12      9      -11
  AVERAGE         40                        21     19       10

PRECIPITATION (IN)
  YESTERDAY        0.00          0.49 1961   0.05  -0.05     0.00
  MONTH TO DATE    0.86                      0.79   0.07     1.59
  SINCE DEC 1      5.54                      4.20   1.34     7.28
  SINCE JAN 1      3.50                      2.45   1.05     3.49

SNOWFALL (IN)
  YESTERDAY        0.0           7.1  1967   0.6   -0.6      0.0
  MONTH TO DATE    6.1                      11.4   -5.3     12.9
  SINCE OCT 1     49.8                      60.0  -10.2     37.5
  SINCE JUL 1     49.8                      60.0  -10.2     37.5
  SNOW DEPTH       4

DEGREE DAYS
 HEATING
  YESTERDAY       25                        44    -19       55
  MONTH TO DATE  739                       818    -79      825
  SINCE DEC 1   3130                      3477   -347     3013
  SINCE JUL 1   4339                      5300   -961     4386
..................................................................


WIND (MPH)
  HIGHEST WIND SPEED    16   HIGHEST WIND DIRECTION    SW (240)
  HIGHEST GUST SPEED    24   HIGHEST GUST DIRECTION    SW (240)
  AVERAGE WIND SPEED     5.9




RELATIVE HUMIDITY (PERCENT)
 HIGHEST    92
 LOWEST     47
 AVERAGE    70

..........................................................


THE ALPENA MI CLIMATE NORMALS FOR TODAY
                         NORMAL    RECORD    YEAR
 MAXIMUM TEMPERATURE (F)   30        58      1930
 MINIMUM TEMPERATURE (F)   12       -20      1979


SUNRISE AND SUNSET
FEBRUARY 19 2017......SUNRISE   729 AM EST   SUNSET   608 PM EST
FEBRUARY 20 2017......SUNRISE   727 AM EST   SUNSET   610 PM EST


-  INDICATES NEGATIVE NUMBERS.
R  INDICATES RECORD WAS SET OR TIED.
MM INDICATES DATA IS MISSING.
T  INDICATES TRACE AMOUNT.




$$
