000
CDUS43 KAPX 220530
CLIAPN


CLIMATE REPORT
NATIONAL WEATHER SERVICE GAYLORD MI
130 AM EDT FRI AUG 22 2014


...................................

...THE ALPENA MI CLIMATE SUMMARY FOR AUGUST 21 2014...

CLIMATE NORMAL PERIOD 1981 TO 2010
CLIMATE RECORD PERIOD 1916 TO 2014


WEATHER ITEM   OBSERVED TIME   RECORD YEAR NORMAL DEPARTURE LAST
                VALUE   (LST)  VALUE       VALUE  FROM      YEAR
                                                  NORMAL
..................................................................
TEMPERATURE (F)
 YESTERDAY
  MAXIMUM         73    224 PM  99    1955  76     -3       91
  MINIMUM         58   1136 PM  31    1922  53      5       63
  AVERAGE         66                        65      1       77

PRECIPITATION (IN)
  YESTERDAY        0.00          1.79 1936   0.11  -0.11     0.00
  MONTH TO DATE    4.04                      2.15   1.89     0.77
  SINCE JUN 1      9.13                      7.80   1.33     6.33
  SINCE JAN 1     20.63                     17.70   2.93    21.26

DEGREE DAYS
 HEATING
  YESTERDAY        0                         3     -3        0
  MONTH TO DATE   36                        39     -3       52
  SINCE JUN 1    217                       226     -9      241
  SINCE JUL 1    105                        83     22      105

 COOLING
  YESTERDAY        1                         2     -1       12
  MONTH TO DATE   22                        60    -38       40
  SINCE JUN 1    128                       232   -104      233
  SINCE JAN 1    133                       245   -112      246
..................................................................


WIND (MPH)
  HIGHEST WIND SPEED    10   HIGHEST WIND DIRECTION     E (110)
  HIGHEST GUST SPEED    12   HIGHEST GUST DIRECTION     E (110)
  AVERAGE WIND SPEED     3.5




RELATIVE HUMIDITY (PERCENT)
 HIGHEST   100
 LOWEST     73
 AVERAGE    87

..........................................................


THE ALPENA MI CLIMATE NORMALS FOR TODAY
                         NORMAL    RECORD    YEAR
 MAXIMUM TEMPERATURE (F)   76        97      1955
 MINIMUM TEMPERATURE (F)   53        32      1957


SUNRISE AND SUNSET
AUGUST 22 2014........SUNRISE   644 AM EDT   SUNSET   829 PM EDT
AUGUST 23 2014........SUNRISE   645 AM EDT   SUNSET   827 PM EDT


-  INDICATES NEGATIVE NUMBERS.
R  INDICATES RECORD WAS SET OR TIED.
MM INDICATES DATA IS MISSING.
T  INDICATES TRACE AMOUNT.




$$
