000
CDUS43 KAPX 022138
CLIAPN


CLIMATE REPORT
NATIONAL WEATHER SERVICE GAYLORD MI
538 PM EDT THU JUL 2 2015


...................................

...THE ALPENA MI CLIMATE SUMMARY FOR JULY 2 2015...
VALID TODAY AS OF 0500 PM LOCAL TIME.

CLIMATE NORMAL PERIOD 1981 TO 2010
CLIMATE RECORD PERIOD 1916 TO 2015


WEATHER ITEM   OBSERVED TIME   RECORD YEAR NORMAL DEPARTURE LAST
                VALUE   (LST)  VALUE       VALUE  FROM      YEAR
                                                  NORMAL
..................................................................
TEMPERATURE (F)
 TODAY
  MAXIMUM         73    244 PM  98    1966  79     -6       72
  MINIMUM         44    512 AM  37    1942  54    -10       53
  AVERAGE         59                        66     -7       63

PRECIPITATION (IN)
  TODAY            0.00          0.60 1918   0.10  -0.10      T
  MONTH TO DATE    T                         0.19  -0.19     0.04
  SINCE JUN 1      2.16                      2.81  -0.65     1.22
  SINCE JAN 1     10.71                     12.71  -2.00    12.72

DEGREE DAYS
 HEATING
  TODAY            6                         2      4        2
  MONTH TO DATE   12                         4      8        2
  SINCE JUN 1    155                       147      8      114
  SINCE JUL 1     12                         4      8        2

 COOLING
  TODAY            0                         3     -3        0
  MONTH TO DATE    0                         6     -6       11
  SINCE JUN 1     11                        62    -51       66
  SINCE JAN 1     35                        75    -40       71
..................................................................


WIND (MPH)
  RESULTANT WIND SPEED   2   RESULTANT WIND DIRECTION   N (20)
  HIGHEST WIND SPEED    14   HIGHEST WIND DIRECTION    NE (50)
  HIGHEST GUST SPEED    18   HIGHEST GUST DIRECTION    NE (50)
  AVERAGE WIND SPEED     4.3


SKY COVER
  POSSIBLE SUNSHINE  MM
  AVERAGE SKY COVER 0.0


WEATHER CONDITIONS
 THE FOLLOWING WEATHER WAS RECORDED TODAY.
  NO SIGNIFICANT WEATHER WAS OBSERVED.


RELATIVE HUMIDITY (PERCENT)
 HIGHEST    93
 LOWEST     29
 AVERAGE    61

..........................................................


THE ALPENA MI CLIMATE NORMALS FOR TOMORROW
                         NORMAL    RECORD    YEAR
 MAXIMUM TEMPERATURE (F)   79        97      1921
 MINIMUM TEMPERATURE (F)   54        37      1933


SUNRISE AND SUNSET
JULY  2 2015..........SUNRISE   552 AM EDT   SUNSET   925 PM EDT
JULY  3 2015..........SUNRISE   552 AM EDT   SUNSET   924 PM EDT


-  INDICATES NEGATIVE NUMBERS.
R  INDICATES RECORD WAS SET OR TIED.
MM INDICATES DATA IS MISSING.
T  INDICATES TRACE AMOUNT.




$$
