000
CDUS43 KAPX 170540
CLIAPN


CLIMATE REPORT
NATIONAL WEATHER SERVICE GAYLORD MI
140 AM EDT THU AUG 17 2017


...................................

...THE ALPENA MI CLIMATE SUMMARY FOR AUGUST 16 2017...

CLIMATE NORMAL PERIOD 1981 TO 2010
CLIMATE RECORD PERIOD 1916 TO 2017


WEATHER ITEM   OBSERVED TIME   RECORD YEAR NORMAL DEPARTURE LAST
                VALUE   (LST)  VALUE       VALUE  FROM      YEAR
                                                  NORMAL
..................................................................
TEMPERATURE (F)
 YESTERDAY
  MAXIMUM         73    321 PM  93    2015  77     -4       83
                                      1955
  MINIMUM         55    552 AM  35    1963  54      1       65
                                      1960
  AVERAGE         64                        66     -2       74

PRECIPITATION (IN)
  YESTERDAY        0.00          1.17 1938   0.11  -0.11     0.13
  MONTH TO DATE    1.98                      1.61   0.37     0.72
  SINCE JUN 1     10.39                      7.26   3.13     4.70
  SINCE JAN 1     25.70                     17.16   8.54    19.43

DEGREE DAYS
 HEATING
  YESTERDAY        1                         2     -1        0
  MONTH TO DATE    5                        28    -23        0
  SINCE JUN 1     95                       215   -120      125
  SINCE JUL 1     12                        72    -60       17

 COOLING
  YESTERDAY        0                         3     -3        9
  MONTH TO DATE   43                        49     -6      129
  SINCE JUN 1    226                       221      5      385
  SINCE JAN 1    232                       234     -2      417
..................................................................


WIND (MPH)
  HIGHEST WIND SPEED    14   HIGHEST WIND DIRECTION     E (110)
  HIGHEST GUST SPEED    18   HIGHEST GUST DIRECTION     E (100)
  AVERAGE WIND SPEED     6.8




RELATIVE HUMIDITY (PERCENT)
 HIGHEST   100
 LOWEST     68
 AVERAGE    84

..........................................................


THE ALPENA MI CLIMATE NORMALS FOR TODAY
                         NORMAL    RECORD    YEAR
 MAXIMUM TEMPERATURE (F)   77        92      2015
                                             1925
 MINIMUM TEMPERATURE (F)   54        33      1961


SUNRISE AND SUNSET
AUGUST 17 2017........SUNRISE   639 AM EDT   SUNSET   837 PM EDT
AUGUST 18 2017........SUNRISE   640 AM EDT   SUNSET   835 PM EDT


-  INDICATES NEGATIVE NUMBERS.
R  INDICATES RECORD WAS SET OR TIED.
MM INDICATES DATA IS MISSING.
T  INDICATES TRACE AMOUNT.




$$
