000
CDUS43 KAPX 030538
CLIAPN


CLIMATE REPORT
NATIONAL WEATHER SERVICE GAYLORD MI
138 AM EDT WED JUN 3 2015


...................................

...THE ALPENA MI CLIMATE SUMMARY FOR JUNE 2 2015...

CLIMATE NORMAL PERIOD 1981 TO 2010
CLIMATE RECORD PERIOD 1916 TO 2015


WEATHER ITEM   OBSERVED TIME   RECORD YEAR NORMAL DEPARTURE LAST
                VALUE   (LST)  VALUE       VALUE  FROM      YEAR
                                                  NORMAL
..................................................................
TEMPERATURE (F)
 YESTERDAY
  MAXIMUM         68    233 PM  90    1949  70     -2       86
                                      1934
  MINIMUM         35    457 AM  27    1945  46    -11       63
  AVERAGE         52                        58     -6       75

PRECIPITATION (IN)
  YESTERDAY        0.00          1.05 1970   0.09  -0.09     0.32
  MONTH TO DATE    0.00                      0.18  -0.18     0.32
  SINCE JUN 1      0.00                      0.18  -0.18     0.32
  SINCE JAN 1      8.55                     10.08  -1.53    11.82

DEGREE DAYS
 HEATING
  YESTERDAY       13                         8      5        0
  MONTH TO DATE   28                        16     12        0
  SINCE JUN 1     28                        16     12        0
  SINCE JUL 1   8461                      7973    488     9053

 COOLING
  YESTERDAY        0                         1     -1       10
  MONTH TO DATE    0                         2     -2       14
  SINCE JUN 1      0                         2     -2       14
  SINCE JAN 1     24                        15      9       19
..................................................................


WIND (MPH)
  HIGHEST WIND SPEED    17   HIGHEST WIND DIRECTION    SE (130)
  HIGHEST GUST SPEED    22   HIGHEST GUST DIRECTION    SE (130)
  AVERAGE WIND SPEED     5.4




RELATIVE HUMIDITY (PERCENT)
 HIGHEST    92
 LOWEST     29
 AVERAGE    61

..........................................................


THE ALPENA MI CLIMATE NORMALS FOR TODAY
                         NORMAL    RECORD    YEAR
 MAXIMUM TEMPERATURE (F)   71        92      1948
                                             1940
 MINIMUM TEMPERATURE (F)   46        27      1928


SUNRISE AND SUNSET
JUNE  3 2015..........SUNRISE   550 AM EDT   SUNSET   916 PM EDT
JUNE  4 2015..........SUNRISE   549 AM EDT   SUNSET   916 PM EDT


-  INDICATES NEGATIVE NUMBERS.
R  INDICATES RECORD WAS SET OR TIED.
MM INDICATES DATA IS MISSING.
T  INDICATES TRACE AMOUNT.




$$
