000
CDUS43 KAPX 220527
CLIAPN


CLIMATE REPORT
NATIONAL WEATHER SERVICE GAYLORD MI
126 AM EDT THU JUN 22 2017


...................................

...THE ALPENA MI CLIMATE SUMMARY FOR JUNE 21 2017...

CLIMATE NORMAL PERIOD 1981 TO 2010
CLIMATE RECORD PERIOD 1916 TO 2017


WEATHER ITEM   OBSERVED TIME   RECORD YEAR NORMAL DEPARTURE LAST
                VALUE   (LST)  VALUE       VALUE  FROM      YEAR
                                                  NORMAL
..................................................................
TEMPERATURE (F)
 YESTERDAY
  MAXIMUM         73   1257 PM  93    1941  76     -3       79
  MINIMUM         53    527 AM  32    1969  51      2       48
  AVERAGE         63                        64     -1       64

PRECIPITATION (IN)
  YESTERDAY        0.00          1.17 2011   0.09  -0.09      T
  MONTH TO DATE    3.17                      1.79   1.38     1.26
  SINCE JUN 1      3.17                      1.79   1.38     1.26
  SINCE JAN 1     18.48                     11.69   6.79    15.99

DEGREE DAYS
 HEATING
  YESTERDAY        2                         3     -1        1
  MONTH TO DATE   62                       119    -57       96
  SINCE JUN 1     62                       119    -57       96
  SINCE JUL 1   6808                      8076  -1268     7049

 COOLING
  YESTERDAY        0                         2     -2        0
  MONTH TO DATE   51                        32     19       45
  SINCE JUN 1     51                        32     19       45
  SINCE JAN 1     57                        45     12       77
..................................................................


WIND (MPH)
  HIGHEST WIND SPEED    14   HIGHEST WIND DIRECTION    SE (120)
  HIGHEST GUST SPEED    18   HIGHEST GUST DIRECTION     E (110)
  AVERAGE WIND SPEED     5.2




RELATIVE HUMIDITY (PERCENT)
 HIGHEST   100
 LOWEST     49
 AVERAGE    75

..........................................................


THE ALPENA MI CLIMATE NORMALS FOR TODAY
                         NORMAL    RECORD    YEAR
 MAXIMUM TEMPERATURE (F)   77        93      1975
 MINIMUM TEMPERATURE (F)   52        34      1934


SUNRISE AND SUNSET
JUNE 22 2017..........SUNRISE   548 AM EDT   SUNSET   925 PM EDT
JUNE 23 2017..........SUNRISE   548 AM EDT   SUNSET   925 PM EDT


-  INDICATES NEGATIVE NUMBERS.
R  INDICATES RECORD WAS SET OR TIED.
MM INDICATES DATA IS MISSING.
T  INDICATES TRACE AMOUNT.




$$
