570
CDUS43 KAPX 210533
CLIAPN


CLIMATE REPORT
NATIONAL WEATHER SERVICE GAYLORD MI
1233 AM EST WED FEB 21 2018


...................................

...THE ALPENA MI CLIMATE SUMMARY FOR FEBRUARY 20 2018...

CLIMATE NORMAL PERIOD 1981 TO 2010
CLIMATE RECORD PERIOD 1916 TO 2018


WEATHER ITEM   OBSERVED TIME   RECORD YEAR NORMAL DEPARTURE LAST
                VALUE   (LST)  VALUE       VALUE  FROM      YEAR
                                                  NORMAL
..................................................................
TEMPERATURE (F)
 YESTERDAY
  MAXIMUM         57R   451 PM  54    1930  30     27       39
  MINIMUM         31    732 AM -31    1929  12     19       26
  AVERAGE         44                        21     23       33

PRECIPITATION (IN)
  YESTERDAY        0.68          1.21 2002   0.05   0.63     0.00
  MONTH TO DATE    1.48                      0.89   0.59     0.86
  SINCE DEC 1      4.87                      4.30   0.57     5.54
  SINCE JAN 1      3.63                      2.55   1.08     3.50

SNOWFALL (IN)
  YESTERDAY        T             4.9  1924   0.6   -0.6      0.0
  MONTH TO DATE    8.0                      12.7   -4.7      6.1
  SINCE OCT 1     37.1                      61.3  -24.2     49.8
  SINCE JUL 1     37.1                      61.3  -24.2     49.8
  SNOW DEPTH       T

DEGREE DAYS
 HEATING
  YESTERDAY       21                        44    -23       32
  MONTH TO DATE  942                       906     36      796
  SINCE DEC 1   3704                      3565    139     3187
  SINCE JUL 1   5208                      5388   -180     4396
..................................................................


WIND (MPH)
  HIGHEST WIND SPEED    18   HIGHEST WIND DIRECTION    NW (320)
  HIGHEST GUST SPEED    23   HIGHEST GUST DIRECTION    NW (320)
  AVERAGE WIND SPEED     7.4




RELATIVE HUMIDITY (PERCENT)
 HIGHEST   100
 LOWEST     93
 AVERAGE    97

..........................................................


THE ALPENA MI CLIMATE NORMALS FOR TODAY
                         NORMAL    RECORD    YEAR
 MAXIMUM TEMPERATURE (F)   31        60      2017
 MINIMUM TEMPERATURE (F)   12       -18      1936


SUNRISE AND SUNSET
FEBRUARY 21 2018......SUNRISE   726 AM EST   SUNSET   611 PM EST
FEBRUARY 22 2018......SUNRISE   724 AM EST   SUNSET   612 PM EST


-  INDICATES NEGATIVE NUMBERS.
R  INDICATES RECORD WAS SET OR TIED.
MM INDICATES DATA IS MISSING.
T  INDICATES TRACE AMOUNT.




$$
