000
CDUS43 KAPX 310538
CLIAPN


CLIMATE REPORT
NATIONAL WEATHER SERVICE GAYLORD MI
138 AM EDT TUE MAY 31 2016


...................................

...THE ALPENA MI CLIMATE SUMMARY FOR MAY 30 2016...

CLIMATE NORMAL PERIOD 1981 TO 2010
CLIMATE RECORD PERIOD 1916 TO 2016


WEATHER ITEM   OBSERVED TIME   RECORD YEAR NORMAL DEPARTURE LAST
                VALUE   (LST)  VALUE       VALUE  FROM      YEAR
                                                  NORMAL
..................................................................
TEMPERATURE (F)
 YESTERDAY
  MAXIMUM         80    225 PM  94    1937  69     11       68
  MINIMUM         55   1137 PM  29    2009  45     10       45
                                      1964
                                      1961
  AVERAGE         68                        57     11       57

PRECIPITATION (IN)
  YESTERDAY        0.00          0.88 1978   0.09  -0.09     0.29
  MONTH TO DATE    1.31                      2.57  -1.26     3.66
  SINCE MAR 1     10.25                      6.82   3.43     6.76
  SINCE JAN 1     14.73                      9.80   4.93     8.55

DEGREE DAYS
 HEATING
  YESTERDAY        0                         9     -9        8
  MONTH TO DATE  337                       390    -53      273
  SINCE MAR 1   2160                      2217    -57     2151
  SINCE JUL 1   6942                      7949  -1007     8414

 COOLING
  YESTERDAY        3                         1      2        0
  MONTH TO DATE   32                         7     25       24
  SINCE MAR 1     32                         9     23       24
  SINCE JAN 1     32                         9     23       24
..................................................................


WIND (MPH)
  HIGHEST WIND SPEED    18   HIGHEST WIND DIRECTION     W (250)
  HIGHEST GUST SPEED    28   HIGHEST GUST DIRECTION    SW (230)
  AVERAGE WIND SPEED     6.4




RELATIVE HUMIDITY (PERCENT)
 HIGHEST    84
 LOWEST     31
 AVERAGE    58

..........................................................


THE ALPENA MI CLIMATE NORMALS FOR TODAY
                         NORMAL    RECORD    YEAR
 MAXIMUM TEMPERATURE (F)   70        93      2011
 MINIMUM TEMPERATURE (F)   45        29      1945


SUNRISE AND SUNSET
MAY 31 2016...........SUNRISE   551 AM EDT   SUNSET   914 PM EDT
JUNE  1 2016..........SUNRISE   550 AM EDT   SUNSET   915 PM EDT


-  INDICATES NEGATIVE NUMBERS.
R  INDICATES RECORD WAS SET OR TIED.
MM INDICATES DATA IS MISSING.
T  INDICATES TRACE AMOUNT.




$$
