000
CDUS43 KAPX 250601
CLIAPN


CLIMATE REPORT
NATIONAL WEATHER SERVICE GAYLORD MI
201 AM EDT TUE APR 25 2017


...................................

...THE ALPENA MI CLIMATE SUMMARY FOR APRIL 24 2017...

CLIMATE NORMAL PERIOD 1981 TO 2010
CLIMATE RECORD PERIOD 1916 TO 2017


WEATHER ITEM   OBSERVED TIME   RECORD YEAR NORMAL DEPARTURE LAST
                VALUE   (LST)  VALUE       VALUE  FROM      YEAR
                                                  NORMAL
..................................................................
TEMPERATURE (F)
 YESTERDAY
  MAXIMUM         48    424 PM  85    1990  56     -8       46
                                      1925
  MINIMUM         31    258 AM  20    1956  34     -3       29
                                      1930
  AVERAGE         40                        45     -5       38

PRECIPITATION (IN)
  YESTERDAY        0.00          1.32 1957   0.07  -0.07      T
  MONTH TO DATE    4.00                      1.92   2.08     2.20
  SINCE MAR 1      6.83                      3.78   3.05     7.72
  SINCE JAN 1     12.32                      6.76   5.56    12.20

SNOWFALL (IN)
  YESTERDAY        0.0           3.5  2005   0.1   -0.1      0.0
  MONTH TO DATE    T                         5.4   -5.4     21.8
  SINCE OCT 1     66.4                      83.7  -17.3     88.8
  SINCE JUL 1     66.4                      83.7  -17.3     88.8
  SNOW DEPTH       0

DEGREE DAYS
 HEATING
  YESTERDAY       25                        20      5       27
  MONTH TO DATE  498                       590    -92      702
  SINCE MAR 1   1629                      1714    -85     1680
  SINCE JUL 1   6260                      7446  -1186     6462

 COOLING
  YESTERDAY        0                         0      0        0
  MONTH TO DATE    0                         0      0        0
  SINCE MAR 1      0                         0      0        0
  SINCE JAN 1      0                         0      0        0
..................................................................


WIND (MPH)
  HIGHEST WIND SPEED    18   HIGHEST WIND DIRECTION     E (90)
  HIGHEST GUST SPEED    25   HIGHEST GUST DIRECTION     E (100)
  AVERAGE WIND SPEED     9.0




RELATIVE HUMIDITY (PERCENT)
 HIGHEST    92
 LOWEST     60
 AVERAGE    76

..........................................................


THE ALPENA MI CLIMATE NORMALS FOR TODAY
                         NORMAL    RECORD    YEAR
 MAXIMUM TEMPERATURE (F)   57        90      1990
 MINIMUM TEMPERATURE (F)   34        20      2015
                                             1963


SUNRISE AND SUNSET
APRIL 25 2017.........SUNRISE   632 AM EDT   SUNSET   833 PM EDT
APRIL 26 2017.........SUNRISE   631 AM EDT   SUNSET   834 PM EDT


-  INDICATES NEGATIVE NUMBERS.
R  INDICATES RECORD WAS SET OR TIED.
MM INDICATES DATA IS MISSING.
T  INDICATES TRACE AMOUNT.




$$
