000
CDUS44 KLCH 112207
CLIARA


CLIMATE REPORT
NATIONAL WEATHER SERVICE LAKE CHARLES, LA
407 PM CST MON DEC 11 2017


...................................

...THE NEW IBERIA CLIMATE SUMMARY FOR DECEMBER 11 2017...
VALID TODAY AS OF 0400 PM LOCAL TIME.

CLIMATE NORMAL PERIOD 1981 TO 2010
CLIMATE RECORD PERIOD 1948 TO 2017


WEATHER ITEM   OBSERVED TIME   RECORD YEAR NORMAL DEPARTURE LAST
                VALUE   (LST)  VALUE       VALUE  FROM      YEAR
                                                  NORMAL
..................................................................
TEMPERATURE (F)
 TODAY
  MAXIMUM         70    307 PM  82    2007  65      5       72
  MINIMUM         34    326 AM  27    1995  45    -11       42
  AVERAGE         52                        55     -3       57

PRECIPITATION (IN)
  TODAY            0.00          1.22 1964   0.18  -0.18      T
  MONTH TO DATE    5.51                      2.06   3.45     5.05
  SINCE DEC 1      5.51                      2.06   3.45     5.05
  SINCE JAN 1     65.26                     56.75   8.51    82.33

SNOWFALL (IN)
  TODAY            0.0           0.8  2008  MM              MM
  MONTH TO DATE    2.4                      MM               0.0
  SINCE DEC 1      2.4                      MM               0.0
  SINCE JUL 1      2.4                      MM               0.0

DEGREE DAYS
 HEATING
  TODAY           13                        11      2        8
  MONTH TO DATE  142                       112     30      107
  SINCE DEC 1    142                       112     30      107
  SINCE JUL 1    321                       307     14      202

 COOLING
  TODAY            0                         1     -1        0
  MONTH TO DATE    4                        11     -7        0
  SINCE DEC 1      4                        11     -7        0
  SINCE JAN 1   3091                      2803    288     3143
..................................................................


WIND (MPH)
  RESULTANT WIND SPEED   4   RESULTANT WIND DIRECTION   W (250)
  HIGHEST WIND SPEED    15   HIGHEST WIND DIRECTION     W (270)
  HIGHEST GUST SPEED    19   HIGHEST GUST DIRECTION     W (270)
  AVERAGE WIND SPEED     4.1


SKY COVER
  POSSIBLE SUNSHINE  MM
  AVERAGE SKY COVER 0.0


WEATHER CONDITIONS
 THE FOLLOWING WEATHER WAS RECORDED TODAY.
  NO SIGNIFICANT WEATHER WAS OBSERVED.


RELATIVE HUMIDITY (PERCENT)
 HIGHEST    92           800 AM
 LOWEST     31           300 PM
 AVERAGE    62

..........................................................


THE NEW IBERIA CLIMATE NORMALS FOR TOMORROW
                         NORMAL    RECORD    YEAR
 MAXIMUM TEMPERATURE (F)   65        83      2015
 MINIMUM TEMPERATURE (F)   45        19      1962


SUNRISE AND SUNSET
DECEMBER 11 2017......SUNRISE   653 AM CST   SUNSET   508 PM CST
DECEMBER 12 2017......SUNRISE   654 AM CST   SUNSET   509 PM CST


-  INDICATES NEGATIVE NUMBERS.
R  INDICATES RECORD WAS SET OR TIED.
MM INDICATES DATA IS MISSING.
T  INDICATES TRACE AMOUNT.




$$
