000
CDUS44 KLCH 231005
CLIARA


CLIMATE REPORT
NATIONAL WEATHER SERVICE LAKE CHARLES, LA
504 AM CDT SAT MAY 23 2015


...................................

...THE NEW IBERIA CLIMATE SUMMARY FOR MAY 22 2015...

CLIMATE NORMAL PERIOD 1981 TO 2010
CLIMATE RECORD PERIOD 1948 TO 2015


WEATHER ITEM   OBSERVED TIME   RECORD YEAR NORMAL DEPARTURE LAST
                VALUE   (LST)  VALUE       VALUE  FROM      YEAR
                                                  NORMAL
..................................................................
TEMPERATURE (F)
 YESTERDAY
  MAXIMUM         83    521 PM  98    2005  87     -4       89
  MINIMUM         65    618 AM  52    1954  69     -4       62
  AVERAGE         74                        78     -4       76

PRECIPITATION (IN)
  YESTERDAY        0.01          2.85 2013   0.18  -0.17     0.00
  MONTH TO DATE    2.30                      2.85  -0.55     0.74
  SINCE MAR 1     16.28                     10.69   5.59     4.52
  SINCE JAN 1     22.74                     20.10   2.64    12.86

SNOWFALL (IN)
  YESTERDAY        0.0           0.0    MM  MM               0.0
  MONTH TO DATE    0.0                      MM               0.0
  SINCE MAR 1      T                        MM               0.0
  SINCE JUL 1      T                        MM               0.1

DEGREE DAYS
 HEATING
  YESTERDAY        0                         0      0        0
  MONTH TO DATE    0                         0      0        4
  SINCE MAR 1     73                       192   -119      260
  SINCE JUL 1   1416                      1408      8     1784

 COOLING
  YESTERDAY        9                        13     -4       11
  MONTH TO DATE  172                       227    -55      172
  SINCE MAR 1    490                       416     74      350
  SINCE JAN 1    494                       447     47      368
..................................................................


WIND (MPH)
  RESULTANT WIND SPEED   8   RESULTANT WIND DIRECTION  NE (40)
  HIGHEST WIND SPEED    15   HIGHEST WIND DIRECTION    NE (50)
  HIGHEST GUST SPEED    19   HIGHEST GUST DIRECTION    NE (40)
  AVERAGE WIND SPEED     7.7


SKY COVER
  POSSIBLE SUNSHINE  MM
  AVERAGE SKY COVER 0.8


WEATHER CONDITIONS
 THE FOLLOWING WEATHER WAS RECORDED YESTERDAY.
  LIGHT RAIN
  FOG


RELATIVE HUMIDITY (PERCENT)
 HIGHEST    93          1200 AM
 LOWEST     65           400 PM
 AVERAGE    79

..........................................................


THE NEW IBERIA CLIMATE NORMALS FOR TODAY
                         NORMAL    RECORD    YEAR
 MAXIMUM TEMPERATURE (F)   87        97      2005
 MINIMUM TEMPERATURE (F)   69        51      2001


SUNRISE AND SUNSET
MAY 23 2015...........SUNRISE   610 AM CDT   SUNSET   759 PM CDT
MAY 24 2015...........SUNRISE   609 AM CDT   SUNSET   759 PM CDT


-  INDICATES NEGATIVE NUMBERS.
R  INDICATES RECORD WAS SET OR TIED.
MM INDICATES DATA IS MISSING.
T  INDICATES TRACE AMOUNT.




$$
