000
CDUS44 KLCH 220815
CLIARA


CLIMATE REPORT
NATIONAL WEATHER SERVICE LAKE CHARLES, LA
215 AM CST MON DEC 22 2014


...................................

...THE NEW IBERIA CLIMATE SUMMARY FOR DECEMBER 21 2014...

CLIMATE NORMAL PERIOD 1981 TO 2010
CLIMATE RECORD PERIOD 1948 TO 2014


WEATHER ITEM   OBSERVED TIME   RECORD YEAR NORMAL DEPARTURE LAST
                VALUE   (LST)  VALUE       VALUE  FROM      YEAR
                                                  NORMAL
..................................................................
TEMPERATURE (F)
 YESTERDAY
  MAXIMUM         56    448 PM  80    1998  64     -8       76
  MINIMUM         47    554 AM  27    2000  43      4       66
  AVERAGE         52                        54     -2       71

PRECIPITATION (IN)
  YESTERDAY        0.00          2.60 2006   0.15  -0.15     0.02
  MONTH TO DATE    0.95                      3.66  -2.71     1.90
  SINCE DEC 1      0.95                      3.66  -2.71     1.90
  SINCE JAN 1     49.51                     58.35  -8.84    64.98

SNOWFALL (IN)
  YESTERDAY        0.0           0.0    MM  MM               0.0
  MONTH TO DATE    0.0                      MM               0.0
  SINCE DEC 1      0.0                      MM               0.0
  SINCE JUL 1      0.0                      MM               0.0

DEGREE DAYS
 HEATING
  YESTERDAY       13                        12      1        0
  MONTH TO DATE  138                       227    -89      233
  SINCE DEC 1    138                       227    -89      233
  SINCE JUL 1    425                       422      3      466

 COOLING
  YESTERDAY        0                         0      0        6
  MONTH TO DATE   19                        19      0       41
  SINCE DEC 1     19                        19      0       41
  SINCE JAN 1   2848                      2811     37     3232
..................................................................


WIND (MPH)
  RESULTANT WIND SPEED   4   RESULTANT WIND DIRECTION  NE (40)
  HIGHEST WIND SPEED    10   HIGHEST WIND DIRECTION    NE (40)
  HIGHEST GUST SPEED    12   HIGHEST GUST DIRECTION    NE (40)
  AVERAGE WIND SPEED     4.3


SKY COVER
  POSSIBLE SUNSHINE  MM
  AVERAGE SKY COVER 1.0


WEATHER CONDITIONS
 THE FOLLOWING WEATHER WAS RECORDED YESTERDAY.
  FOG
  HAZE


RELATIVE HUMIDITY (PERCENT)
 HIGHEST    96          1100 PM
 LOWEST     83           100 PM
 AVERAGE    90

..........................................................


THE NEW IBERIA CLIMATE NORMALS FOR TODAY
                         NORMAL    RECORD    YEAR
 MAXIMUM TEMPERATURE (F)   64        80      1998
 MINIMUM TEMPERATURE (F)   43        14      1989


SUNRISE AND SUNSET
DECEMBER 22 2014......SUNRISE   700 AM CST   SUNSET   513 PM CST
DECEMBER 23 2014......SUNRISE   700 AM CST   SUNSET   513 PM CST


-  INDICATES NEGATIVE NUMBERS.
R  INDICATES RECORD WAS SET OR TIED.
MM INDICATES DATA IS MISSING.
T  INDICATES TRACE AMOUNT.




$$
