000
CDUS44 KLCH 310911
CLIARA


CLIMATE REPORT
NATIONAL WEATHER SERVICE LAKE CHARLES, LA
411 AM CDT FRI OCT 31 2014


...................................

...THE NEW IBERIA CLIMATE SUMMARY FOR OCTOBER 30 2014...

CLIMATE NORMAL PERIOD 1981 TO 2010
CLIMATE RECORD PERIOD 1948 TO 2014


WEATHER ITEM   OBSERVED TIME   RECORD YEAR NORMAL DEPARTURE LAST
                VALUE   (LST)  VALUE       VALUE  FROM      YEAR
                                                  NORMAL
..................................................................
TEMPERATURE (F)
 YESTERDAY
  MAXIMUM         77    305 PM  87    2004  78     -1       83
                                      1984
  MINIMUM         51   1158 PM  29    1952  54     -3       66
  AVERAGE         64                        66     -2       75

PRECIPITATION (IN)
  YESTERDAY        0.00          5.72 1993   0.06  -0.06     0.00
  MONTH TO DATE    2.10                      4.90  -2.80     3.40
  SINCE SEP 1      4.27                      9.53  -5.26     7.42
  SINCE JAN 1     43.34                     50.38  -7.04    60.49

SNOWFALL (IN)
  YESTERDAY        0.0           0.0    MM  MM               0.0
  MONTH TO DATE    0.0                      MM               0.0
  SINCE SEP 1      0.0                      MM               0.0
  SINCE JUL 1      0.0                      MM               0.0

DEGREE DAYS
 HEATING
  YESTERDAY        1                         3     -2        0
  MONTH TO DATE    2                        29    -27        6
  SINCE SEP 1      2                        30    -28        6
  SINCE JUL 1      2                        30    -28        6

 COOLING
  YESTERDAY        0                         3     -3       10
  MONTH TO DATE  224                       185     39      244
  SINCE SEP 1    704                       598    106      802
  SINCE JAN 1   2807                      2741     66     3122
..................................................................


WIND (MPH)
  RESULTANT WIND SPEED   7   RESULTANT WIND DIRECTION  NE (30)
  HIGHEST WIND SPEED    16   HIGHEST WIND DIRECTION    NE (40)
  HIGHEST GUST SPEED    23   HIGHEST GUST DIRECTION    NE (60)
  AVERAGE WIND SPEED     6.9


SKY COVER
  POSSIBLE SUNSHINE  MM
  AVERAGE SKY COVER 0.0


WEATHER CONDITIONS
 THE FOLLOWING WEATHER WAS RECORDED YESTERDAY.
  NO SIGNIFICANT WEATHER WAS OBSERVED.


RELATIVE HUMIDITY (PERCENT)
 HIGHEST    93          1000 PM
 LOWEST     31           300 PM
 AVERAGE    62

..........................................................


THE NEW IBERIA CLIMATE NORMALS FOR TODAY
                         NORMAL    RECORD    YEAR
 MAXIMUM TEMPERATURE (F)   77        87      2004
                                             1984
                                             1950
 MINIMUM TEMPERATURE (F)   54        32      1993


SUNRISE AND SUNSET
OCTOBER 31 2014.......SUNRISE   721 AM CDT   SUNSET   621 PM CDT
NOVEMBER  1 2014......SUNRISE   721 AM CDT   SUNSET   620 PM CDT


-  INDICATES NEGATIVE NUMBERS.
R  INDICATES RECORD WAS SET OR TIED.
MM INDICATES DATA IS MISSING.
T  INDICATES TRACE AMOUNT.




$$
