000
CDUS43 KLOT 260634
CLIARR


CLIMATE REPORT
NATIONAL WEATHER SERVICE CHICAGO IL
133 AM CDT TUE MAY 26 2015


...................................

...THE AURORA MUNICIPAL AIRPORT CLIMATE SUMMARY FOR MAY 25 2015...

CLIMATE NORMAL PERIOD 1981 TO 2010
CLIMATE RECORD PERIOD 1998 TO 2015


WEATHER ITEM   OBSERVED TIME   RECORD YEAR NORMAL DEPARTURE LAST
                VALUE   (LST)  VALUE       VALUE  FROM      YEAR
                                                  NORMAL
..................................................................
TEMPERATURE (F)
 YESTERDAY
  MAXIMUM         80    442 PM  88    2010  74      6       85
  MINIMUM         67   1158 PM  41    2002  50     17       47
  AVERAGE         74                        62     12       66

PRECIPITATION (IN)
  YESTERDAY        0.07          1.42 2011   0.15  -0.08     0.00
  MONTH TO DATE    2.95                      3.45  -0.50     2.46
  SINCE MAR 1      7.58                      8.98  -1.40     5.77
  SINCE JAN 1      8.26                     12.07  -3.81     7.62

DEGREE DAYS
 HEATING
  YESTERDAY        0                         5     -5        0
  MONTH TO DATE  138                       204    -66      196
  SINCE MAR 1   1532                      1572    -40     1770
  SINCE JUL 1   6987                      6710    277     7346

 COOLING
  YESTERDAY        9                         2      7        1
  MONTH TO DATE   50                        24     26       44
  SINCE MAR 1     50                        27     23       44
  SINCE JAN 1     50                        27     23       44
..................................................................


WIND (MPH)
  RESULTANT WIND SPEED  14   RESULTANT WIND DIRECTION   S (200)
  HIGHEST WIND SPEED    26   HIGHEST WIND DIRECTION    SW (220)
  HIGHEST GUST SPEED    35   HIGHEST GUST DIRECTION    SW (220)
  AVERAGE WIND SPEED    14.2


SKY COVER
  POSSIBLE SUNSHINE  MM
  AVERAGE SKY COVER 0.5


WEATHER CONDITIONS
 THE FOLLOWING WEATHER WAS RECORDED YESTERDAY.
  RAIN
  LIGHT RAIN
  FOG
  HAZE


RELATIVE HUMIDITY (PERCENT)
 HIGHEST    84           800 AM
 LOWEST     52           600 PM
 AVERAGE    68

..........................................................


THE AURORA MUNICIPAL AIRPORT CLIMATE NORMALS FOR TODAY
                         NORMAL    RECORD    YEAR
 MAXIMUM TEMPERATURE (F)   74        90      2014
                                             2012
 MINIMUM TEMPERATURE (F)   51        37      2002


SUNRISE AND SUNSET
MAY 26 2015...........SUNRISE   525 AM CDT   SUNSET   817 PM CDT
MAY 27 2015...........SUNRISE   524 AM CDT   SUNSET   818 PM CDT


-  INDICATES NEGATIVE NUMBERS.
R  INDICATES RECORD WAS SET OR TIED.
MM INDICATES DATA IS MISSING.
T  INDICATES TRACE AMOUNT.




$$
