000
CDUS43 KLOT 170633
CLIARR


CLIMATE REPORT
NATIONAL WEATHER SERVICE CHICAGO IL
131 AM CDT WED SEP 17 2014


...................................

...THE AURORA MUNICIPAL AIRPORT CLIMATE SUMMARY FOR SEPTEMBER 16 2014...

CLIMATE NORMAL PERIOD 1981 TO 2010
CLIMATE RECORD PERIOD 1998 TO 2014


WEATHER ITEM   OBSERVED TIME   RECORD YEAR NORMAL DEPARTURE LAST
                VALUE   (LST)  VALUE       VALUE  FROM      YEAR
                                                  NORMAL
..................................................................
TEMPERATURE (F)
 YESTERDAY
  MAXIMUM         68    300 PM  84    2003  75     -7       67
  MINIMUM         39    526 AM  36    2000  51    -12       44
  AVERAGE         54                        63     -9       56

PRECIPITATION (IN)
  YESTERDAY        0.00          0.05 2010   0.10  -0.10     0.00
  MONTH TO DATE    2.31                      1.64   0.67     0.50
  SINCE SEP 1      2.31                      1.64   0.67     0.50
  SINCE JAN 1     25.18                     26.84  -1.66    26.73

DEGREE DAYS
 HEATING
  YESTERDAY       11                         4      7        9
  MONTH TO DATE   88                        36     52       38
  SINCE SEP 1     88                        36     52       38
  SINCE JUL 1    109                        60     49       66

 COOLING
  YESTERDAY        0                         2     -2        0
  MONTH TO DATE   52                        49      3       82
  SINCE SEP 1     52                        49      3       82
  SINCE JAN 1    682                       633     49      709
..................................................................


WIND (MPH)
  RESULTANT WIND SPEED   2   RESULTANT WIND DIRECTION   W (290)
  HIGHEST WIND SPEED    12   HIGHEST WIND DIRECTION     W (270)
  HIGHEST GUST SPEED    16   HIGHEST GUST DIRECTION     W (270)
  AVERAGE WIND SPEED     3.1


SKY COVER
  POSSIBLE SUNSHINE  MM
  AVERAGE SKY COVER 0.0


WEATHER CONDITIONS
 THE FOLLOWING WEATHER WAS RECORDED YESTERDAY.
  FOG


RELATIVE HUMIDITY (PERCENT)
 HIGHEST    96           100 AM
 LOWEST     37           200 PM
 AVERAGE    67

..........................................................


THE AURORA MUNICIPAL AIRPORT CLIMATE NORMALS FOR TODAY
                         NORMAL    RECORD    YEAR
 MAXIMUM TEMPERATURE (F)   75        86      2007
 MINIMUM TEMPERATURE (F)   50        39      1999


SUNRISE AND SUNSET
SEPTEMBER 17 2014.....SUNRISE   636 AM CDT   SUNSET   700 PM CDT
SEPTEMBER 18 2014.....SUNRISE   637 AM CDT   SUNSET   658 PM CDT


-  INDICATES NEGATIVE NUMBERS.
R  INDICATES RECORD WAS SET OR TIED.
MM INDICATES DATA IS MISSING.
T  INDICATES TRACE AMOUNT.




$$

BMD
