000
CDUS43 KLOT 280639
CLIARR


CLIMATE REPORT
NATIONAL WEATHER SERVICE CHICAGO IL
1237 AM CST WED JAN 28 2015


...................................

...THE AURORA MUNICIPAL AIRPORT CLIMATE SUMMARY FOR JANUARY 27 2015...

CLIMATE NORMAL PERIOD 1981 TO 2010
CLIMATE RECORD PERIOD 1998 TO 2015


WEATHER ITEM   OBSERVED TIME   RECORD YEAR NORMAL DEPARTURE LAST
                VALUE   (LST)  VALUE       VALUE  FROM      YEAR
                                                  NORMAL
..................................................................
TEMPERATURE (F)
 YESTERDAY
  MAXIMUM         32    400 PM  MM      MM  29      3        3
  MINIMUM         19   1100 PM  MM      MM  12      7      -10
  AVERAGE         26                        21      5       -3

PRECIPITATION (IN)
  YESTERDAY        T            MM      MM   0.06  -0.06     0.00
  MONTH TO DATE    0.59                      1.23  -0.64     0.80
  SINCE DEC 1      1.30                      3.19  -1.89     1.45
  SINCE JAN 1      0.59                      1.23  -0.64     0.80

DEGREE DAYS
 HEATING
  YESTERDAY       39                        44     -5       68
  MONTH TO DATE 1207                      1190     17     1061
  SINCE DEC 1   2237                      2425   -188     2440
  SINCE JUL 1   3816                      3839    -23     3890

 COOLING
  YESTERDAY        0                         0      0        0
  MONTH TO DATE    0                         0      0        0
  SINCE DEC 1      0                         0      0        0
  SINCE JAN 1      0                         0      0        0
..................................................................


WIND (MPH)
  RESULTANT WIND SPEED   4   RESULTANT WIND DIRECTION   N (20)
  HIGHEST WIND SPEED    10   HIGHEST WIND DIRECTION    NE (40)
  HIGHEST GUST SPEED    13   HIGHEST GUST DIRECTION    NE (40)
  AVERAGE WIND SPEED     5.0


SKY COVER
  POSSIBLE SUNSHINE  MM
  AVERAGE SKY COVER 0.7


WEATHER CONDITIONS
 THE FOLLOWING WEATHER WAS RECORDED YESTERDAY.
  LIGHT SNOW
  FOG
  HAZE


RELATIVE HUMIDITY (PERCENT)
 HIGHEST    85           100 AM
 LOWEST     63           400 PM
 AVERAGE    74

..........................................................


THE AURORA MUNICIPAL AIRPORT CLIMATE NORMALS FOR TODAY
                         NORMAL    RECORD    YEAR
 MAXIMUM TEMPERATURE (F)   29        MM        MM
 MINIMUM TEMPERATURE (F)   12        MM        MM


SUNRISE AND SUNSET
JANUARY 28 2015.......SUNRISE   710 AM CST   SUNSET   504 PM CST
JANUARY 29 2015.......SUNRISE   709 AM CST   SUNSET   505 PM CST


-  INDICATES NEGATIVE NUMBERS.
R  INDICATES RECORD WAS SET OR TIED.
MM INDICATES DATA IS MISSING.
T  INDICATES TRACE AMOUNT.




$$
