000
CDUS43 KLOT 250632
CLIARR


CLIMATE REPORT
NATIONAL WEATHER SERVICE CHICAGO IL
132 AM CDT SAT OCT 25 2014


...................................

...THE AURORA MUNICIPAL AIRPORT CLIMATE SUMMARY FOR OCTOBER 24 2014...

CLIMATE NORMAL PERIOD 1981 TO 2010
CLIMATE RECORD PERIOD 1998 TO 2014


WEATHER ITEM   OBSERVED TIME   RECORD YEAR NORMAL DEPARTURE LAST
                VALUE   (LST)  VALUE       VALUE  FROM      YEAR
                                                  NORMAL
..................................................................
TEMPERATURE (F)
 YESTERDAY
  MAXIMUM         69    256 PM  78    2012  59     10       45
  MINIMUM         46    628 AM  20    1999  37      9       23
  AVERAGE         58                        48     10       34

PRECIPITATION (IN)
  YESTERDAY        0.00          0.62 2008   0.11  -0.11     0.00
  MONTH TO DATE    2.33                      2.45  -0.12     1.02
  SINCE SEP 1      4.89                      5.89  -1.00     2.24
  SINCE JAN 1     27.76                     31.09  -3.33    28.47

DEGREE DAYS
 HEATING
  YESTERDAY        7                        17    -10       31
  MONTH TO DATE  320                       325     -5      300
  SINCE SEP 1    470                       454     16      401
  SINCE JUL 1    491                       478     13      429

 COOLING
  YESTERDAY        0                         0      0        0
  MONTH TO DATE    3                         9     -6       14
  SINCE SEP 1     63                        72     -9      118
  SINCE JAN 1    693                       656     37      745
..................................................................


WIND (MPH)
  RESULTANT WIND SPEED   3   RESULTANT WIND DIRECTION  SW (210)
  HIGHEST WIND SPEED    13   HIGHEST WIND DIRECTION    SW (220)
  HIGHEST GUST SPEED    16   HIGHEST GUST DIRECTION    SW (220)
  AVERAGE WIND SPEED     3.4


SKY COVER
  POSSIBLE SUNSHINE  MM
  AVERAGE SKY COVER 0.5


WEATHER CONDITIONS
 THE FOLLOWING WEATHER WAS RECORDED YESTERDAY.
  FOG
  HAZE


RELATIVE HUMIDITY (PERCENT)
 HIGHEST    93           700 AM
 LOWEST     44           300 PM
 AVERAGE    69

..........................................................


THE AURORA MUNICIPAL AIRPORT CLIMATE NORMALS FOR TODAY
                         NORMAL    RECORD    YEAR
 MAXIMUM TEMPERATURE (F)   59        75      2004
 MINIMUM TEMPERATURE (F)   36        20      2013


SUNRISE AND SUNSET
OCTOBER 25 2014.......SUNRISE   718 AM CDT   SUNSET   558 PM CDT
OCTOBER 26 2014.......SUNRISE   719 AM CDT   SUNSET   556 PM CDT


-  INDICATES NEGATIVE NUMBERS.
R  INDICATES RECORD WAS SET OR TIED.
MM INDICATES DATA IS MISSING.
T  INDICATES TRACE AMOUNT.




$$
