000
CDUS43 KLOT 260632
CLIARR


CLIMATE REPORT
NATIONAL WEATHER SERVICE CHICAGO IL
132 AM CDT MON SEP 26 2016


...................................

...THE AURORA MUNICIPAL AIRPORT CLIMATE SUMMARY FOR SEPTEMBER 25 2016...

CLIMATE NORMAL PERIOD 1981 TO 2010
CLIMATE RECORD PERIOD 1998 TO 2016


WEATHER ITEM   OBSERVED TIME   RECORD YEAR NORMAL DEPARTURE LAST
                VALUE   (LST)  VALUE       VALUE  FROM      YEAR
                                                  NORMAL
..................................................................
TEMPERATURE (F)
 YESTERDAY
  MAXIMUM         90R   203 PM  85    2007  71     19       78
  MINIMUM         62   1151 PM  36    2003  46     16       59
  AVERAGE         76                        59     17       69

PRECIPITATION (IN)
  YESTERDAY        T             0.09 2007   0.12  -0.12     0.00
  MONTH TO DATE    1.57                      2.75  -1.18     3.19
  SINCE SEP 1      1.57                      2.75  -1.18     3.19
  SINCE JAN 1     28.40                     27.95   0.45    29.70

DEGREE DAYS
 HEATING
  YESTERDAY        0                         7     -7        0
  MONTH TO DATE    2                        86    -84       42
  SINCE SEP 1      2                        86    -84       42
  SINCE JUL 1      5                       110   -105       74

 COOLING
  YESTERDAY       11                         1     10        4
  MONTH TO DATE  157                        59     98      137
  SINCE SEP 1    157                        59     98      137
  SINCE JAN 1   1011                       643    368      734
..................................................................


WIND (MPH)
  RESULTANT WIND SPEED   6   RESULTANT WIND DIRECTION   S (200)
  HIGHEST WIND SPEED    23   HIGHEST WIND DIRECTION     W (280)
  HIGHEST GUST SPEED    32   HIGHEST GUST DIRECTION     W (280)
  AVERAGE WIND SPEED    11.2


SKY COVER
  POSSIBLE SUNSHINE  MM
  AVERAGE SKY COVER 0.3


WEATHER CONDITIONS
 THE FOLLOWING WEATHER WAS RECORDED YESTERDAY.
  THUNDERSTORM
  FOG


RELATIVE HUMIDITY (PERCENT)
 HIGHEST    93           100 AM
 LOWEST     47           200 PM
 AVERAGE    70

..........................................................


THE AURORA MUNICIPAL AIRPORT CLIMATE NORMALS FOR TODAY
                         NORMAL    RECORD    YEAR
 MAXIMUM TEMPERATURE (F)   71        85      1999
 MINIMUM TEMPERATURE (F)   46        34      2000


SUNRISE AND SUNSET
SEPTEMBER 26 2016.....SUNRISE   646 AM CDT   SUNSET   643 PM CDT
SEPTEMBER 27 2016.....SUNRISE   647 AM CDT   SUNSET   642 PM CDT


-  INDICATES NEGATIVE NUMBERS.
R  INDICATES RECORD WAS SET OR TIED.
MM INDICATES DATA IS MISSING.
T  INDICATES TRACE AMOUNT.




$$
