255
CDUS41 KBUF 191034
CLIART


CLIMATE REPORT
NATIONAL WEATHER SERVICE BUFFALO NY
532 AM EST THU JAN 19 2017


...................................

...THE WATERTOWN NY CLIMATE SUMMARY FOR JANUARY 18 2017...

CLIMATE NORMAL PERIOD 1981 TO 2010
CLIMATE RECORD PERIOD 1949 TO 2017


WEATHER ITEM   OBSERVED TIME   RECORD YEAR NORMAL DEPARTURE LAST
                VALUE   (LST)  VALUE       VALUE  FROM      YEAR
                                                  NORMAL
..................................................................
TEMPERATURE (F)
 YESTERDAY
  MAXIMUM         39    551 AM  59    1973  29     10       21
  MINIMUM         33    626 PM -30    1997   9     24        4
  AVERAGE         36                        19     17       13

PRECIPITATION (IN)
  YESTERDAY        0.18          1.00 1957   0.08   0.10      T
  MONTH TO DATE    1.27                      1.61  -0.34     1.42
  SINCE DEC 1      3.46                      4.76  -1.30     3.86
  SINCE JAN 1      1.27                      1.61  -0.34     1.42

DEGREE DAYS
 HEATING
  YESTERDAY       29                        46    -17       52
  MONTH TO DATE  730                       813    -83      730
  SINCE DEC 1   1847                      2010   -163     1510
  SINCE JUL 1   3189                      3609   -420     2877

 COOLING
  YESTERDAY        0                         0      0        0
  MONTH TO DATE    0                         0      0        0
  SINCE DEC 1      0                         0      0        0
  SINCE JAN 1      0                         0      0        0
..................................................................


WIND (MPH)
  HIGHEST WIND SPEED    18   HIGHEST WIND DIRECTION    SW (220)
  HIGHEST GUST SPEED    24   HIGHEST GUST DIRECTION    SW (220)
  AVERAGE WIND SPEED     6.5


SKY COVER
  AVERAGE SKY COVER 1.0


WEATHER CONDITIONS
 THE FOLLOWING WEATHER WAS RECORDED YESTERDAY.
  LIGHT RAIN
  FOG


RELATIVE HUMIDITY (PERCENT)
 HIGHEST   100          1200 AM
 LOWEST    100          1200 AM
 AVERAGE   100

..........................................................


THE WATERTOWN NY CLIMATE NORMALS FOR TODAY
                         NORMAL    RECORD    YEAR
 MAXIMUM TEMPERATURE (F)   29        62      1996
 MINIMUM TEMPERATURE (F)    9       -33      1994


SUNRISE AND SUNSET
JANUARY 19 2017.......SUNRISE   733 AM EST   SUNSET   457 PM EST
JANUARY 20 2017.......SUNRISE   732 AM EST   SUNSET   459 PM EST


-  INDICATES NEGATIVE NUMBERS.
R  INDICATES RECORD WAS SET OR TIED.
MM INDICATES DATA IS MISSING.
T  INDICATES TRACE AMOUNT.




$$
