000
CDUS41 KBUF 210705
CLIART


CLIMATE REPORT
NATIONAL WEATHER SERVICE BUFFALO NY
305 AM EDT MON APR 21 2014


...................................

...THE WATERTOWN NY CLIMATE SUMMARY FOR APRIL 20 2014...

CLIMATE NORMAL PERIOD 1981 TO 2010
CLIMATE RECORD PERIOD 1949 TO 2014


WEATHER ITEM   OBSERVED TIME   RECORD YEAR NORMAL DEPARTURE LAST
                VALUE   (LST)  VALUE       VALUE  FROM      YEAR
                                                  NORMAL
..................................................................
TEMPERATURE (F)
 YESTERDAY
  MAXIMUM         64    541 PM  83    1957  57      7       43
  MINIMUM         24    513 AM  20    1969  35    -11       29
  AVERAGE         44                        46     -2       36

PRECIPITATION (IN)
  YESTERDAY        0.00          0.97 2011   0.09  -0.09     0.04
  MONTH TO DATE    3.27                      1.94   1.33     3.17
  SINCE MAR 1      5.38                      4.24   1.14     4.16
  SINCE JAN 1     12.48                      9.12   3.36     8.46

DEGREE DAYS
 HEATING
  YESTERDAY       21                        19      2       29
  MONTH TO DATE  444                       464    -20      459
  SINCE MAR 1   1749                      1530    219     1467
  SINCE JUL 1   7420                      6971    449     6317

 COOLING
  YESTERDAY        0                         0      0        0
  MONTH TO DATE    0                         0      0        0
  SINCE MAR 1      0                         0      0        0
  SINCE JAN 1      0                         0      0        0
..................................................................


WIND (MPH)
  HIGHEST WIND SPEED    12   HIGHEST WIND DIRECTION     W (290)
  HIGHEST GUST SPEED    14   HIGHEST GUST DIRECTION    SW (220)
  AVERAGE WIND SPEED     4.0


SKY COVER
  AVERAGE SKY COVER 0.0


WEATHER CONDITIONS
 THE FOLLOWING WEATHER WAS RECORDED YESTERDAY.
  NO SIGNIFICANT WEATHER WAS OBSERVED.


RELATIVE HUMIDITY (PERCENT)
 HIGHEST    81           300 AM
 LOWEST     24          1100 AM
 AVERAGE    53

..........................................................


THE WATERTOWN NY CLIMATE NORMALS FOR TODAY
                         NORMAL    RECORD    YEAR
 MAXIMUM TEMPERATURE (F)   57        85      1976
 MINIMUM TEMPERATURE (F)   35        22      2013
                                             1981


SUNRISE AND SUNSET
APRIL 21 2014.........SUNRISE   611 AM EDT   SUNSET   755 PM EDT
APRIL 22 2014.........SUNRISE   609 AM EDT   SUNSET   757 PM EDT


-  INDICATES NEGATIVE NUMBERS.
R  INDICATES RECORD WAS SET OR TIED.
MM INDICATES DATA IS MISSING.
T  INDICATES TRACE AMOUNT.




$$
