000
CDUS41 KBUF 281028
CLIART


CLIMATE REPORT
NATIONAL WEATHER SERVICE BUFFALO NY
526 AM EST TUE FEB 28 2017


...................................

...THE WATERTOWN NY CLIMATE SUMMARY FOR FEBRUARY 27 2017...

CLIMATE NORMAL PERIOD 1981 TO 2010
CLIMATE RECORD PERIOD 1949 TO 2017


WEATHER ITEM   OBSERVED TIME   RECORD YEAR NORMAL DEPARTURE LAST
                VALUE   (LST)  VALUE       VALUE  FROM      YEAR
                                                  NORMAL
..................................................................
TEMPERATURE (F)
 YESTERDAY
  MAXIMUM         45    100 PM  63    2000  35     10       39
  MINIMUM         32    319 AM -25    2006  14     18        7
  AVERAGE         39                        24     15       23

PRECIPITATION (IN)
  YESTERDAY        0.00          1.01 2013   0.09  -0.09      T
  MONTH TO DATE    1.85                      2.14  -0.29     4.08
  SINCE DEC 1      5.82                      7.95  -2.13     8.04
  SINCE JAN 1      3.63                      4.80  -1.17     5.60

DEGREE DAYS
 HEATING
  YESTERDAY       26                        41    -15       42
  MONTH TO DATE  958                      1190   -232     1161
  SINCE DEC 1   3247                      3802   -555     3228
  SINCE JUL 1   4589                      5401   -812     4595

 COOLING
  YESTERDAY        0                         0      0        0
  MONTH TO DATE    0                         0      0        0
  SINCE DEC 1      0                         0      0        0
  SINCE JAN 1      0                         0      0        0
..................................................................


WIND (MPH)
  HIGHEST WIND SPEED    24   HIGHEST WIND DIRECTION     W (250)
  HIGHEST GUST SPEED    34   HIGHEST GUST DIRECTION     W (260)
  AVERAGE WIND SPEED    10.0


SKY COVER
  AVERAGE SKY COVER 0.7


WEATHER CONDITIONS
 THE FOLLOWING WEATHER WAS RECORDED YESTERDAY.
  NO SIGNIFICANT WEATHER WAS OBSERVED.


RELATIVE HUMIDITY (PERCENT)
 HIGHEST    82           800 PM
 LOWEST     49          1100 AM
 AVERAGE    66

..........................................................


THE WATERTOWN NY CLIMATE NORMALS FOR TODAY
                         NORMAL    RECORD    YEAR
 MAXIMUM TEMPERATURE (F)   35        60      1954
 MINIMUM TEMPERATURE (F)   14       -22      1993


SUNRISE AND SUNSET
FEBRUARY 28 2017......SUNRISE   642 AM EST   SUNSET   552 PM EST
MARCH  1 2017.........SUNRISE   641 AM EST   SUNSET   553 PM EST


-  INDICATES NEGATIVE NUMBERS.
R  INDICATES RECORD WAS SET OR TIED.
MM INDICATES DATA IS MISSING.
T  INDICATES TRACE AMOUNT.




$$
