000
CDUS41 KBUF 291007
CLIART


CLIMATE REPORT
NATIONAL WEATHER SERVICE BUFFALO NY
607 AM EDT THU JUN 29 2017


...................................

...THE WATERTOWN NY CLIMATE SUMMARY FOR JUNE 28 2017...

CLIMATE NORMAL PERIOD 1981 TO 2010
CLIMATE RECORD PERIOD 1949 TO 2017


WEATHER ITEM   OBSERVED TIME   RECORD YEAR NORMAL DEPARTURE LAST
                VALUE   (LST)  VALUE       VALUE  FROM      YEAR
                                                  NORMAL
..................................................................
TEMPERATURE (F)
 YESTERDAY
  MAXIMUM         72    446 PM  90    2005  78     -6       77
  MINIMUM         51    420 AM  38    1970  56     -5       57
  AVERAGE         62                        67     -5       67

PRECIPITATION (IN)
  YESTERDAY        0.00          1.03 2015   0.09  -0.09      T
  MONTH TO DATE    5.90                      2.68   3.22     3.60
  SINCE JUN 1      5.90                      2.68   3.22     3.60
  SINCE JAN 1     21.57                     15.83   5.74    14.60

DEGREE DAYS
 HEATING
  YESTERDAY        3                         2      1        0
  MONTH TO DATE  102                       104     -2       98
  SINCE JUN 1    102                       104     -2       98
  SINCE JUL 1   6751                      7580   -829     6738

 COOLING
  YESTERDAY        0                         3     -3        2
  MONTH TO DATE   70                        53     17       47
  SINCE JUN 1     70                        53     17       47
  SINCE JAN 1     89                        64     25       77
..................................................................


WIND (MPH)
  HIGHEST WIND SPEED    17   HIGHEST WIND DIRECTION     W (250)
  HIGHEST GUST SPEED    23   HIGHEST GUST DIRECTION    SW (220)
  AVERAGE WIND SPEED     7.1


SKY COVER
  AVERAGE SKY COVER 0.1


WEATHER CONDITIONS
 THE FOLLOWING WEATHER WAS RECORDED YESTERDAY.
  NO SIGNIFICANT WEATHER WAS OBSERVED.


RELATIVE HUMIDITY (PERCENT)
 HIGHEST   100           500 AM
 LOWEST     44           300 PM
 AVERAGE    72

..........................................................


THE WATERTOWN NY CLIMATE NORMALS FOR TODAY
                         NORMAL    RECORD    YEAR
 MAXIMUM TEMPERATURE (F)   78        89      2014
 MINIMUM TEMPERATURE (F)   56        33      1988


SUNRISE AND SUNSET
JUNE 29 2017..........SUNRISE   524 AM EDT   SUNSET   851 PM EDT
JUNE 30 2017..........SUNRISE   525 AM EDT   SUNSET   851 PM EDT


-  INDICATES NEGATIVE NUMBERS.
R  INDICATES RECORD WAS SET OR TIED.
MM INDICATES DATA IS MISSING.
T  INDICATES TRACE AMOUNT.




$$
