421
CDUS45 KGJT 292330
CLIASE


CLIMATE REPORT
NATIONAL WEATHER SERVICE GRAND JUNCTION CO
525 PM MDT FRI JUL 29 2016


...................................

...THE ASPEN CO CLIMATE SUMMARY FOR JULY 29 2016...
VALID TODAY AS OF 0500 PM LOCAL TIME.

CLIMATE NORMAL PERIOD 1981 TO 2010
CLIMATE RECORD PERIOD 9999 TO 9999


WEATHER ITEM   OBSERVED TIME   RECORD YEAR NORMAL DEPARTURE LAST
                VALUE   (LST)  VALUE       VALUE  FROM      YEAR
                                                  NORMAL
..................................................................
TEMPERATURE (F)
 TODAY
  MAXIMUM         86    245 PM  MM      MM  80      6       81
  MINIMUM         46    455 AM  MM      MM  48     -2       43
  AVERAGE         66                        64      2       62

PRECIPITATION (IN)
  TODAY            0.00         MM      MM   0.06  -0.06     0.00
  MONTH TO DATE    1.77                      1.58   0.19     3.65
  SINCE JUN 1      2.29                      2.71  -0.42     4.96
  SINCE JAN 1      9.47                      9.65  -0.18    12.27

SNOWFALL (IN)
  TODAY           MM            MM      MM  MM     MM       MM
  MONTH TO DATE   MM                        MM     MM       MM
  SINCE JUN 1     MM                        MM     MM       MM
  SINCE JUL 1     MM                        MM     MM       MM
  SNOW DEPTH      MM

DEGREE DAYS
 HEATING
  TODAY            0                         2     -2        3
  MONTH TO DATE   31                        67    -36      103
  SINCE JUN 1    108                       296   -188      210
  SINCE JUL 1     31                        67    -36      103

 COOLING
  TODAY            1                         1      0        0
  MONTH TO DATE   29                        27      2       15
  SINCE JUN 1     53                        31     22       51
  SINCE JAN 1     53                        31     22       51
..................................................................


WIND (MPH)
  HIGHEST WIND SPEED    20   HIGHEST WIND DIRECTION    NW (310)
  HIGHEST GUST SPEED    28   HIGHEST GUST DIRECTION     N (340)
  AVERAGE WIND SPEED     6.7


SKY COVER
  POSSIBLE SUNSHINE  MM
  AVERAGE SKY COVER 0.0


WEATHER CONDITIONS
 THE FOLLOWING WEATHER WAS RECORDED TODAY.
  NO SIGNIFICANT WEATHER WAS OBSERVED.


RELATIVE HUMIDITY (PERCENT)
 HIGHEST    65           500 AM
 LOWEST     13          1200 PM
 AVERAGE    39

..........................................................


THE ASPEN CO CLIMATE NORMALS FOR TOMORROW
                         NORMAL    RECORD    YEAR
 MAXIMUM TEMPERATURE (F)   80        MM        MM
 MINIMUM TEMPERATURE (F)   48        MM        MM


SUNRISE AND SUNSET
JULY 29 2016..........SUNRISE   606 AM MDT   SUNSET   822 PM MDT
JULY 30 2016..........SUNRISE   606 AM MDT   SUNSET   821 PM MDT


-  INDICATES NEGATIVE NUMBERS.
R  INDICATES RECORD WAS SET OR TIED.
MM INDICATES DATA IS MISSING.
T  INDICATES TRACE AMOUNT.




$$
