000
CDUS46 KPQR 260323
CLIAST


CLIMATE REPORT
NATIONAL WEATHER SERVICE PORTLAND OREGON
723 PM PST TUE NOV 25 2014


...................................

...THE ASTORIA OR CLIMATE SUMMARY FOR NOVEMBER 25 2014...
VALID TODAY AS OF 0700 PM LOCAL TIME.

CLIMATE NORMAL PERIOD 1981 TO 2010
CLIMATE RECORD PERIOD 1892 TO 2014


WEATHER ITEM   OBSERVED TIME   RECORD YEAR NORMAL DEPARTURE LAST
                VALUE   (LST)  VALUE       VALUE  FROM      YEAR
                                                  NORMAL
..................................................................
TEMPERATURE (F)
 TODAY
  MAXIMUM         58    515 PM  66    1899  51      7       56
  MINIMUM         55   1250 AM  25    1985  39     16       32
  AVERAGE         57                        45     12       44

PRECIPITATION (IN)
  TODAY            0.16          5.56 1998   0.40  -0.24     0.00
  MONTH TO DATE    5.38                      9.16  -3.78     4.77
  SINCE OCT 1     13.99                     15.14  -1.15     6.82
  SINCE JAN 1     61.24                     55.38   5.86    53.87

DEGREE DAYS
 HEATING
  TODAY            8                        20    -12       21
  MONTH TO DATE  439                       442     -3      435
  SINCE SEP 1    735                      1028   -293     1005
  SINCE JUL 1    893                      1309   -416     1252

 COOLING
  TODAY            0                         0      0        0
  MONTH TO DATE    0                         0      0        0
  SINCE SEP 1     20                         5     15        3
  SINCE JAN 1     45                        12     33        9
..................................................................


WIND (MPH)
  HIGHEST WIND SPEED    22   HIGHEST WIND DIRECTION    SW (220)
  HIGHEST GUST SPEED    33   HIGHEST GUST DIRECTION    SW (240)
  AVERAGE WIND SPEED    15.1


SKY COVER
  POSSIBLE SUNSHINE  MM
  AVERAGE SKY COVER 1.0


WEATHER CONDITIONS
 THE FOLLOWING WEATHER WAS RECORDED TODAY.
  RAIN
  LIGHT RAIN
  FOG


RELATIVE HUMIDITY (PERCENT)
 HIGHEST   100           400 AM
 LOWEST     86           500 PM
 AVERAGE    93

..........................................................


THE ASTORIA OR CLIMATE NORMALS FOR TOMORROW
                         NORMAL    RECORD    YEAR
 MAXIMUM TEMPERATURE (F)   51        60      1950
                                             1903
 MINIMUM TEMPERATURE (F)   38        24      1896


SUNRISE AND SUNSET
NOVEMBER 25 2014......SUNRISE   730 AM PST   SUNSET   435 PM PST
NOVEMBER 26 2014......SUNRISE   731 AM PST   SUNSET   434 PM PST


-  INDICATES NEGATIVE NUMBERS.
R  INDICATES RECORD WAS SET OR TIED.
MM INDICATES DATA IS MISSING.
T  INDICATES TRACE AMOUNT.




$$
