000
CDUS46 KPQR 311145
CLIAST


CLIMATE REPORT
NATIONAL WEATHER SERVICE PORTLAND OREGON
444 AM PDT MON AUG 31 2015


...................................

...THE ASTORIA OR CLIMATE SUMMARY FOR AUGUST 30 2015...

CLIMATE NORMAL PERIOD 1981 TO 2010
CLIMATE RECORD PERIOD 1892 TO 2015


WEATHER ITEM   OBSERVED TIME   RECORD YEAR NORMAL DEPARTURE LAST
                VALUE   (LST)  VALUE       VALUE  FROM      YEAR
                                                  NORMAL
..................................................................
TEMPERATURE (F)
 YESTERDAY
  MAXIMUM         68    349 PM  85    1936  69     -1       67
  MINIMUM         56    638 AM  42    1920  52      4       57
  AVERAGE         62                        60      2       62

PRECIPITATION (IN)
  YESTERDAY        0.07          1.73 1922   0.05   0.02     0.13
  MONTH TO DATE    1.26                      1.10   0.16     0.70
  SINCE OCT 1     54.66                     65.06 -10.40    54.47
  SINCE JAN 1     29.04                     38.04  -9.00    42.31

DEGREE DAYS
 HEATING
  YESTERDAY        3                         5     -2        3
  MONTH TO DATE   48                       123    -75       51
  SINCE JUN 1    236                       515   -279      341
  SINCE JUL 1     87                       273   -186      161

 COOLING
  YESTERDAY        0                         0      0        0
  MONTH TO DATE   16                         0     16        6
  SINCE JUN 1     41                         3     38       14
  SINCE JAN 1     43                         3     40       25
..................................................................


WIND (MPH)
  HIGHEST WIND SPEED    22   HIGHEST WIND DIRECTION    SW (210)
  HIGHEST GUST SPEED    31   HIGHEST GUST DIRECTION     S (200)
  AVERAGE WIND SPEED    12.7


SKY COVER
  POSSIBLE SUNSHINE  MM
  AVERAGE SKY COVER 0.5


WEATHER CONDITIONS
 THE FOLLOWING WEATHER WAS RECORDED YESTERDAY.
  RAIN
  LIGHT RAIN
  FOG


RELATIVE HUMIDITY (PERCENT)
 HIGHEST    90           100 AM
 LOWEST     63           100 PM
 AVERAGE    77

..........................................................


THE ASTORIA OR CLIMATE NORMALS FOR TODAY
                         NORMAL    RECORD    YEAR
 MAXIMUM TEMPERATURE (F)   69        88      1942
 MINIMUM TEMPERATURE (F)   52        43      1973
                                             1964


SUNRISE AND SUNSET
AUGUST 31 2015........SUNRISE   635 AM PDT   SUNSET   756 PM PDT
SEPTEMBER  1 2015.....SUNRISE   636 AM PDT   SUNSET   754 PM PDT


-  INDICATES NEGATIVE NUMBERS.
R  INDICATES RECORD WAS SET OR TIED.
MM INDICATES DATA IS MISSING.
T  INDICATES TRACE AMOUNT.




$$
