444
CDUS46 KPQR 221144
CLIAST


CLIMATE REPORT
NATIONAL WEATHER SERVICE PORTLAND OREGON
443 AM PDT SAT JUL 22 2017


...................................

...THE ASTORIA OR CLIMATE SUMMARY FOR JULY 21 2017...

CLIMATE NORMAL PERIOD 1981 TO 2010
CLIMATE RECORD PERIOD 1892 TO 2017


WEATHER ITEM   OBSERVED TIME   RECORD YEAR NORMAL DEPARTURE LAST
                VALUE   (LST)  VALUE       VALUE  FROM      YEAR
                                                  NORMAL
..................................................................
TEMPERATURE (F)
 YESTERDAY
  MAXIMUM         69    236 PM  88    1928  68      1       71
  MINIMUM         50    458 AM  44    1966  54     -4       54
                                      1930
  AVERAGE         60                        61     -1       63

PRECIPITATION (IN)
  YESTERDAY        0.00          0.88 1901   0.03  -0.03      T
  MONTH TO DATE    0.10                      0.78  -0.68     1.10
  SINCE OCT 1     93.54                     63.71  29.83    82.86
  SINCE JAN 1     49.67                     36.69  12.98    40.33

DEGREE DAYS
 HEATING
  YESTERDAY        5                         4      1        2
  MONTH TO DATE  114                       108      6       50
  SINCE JUN 1    321                       350    -29      226
  SINCE JUL 1    114                       108      6       50

 COOLING
  YESTERDAY        0                         0      0        0
  MONTH TO DATE    0                         0      0        0
  SINCE JUN 1     10                         0     10        6
  SINCE JAN 1     12                         0     12        9
..................................................................


WIND (MPH)
  HIGHEST WIND SPEED    14   HIGHEST WIND DIRECTION     W (260)
  HIGHEST GUST SPEED    18   HIGHEST GUST DIRECTION     W (250)
  AVERAGE WIND SPEED     5.0


SKY COVER
  POSSIBLE SUNSHINE  MM
  AVERAGE SKY COVER 0.2


WEATHER CONDITIONS
 THE FOLLOWING WEATHER WAS RECORDED YESTERDAY.
  NO SIGNIFICANT WEATHER WAS OBSERVED.


RELATIVE HUMIDITY (PERCENT)
 HIGHEST    93          1200 AM
 LOWEST     63          1100 AM
 AVERAGE    78

..........................................................


THE ASTORIA OR CLIMATE NORMALS FOR TODAY
                         NORMAL    RECORD    YEAR
 MAXIMUM TEMPERATURE (F)   68        86      1928
 MINIMUM TEMPERATURE (F)   54        44      1977


SUNRISE AND SUNSET
JULY 22 2017..........SUNRISE   547 AM PDT   SUNSET   857 PM PDT
JULY 23 2017..........SUNRISE   548 AM PDT   SUNSET   856 PM PDT


-  INDICATES NEGATIVE NUMBERS.
R  INDICATES RECORD WAS SET OR TIED.
MM INDICATES DATA IS MISSING.
T  INDICATES TRACE AMOUNT.




$$
