000
CDUS46 KPQR 292321
CLIAST


CLIMATE REPORT
NATIONAL WEATHER SERVICE PORTLAND OREGON
421 PM PDT SUN MAY 29 2016


...................................

...THE ASTORIA OR CLIMATE SUMMARY FOR MAY 29 2016...
VALID TODAY AS OF 0400 PM LOCAL TIME.

CLIMATE NORMAL PERIOD 1981 TO 2010
CLIMATE RECORD PERIOD 1892 TO 2016


WEATHER ITEM   OBSERVED TIME   RECORD YEAR NORMAL DEPARTURE LAST
                VALUE   (LST)  VALUE       VALUE  FROM      YEAR
                                                  NORMAL
..................................................................
TEMPERATURE (F)
 TODAY
  MAXIMUM         64    237 PM  85    2007  62      2       62
  MINIMUM         53    642 AM  37    1966  48      5       52
  AVERAGE         59                        55      4       57

PRECIPITATION (IN)
  TODAY            0.05          1.25 1969   0.10  -0.05     0.00
  MONTH TO DATE    0.86                      3.12  -2.26     1.29
  SINCE OCT 1     79.76                     60.18  19.58    52.28
  SINCE JAN 1     37.23                     33.16   4.07    26.66

DEGREE DAYS
 HEATING
  TODAY            6                        10     -4        8
  MONTH TO DATE  263                       352    -89      293
  SINCE MAR 1   1069                      1419   -350     1223
  SINCE JUL 1   3688                      4761  -1073     3763

 COOLING
  TODAY            0                         0      0        0
  MONTH TO DATE    0                         0      0        0
  SINCE MAR 1      3                         0      3        2
  SINCE JAN 1      3                         0      3        2
..................................................................


WIND (MPH)
  HIGHEST WIND SPEED    16   HIGHEST WIND DIRECTION    NW (310)
  HIGHEST GUST SPEED    20   HIGHEST GUST DIRECTION    NW (320)
  AVERAGE WIND SPEED     6.7


SKY COVER
  POSSIBLE SUNSHINE  MM
  AVERAGE SKY COVER 0.8


WEATHER CONDITIONS
 THE FOLLOWING WEATHER WAS RECORDED TODAY.
  LIGHT RAIN
  FOG


RELATIVE HUMIDITY (PERCENT)
 HIGHEST   100          1200 AM
 LOWEST     56           100 PM
 AVERAGE    78

..........................................................


THE ASTORIA OR CLIMATE NORMALS FOR TOMORROW
                         NORMAL    RECORD    YEAR
 MAXIMUM TEMPERATURE (F)   62        79      1924
 MINIMUM TEMPERATURE (F)   48        38      1943


SUNRISE AND SUNSET
MAY 29 2016...........SUNRISE   529 AM PDT   SUNSET   857 PM PDT
MAY 30 2016...........SUNRISE   529 AM PDT   SUNSET   858 PM PDT


-  INDICATES NEGATIVE NUMBERS.
R  INDICATES RECORD WAS SET OR TIED.
MM INDICATES DATA IS MISSING.
T  INDICATES TRACE AMOUNT.




$$
