000
CDUS46 KPQR 010226
CLIAST


CLIMATE REPORT
NATIONAL WEATHER SERVICE PORTLAND OREGON
725 PM PDT FRI OCT 31 2014


...................................

...THE ASTORIA OR CLIMATE SUMMARY FOR OCTOBER 31 2014...
VALID TODAY AS OF 0700 PM LOCAL TIME.

CLIMATE NORMAL PERIOD 1981 TO 2010
CLIMATE RECORD PERIOD 1892 TO 2014


WEATHER ITEM   OBSERVED TIME   RECORD YEAR NORMAL DEPARTURE LAST
                VALUE   (LST)  VALUE       VALUE  FROM      YEAR
                                                  NORMAL
..................................................................
TEMPERATURE (F)
 TODAY
  MAXIMUM         59    220 PM  70    1954  57      2       56
  MINIMUM         50    559 PM  29    2006  42      8       49
                                      2002
  AVERAGE         55                        50      5       53

PRECIPITATION (IN)
  TODAY            0.25          3.45 1942   0.28  -0.03     0.07
  MONTH TO DATE    8.61                      5.98   2.63     2.05
  SINCE OCT 1      8.61                      5.98   2.63     2.05
  SINCE JAN 1     55.86                     46.22   9.64    49.10

DEGREE DAYS
 HEATING
  TODAY           10                        15     -5       12
  MONTH TO DATE  200                       386   -186      424
  SINCE SEP 1    292                       586   -294      570
  SINCE JUL 1    450                       867   -417      817

 COOLING
  TODAY            0                         0      0        0
  MONTH TO DATE    0                         0      0        0
  SINCE SEP 1     20                         5     15        3
  SINCE JAN 1     45                        12     33        9
..................................................................


WIND (MPH)
  HIGHEST WIND SPEED    12   HIGHEST WIND DIRECTION    SW (220)
  HIGHEST GUST SPEED    16   HIGHEST GUST DIRECTION    SW (230)
  AVERAGE WIND SPEED     3.5


SKY COVER
  POSSIBLE SUNSHINE  MM
  AVERAGE SKY COVER 0.7


WEATHER CONDITIONS
 THE FOLLOWING WEATHER WAS RECORDED TODAY.
  LIGHT RAIN
  FOG


RELATIVE HUMIDITY (PERCENT)
 HIGHEST    96           300 AM
 LOWEST     66           400 PM
 AVERAGE    81

..........................................................


THE ASTORIA OR CLIMATE NORMALS FOR TOMORROW
                         NORMAL    RECORD    YEAR
 MAXIMUM TEMPERATURE (F)   57        71      1969
 MINIMUM TEMPERATURE (F)   42        25      1935


SUNRISE AND SUNSET
OCTOBER 31 2014.......SUNRISE   755 AM PDT   SUNSET   603 PM PDT
NOVEMBER  1 2014......SUNRISE   757 AM PDT   SUNSET   601 PM PDT


-  INDICATES NEGATIVE NUMBERS.
R  INDICATES RECORD WAS SET OR TIED.
MM INDICATES DATA IS MISSING.
T  INDICATES TRACE AMOUNT.




$$
