000
CDUS46 KPQR 211141
CLIAST


CLIMATE REPORT
NATIONAL WEATHER SERVICE PORTLAND OREGON
441 AM PDT THU SEP 21 2017


...................................

...THE ASTORIA OR CLIMATE SUMMARY FOR SEPTEMBER 20 2017...

CLIMATE NORMAL PERIOD 1981 TO 2010
CLIMATE RECORD PERIOD 1892 TO 2017


WEATHER ITEM   OBSERVED TIME   RECORD YEAR NORMAL DEPARTURE LAST
                VALUE   (LST)  VALUE       VALUE  FROM      YEAR
                                                  NORMAL
..................................................................
TEMPERATURE (F)
 YESTERDAY
  MAXIMUM         61    149 PM  86    2014  67     -6       67
  MINIMUM         48   1029 PM  40    1985  49     -1       49
  AVERAGE         55                        58     -3       58

PRECIPITATION (IN)
  YESTERDAY        0.96          1.49 1945   0.07   0.89     0.00
  MONTH TO DATE    2.54                      1.26   1.28     1.94
  SINCE OCT 1     96.47                     66.38  30.09    85.32
  SINCE JAN 1     52.60                     39.36  13.24    42.79

DEGREE DAYS
 HEATING
  YESTERDAY       10                         7      3        7
  MONTH TO DATE   89                       117    -28       75
  SINCE SEP 1     89                       117    -28       75
  SINCE JUL 1    329                       398    -69      196

 COOLING
  YESTERDAY        0                         0      0        0
  MONTH TO DATE   18                         0     18        0
  SINCE SEP 1     18                         0     18        0
  SINCE JAN 1     51                         7     44       55
..................................................................


WIND (MPH)
  HIGHEST WIND SPEED    14   HIGHEST WIND DIRECTION     W (290)
  HIGHEST GUST SPEED    17   HIGHEST GUST DIRECTION     W (280)
  AVERAGE WIND SPEED     5.0


SKY COVER
  POSSIBLE SUNSHINE  MM
  AVERAGE SKY COVER 0.5


WEATHER CONDITIONS
 THE FOLLOWING WEATHER WAS RECORDED YESTERDAY.
  HEAVY RAIN
  RAIN
  LIGHT RAIN
  FOG


RELATIVE HUMIDITY (PERCENT)
 HIGHEST    93           200 AM
 LOWEST     57           300 PM
 AVERAGE    75

..........................................................


THE ASTORIA OR CLIMATE NORMALS FOR TODAY
                         NORMAL    RECORD    YEAR
 MAXIMUM TEMPERATURE (F)   67        85      1994
                                             1990
                                             1975
 MINIMUM TEMPERATURE (F)   49        37      1960


SUNRISE AND SUNSET
SEPTEMBER 21 2017.....SUNRISE   702 AM PDT   SUNSET   714 PM PDT
SEPTEMBER 22 2017.....SUNRISE   703 AM PDT   SUNSET   712 PM PDT


-  INDICATES NEGATIVE NUMBERS.
R  INDICATES RECORD WAS SET OR TIED.
MM INDICATES DATA IS MISSING.
T  INDICATES TRACE AMOUNT.




$$
