000
CDUS46 KPQR 250224
CLIAST


CLIMATE REPORT
NATIONAL WEATHER SERVICE PORTLAND OREGON
624 PM PST FRI NOV 24 2017


...................................

...THE ASTORIA OR CLIMATE SUMMARY FOR NOVEMBER 24 2017...
VALID TODAY AS OF 0600 PM LOCAL TIME.

CLIMATE NORMAL PERIOD 1981 TO 2010
CLIMATE RECORD PERIOD 1892 TO 2017


WEATHER ITEM   OBSERVED TIME   RECORD YEAR NORMAL DEPARTURE LAST
                VALUE   (LST)  VALUE       VALUE  FROM      YEAR
                                                  NORMAL
..................................................................
TEMPERATURE (F)
 TODAY
  MAXIMUM         55   1243 PM  63    1936  52      3       53
  MINIMUM         44    545 AM  19    1985  39      5       48
  AVERAGE         50                        45      5       51

PRECIPITATION (IN)
  TODAY            0.04          5.00 1927   0.40  -0.36     3.54
  MONTH TO DATE   11.62                      8.76   2.86    14.48
  SINCE OCT 1     20.56                     14.74   5.82    30.80
  SINCE JAN 1     73.77                     54.98  18.79    73.78

DEGREE DAYS
 HEATING
  TODAY           15                        20     -5       14
  MONTH TO DATE  405                       422    -17      253
  SINCE SEP 1    945                      1008    -63      651
  SINCE JUL 1   1185                      1289   -104      772

 COOLING
  TODAY            0                         0      0        0
  MONTH TO DATE    0                         0      0        0
  SINCE SEP 1     22                         5     17        7
  SINCE JAN 1     55                        12     43       62
..................................................................


WIND (MPH)
  HIGHEST WIND SPEED    18   HIGHEST WIND DIRECTION     S (180)
  HIGHEST GUST SPEED    25   HIGHEST GUST DIRECTION     S (200)
  AVERAGE WIND SPEED     7.9


SKY COVER
  POSSIBLE SUNSHINE  MM
  AVERAGE SKY COVER 0.7


WEATHER CONDITIONS
 THE FOLLOWING WEATHER WAS RECORDED TODAY.
  LIGHT RAIN
  FOG
  HAZE


RELATIVE HUMIDITY (PERCENT)
 HIGHEST    93           300 AM
 LOWEST     71           200 PM
 AVERAGE    82

..........................................................


THE ASTORIA OR CLIMATE NORMALS FOR TOMORROW
                         NORMAL    RECORD    YEAR
 MAXIMUM TEMPERATURE (F)   51        61      1936
                                             1899
 MINIMUM TEMPERATURE (F)   39        25      1985


SUNRISE AND SUNSET
NOVEMBER 24 2017......SUNRISE   729 AM PST   SUNSET   435 PM PST
NOVEMBER 25 2017......SUNRISE   730 AM PST   SUNSET   434 PM PST


-  INDICATES NEGATIVE NUMBERS.
R  INDICATES RECORD WAS SET OR TIED.
MM INDICATES DATA IS MISSING.
T  INDICATES TRACE AMOUNT.




$$
