000
CDUS42 KFFC 252135
CLIATL


CLIMATE REPORT
NATIONAL WEATHER SERVICE PEACHTREE CITY GA
435 PM EST THU DEC 25 2014


...................................

...THE ATLANTA CLIMATE SUMMARY FOR DECEMBER 25 2014...
VALID TODAY AS OF 0400 PM LOCAL TIME.

CLIMATE NORMAL PERIOD 1981 TO 2010
CLIMATE RECORD PERIOD 1878 TO 2014


WEATHER ITEM   OBSERVED TIME   RECORD YEAR NORMAL DEPARTURE LAST
                VALUE   (LST)  VALUE       VALUE  FROM      YEAR
                                                  NORMAL
..................................................................
TEMPERATURE (F)
 TODAY
  MAXIMUM         52    423 PM  72    1987  52      0       46
                                      1889
  MINIMUM         38    807 AM   0    1983  35      3       27
  AVERAGE         45                        44      1       37

PRECIPITATION (IN)
  TODAY            0.00          2.06 1945   0.12  -0.12     0.00
  MONTH TO DATE    3.34                      3.19   0.15     6.19
  SINCE DEC 1      3.34                      3.19   0.15     6.19
  SINCE JAN 1     45.45                     49.00  -3.55    64.41

SNOWFALL (IN)
  TODAY            0.0           1.3  2010   0.1   -0.1      0.0
  MONTH TO DATE    0.0                       0.3   -0.3      0.0
  SINCE DEC 1      0.0                       0.3   -0.3      0.0
  SINCE JUL 1      0.0                       0.3   -0.3      0.4
  SNOW DEPTH       0

DEGREE DAYS
 HEATING
  TODAY           20                        22     -2       28
  MONTH TO DATE  368                       483   -115      393
  SINCE DEC 1    368                       483   -115      393
  SINCE JUL 1    915                       951    -36      920

 COOLING
  TODAY            0                         0      0        0
  MONTH TO DATE    0                         0      0        7
  SINCE DEC 1      0                         0      0        7
  SINCE JAN 1   1986                      1882    104     1762
..................................................................


WIND (MPH)
  HIGHEST WIND SPEED    18   HIGHEST WIND DIRECTION    NW (330)
  HIGHEST GUST SPEED    24   HIGHEST GUST DIRECTION     W (280)
  AVERAGE WIND SPEED     9.3


SKY COVER
  POSSIBLE SUNSHINE  MM
  AVERAGE SKY COVER 0.5


WEATHER CONDITIONS
 THE FOLLOWING WEATHER WAS RECORDED TODAY.
  NO SIGNIFICANT WEATHER WAS OBSERVED.


RELATIVE HUMIDITY (PERCENT)
 HIGHEST    86          1200 AM
 LOWEST     50           300 PM
 AVERAGE    68

..........................................................


THE ATLANTA CLIMATE NORMALS FOR TOMORROW
                         NORMAL    RECORD    YEAR
 MAXIMUM TEMPERATURE (F)   52        72      1987
 MINIMUM TEMPERATURE (F)   35         5      1983


SUNRISE AND SUNSET
DECEMBER 25 2014......SUNRISE   740 AM EST   SUNSET   536 PM EST
DECEMBER 26 2014......SUNRISE   741 AM EST   SUNSET   536 PM EST


-  INDICATES NEGATIVE NUMBERS.
R  INDICATES RECORD WAS SET OR TIED.
MM INDICATES DATA IS MISSING.
T  INDICATES TRACE AMOUNT.




$$
