000
CDUS42 KFFC 010816
CLIATL


CLIMATE REPORT
NATIONAL WEATHER SERVICE PEACHTREE CITY GA
416 AM EDT WED OCT 1 2014


...................................

...THE ATLANTA CLIMATE SUMMARY FOR SEPTEMBER 30 2014...

CLIMATE NORMAL PERIOD 1981 TO 2010
CLIMATE RECORD PERIOD 1878 TO 2014


WEATHER ITEM   OBSERVED TIME   RECORD YEAR NORMAL DEPARTURE LAST
                VALUE   (LST)  VALUE       VALUE  FROM      YEAR
                                                  NORMAL
..................................................................
TEMPERATURE (F)
 YESTERDAY
  MAXIMUM         84    344 PM  91    1941  78      6       77
  MINIMUM         66    707 AM  36    1967  60      6       57
  AVERAGE         75                        68      7       67

PRECIPITATION (IN)
  YESTERDAY        T             4.23 1989   0.16  -0.16     0.00
  MONTH TO DATE    0.75                      4.47  -3.72     2.74
  SINCE SEP 1      0.75                      4.47  -3.72     2.74
  SINCE JAN 1     34.72                     38.30  -3.58    53.78

DEGREE DAYS
 HEATING
  YESTERDAY        0                         1     -1        0
  MONTH TO DATE    0                        10    -10        0
  SINCE SEP 1      0                        11    -11        0
  SINCE JUL 1      0                        11    -11        1

 COOLING
  YESTERDAY       10                         5      5        2
  MONTH TO DATE  331                       266     65      289
  SINCE SEP 1    331                       266     65      289
  SINCE JAN 1   1869                      1805     64     1671
..................................................................


WIND (MPH)
  RESULTANT WIND SPEED   2   RESULTANT WIND DIRECTION   E (70)
  HIGHEST WIND SPEED    12   HIGHEST WIND DIRECTION    NE (50)
  HIGHEST GUST SPEED    16   HIGHEST GUST DIRECTION    NE (40)
  AVERAGE WIND SPEED     4.7


SKY COVER
  AVERAGE SKY COVER 0.4


WEATHER CONDITIONS
 THE FOLLOWING WEATHER WAS RECORDED YESTERDAY.
  LIGHT RAIN
  FOG


RELATIVE HUMIDITY (PERCENT)
 HIGHEST    93           400 AM
 LOWEST     43           400 PM
 AVERAGE    68

..........................................................


THE ATLANTA CLIMATE NORMALS FOR TODAY
                         NORMAL    RECORD    YEAR
 MAXIMUM TEMPERATURE (F)   77        89      1954
                                             1926
                                             1911
 MINIMUM TEMPERATURE (F)   59        40      1924


SUNRISE AND SUNSET
OCTOBER  1 2014.......SUNRISE   732 AM EDT   SUNSET   722 PM EDT
OCTOBER  2 2014.......SUNRISE   733 AM EDT   SUNSET   721 PM EDT


-  INDICATES NEGATIVE NUMBERS.
R  INDICATES RECORD WAS SET OR TIED.
MM INDICATES DATA IS MISSING.
T  INDICATES TRACE AMOUNT.




$$
