000
CDUS42 KFFC 280816
CLIATL


CLIMATE REPORT
NATIONAL WEATHER SERVICE PEACHTREE CITY GA
416 AM EDT WED SEP 28 2016


...................................

...THE ATLANTA CLIMATE SUMMARY FOR SEPTEMBER 27 2016...

CLIMATE NORMAL PERIOD 1981 TO 2010
CLIMATE RECORD PERIOD 1878 TO 2016


WEATHER ITEM   OBSERVED TIME   RECORD YEAR NORMAL DEPARTURE LAST
                VALUE   (LST)  VALUE       VALUE  FROM      YEAR
                                                  NORMAL
..................................................................
TEMPERATURE (F)
 YESTERDAY
  MAXIMUM         89    337 PM  93    1954  79     10       71
  MINIMUM         70    655 AM  44    1940  61      9       65
                                      1879
  AVERAGE         80                        70     10       68

PRECIPITATION (IN)
  YESTERDAY        0.06          4.89 2004   0.15  -0.09     0.01
  MONTH TO DATE    3.43                      3.99  -0.56     3.17
  SINCE SEP 1      3.43                      3.99  -0.56     3.17
  SINCE JAN 1     32.55                     37.82  -5.27    44.58

DEGREE DAYS
 HEATING
  YESTERDAY        0                         1     -1        0
  MONTH TO DATE    0                         7     -7        1
  SINCE SEP 1      0                         7     -7        1
  SINCE JUL 1      0                         7     -7        1

 COOLING
  YESTERDAY       15                         6      9        3
  MONTH TO DATE  405                       251    154      239
  SINCE SEP 1    405                       251    154      239
  SINCE JAN 1   2355                      1790    565     2031
..................................................................


WIND (MPH)
  RESULTANT WIND SPEED   3   RESULTANT WIND DIRECTION  SW (220)
  HIGHEST WIND SPEED    24   HIGHEST WIND DIRECTION    NW (330)
  HIGHEST GUST SPEED    30   HIGHEST GUST DIRECTION    NW (320)
  AVERAGE WIND SPEED     5.9


SKY COVER
  AVERAGE SKY COVER 0.8


WEATHER CONDITIONS
 THE FOLLOWING WEATHER WAS RECORDED YESTERDAY.
  THUNDERSTORM
  LIGHT RAIN
  FOG


RELATIVE HUMIDITY (PERCENT)
 HIGHEST    93          1000 PM
 LOWEST     46           300 PM
 AVERAGE    70

..........................................................


THE ATLANTA CLIMATE NORMALS FOR TODAY
                         NORMAL    RECORD    YEAR
 MAXIMUM TEMPERATURE (F)   78        93      1986
 MINIMUM TEMPERATURE (F)   60        42      1967


SUNRISE AND SUNSET
SEPTEMBER 28 2016.....SUNRISE   730 AM EDT   SUNSET   725 PM EDT
SEPTEMBER 29 2016.....SUNRISE   731 AM EDT   SUNSET   724 PM EDT


-  INDICATES NEGATIVE NUMBERS.
R  INDICATES RECORD WAS SET OR TIED.
MM INDICATES DATA IS MISSING.
T  INDICATES TRACE AMOUNT.




$$
