000
CDUS42 KFFC 240022
CLIATL


CLIMATE REPORT
NATIONAL WEATHER SERVICE PEACHTREE CITY GA
822 PM EDT WED AUG 23 2017


...................................

...THE ATLANTA CLIMATE SUMMARY FOR AUGUST 23 2017...
VALID AS OF 0800 PM LOCAL TIME.

CLIMATE NORMAL PERIOD 1981 TO 2010
CLIMATE RECORD PERIOD 1878 TO 2017


WEATHER ITEM   OBSERVED TIME   RECORD YEAR NORMAL DEPARTURE LAST
                VALUE   (LST)  VALUE       VALUE  FROM      YEAR
                                                  NORMAL
..................................................................
TEMPERATURE (F)
 TODAY
  MAXIMUM         90    339 PM  98    2007  88      2       93
  MINIMUM         74    654 AM  57    1931  70      4       73
  AVERAGE         82                        79      3       83

PRECIPITATION (IN)
  TODAY            0.00          2.96 2005   0.14  -0.14     0.00
  MONTH TO DATE    4.24                      2.88   1.36     2.26
  SINCE JUN 1     14.63                     12.10   2.53     9.18
  SINCE JAN 1     37.71                     32.81   4.90    28.32

SNOWFALL (IN)
  TODAY            0.0           0.0  2002   0.0    0.0      0.0
                                      2001
                                      2000
  MONTH TO DATE    0.0                       0.0    0.0      0.0
  SINCE JUN 1      0.0                       0.0    0.0      0.0
  SINCE JUL 1      0.0                       0.0    0.0      0.0
  SNOW DEPTH       0

DEGREE DAYS
 HEATING
  TODAY            0                         0      0        0
  MONTH TO DATE    0                         0      0        0
  SINCE JUN 1      0                         2     -2        0
  SINCE JUL 1      0                         0      0        0

 COOLING
  TODAY           17                        14      3       18
  MONTH TO DATE  355                       339     16      415
  SINCE JUN 1   1221                      1181     40     1481
  SINCE JAN 1   1629                      1431    198     1810
..................................................................


WIND (MPH)
  RESULTANT WIND SPEED   7   RESULTANT WIND DIRECTION   W (290)
  HIGHEST WIND SPEED    15   HIGHEST WIND DIRECTION     W (290)
  HIGHEST GUST SPEED    20   HIGHEST GUST DIRECTION     N (350)
  AVERAGE WIND SPEED     7.7


SKY COVER
  AVERAGE SKY COVER 0.4


WEATHER CONDITIONS
 THE FOLLOWING WEATHER WAS RECORDED TODAY.
  NO SIGNIFICANT WEATHER WAS OBSERVED.


RELATIVE HUMIDITY (PERCENT)
 HIGHEST    93           700 AM
 LOWEST     46           400 PM

..........................................................


THE ATLANTA CLIMATE NORMALS FOR TOMORROW
                         NORMAL    RECORD    YEAR
 MAXIMUM TEMPERATURE (F)   88        98      1983
                                             1968
 MINIMUM TEMPERATURE (F)   70        55      1891


SUNRISE AND SUNSET
AUGUST 23 2017........SUNRISE   706 AM EDT   SUNSET   814 PM EDT
AUGUST 24 2017........SUNRISE   706 AM EDT   SUNSET   813 PM EDT


-  INDICATES NEGATIVE NUMBERS.
R  INDICATES RECORD WAS SET OR TIED.
MM INDICATES DATA IS MISSING.
T  INDICATES TRACE AMOUNT.




$$
