000
CDUS42 KFFC 220021
CLIATL


CLIMATE REPORT
NATIONAL WEATHER SERVICE PEACHTREE CITY GA
821 PM EDT SUN SEP 21 2014


...................................

...THE ATLANTA CLIMATE SUMMARY FOR SEPTEMBER 21 2014...
VALID AS OF 0800 PM LOCAL TIME.

CLIMATE NORMAL PERIOD 1981 TO 2010
CLIMATE RECORD PERIOD 1878 TO 2014


WEATHER ITEM   OBSERVED TIME   RECORD YEAR NORMAL DEPARTURE LAST
                VALUE   (LST)  VALUE       VALUE  FROM      YEAR
                                                  NORMAL
..................................................................
TEMPERATURE (F)
 TODAY
  MAXIMUM         87    423 PM  95    2010  81      6       73
                                      1925
  MINIMUM         62    550 AM  43    1918  63     -1       64
  AVERAGE         75                        72      3       69

PRECIPITATION (IN)
  TODAY            0.00          2.29 1958   0.15  -0.15     1.72
  MONTH TO DATE    0.60                      3.09  -2.49     2.24
  SINCE SEP 1      0.60                      3.09  -2.49     2.24
  SINCE JAN 1     34.57                     36.92  -2.35    53.28

SNOWFALL (IN)
  TODAY            0.0           0.0  2002   0.0    0.0      0.0
                                      2001
  MONTH TO DATE    0.0                       0.0    0.0      0.0
  SINCE SEP 1      0.0                       0.0    0.0      0.0
  SINCE JUL 1      0.0                       0.0    0.0      0.0
  SNOW DEPTH       0

DEGREE DAYS
 HEATING
  TODAY            0                         1     -1        0
  MONTH TO DATE    0                         1     -1        0
  SINCE SEP 1      0                         1     -1        0
  SINCE JUL 1      0                         1     -1        1

 COOLING
  TODAY           10                         7      3        4
  MONTH TO DATE  280                       213     67      257
  SINCE SEP 1    280                       213     67      257
  SINCE JAN 1   1818                      1752     66     1639
..................................................................


WIND (MPH)
  RESULTANT WIND SPEED   6   RESULTANT WIND DIRECTION   W (290)
  HIGHEST WIND SPEED    15   HIGHEST WIND DIRECTION    NW (330)
  HIGHEST GUST SPEED    21   HIGHEST GUST DIRECTION     W (290)
  AVERAGE WIND SPEED     6.7


SKY COVER
  AVERAGE SKY COVER 0.2


WEATHER CONDITIONS
 THE FOLLOWING WEATHER WAS RECORDED TODAY.
  NO SIGNIFICANT WEATHER WAS OBSERVED.


RELATIVE HUMIDITY (PERCENT)
 HIGHEST    90           600 AM
 LOWEST     39           400 PM

..........................................................


THE ATLANTA CLIMATE NORMALS FOR TOMORROW
                         NORMAL    RECORD    YEAR
 MAXIMUM TEMPERATURE (F)   80        95      1940
 MINIMUM TEMPERATURE (F)   63        43      1983


SUNRISE AND SUNSET
SEPTEMBER 21 2014.....SUNRISE   725 AM EDT   SUNSET   736 PM EDT
SEPTEMBER 22 2014.....SUNRISE   726 AM EDT   SUNSET   734 PM EDT


-  INDICATES NEGATIVE NUMBERS.
R  INDICATES RECORD WAS SET OR TIED.
MM INDICATES DATA IS MISSING.
T  INDICATES TRACE AMOUNT.




$$
