000
CDUS42 KFFC 110025
CLIATL


CLIMATE REPORT
NATIONAL WEATHER SERVICE PEACHTREE CITY GA
725 PM EST SAT DEC 10 2016


...................................

...THE ATLANTA CLIMATE SUMMARY FOR DECEMBER 10 2016...
VALID AS OF 0700 PM LOCAL TIME.

CLIMATE NORMAL PERIOD 1981 TO 2010
CLIMATE RECORD PERIOD 1878 TO 2016


WEATHER ITEM   OBSERVED TIME   RECORD YEAR NORMAL DEPARTURE LAST
                VALUE   (LST)  VALUE       VALUE  FROM      YEAR
                                                  NORMAL
..................................................................
TEMPERATURE (F)
 TODAY
  MAXIMUM         50    326 PM  77    2007  55     -5       67
  MINIMUM         26    713 AM  13    1995  37    -11       51
                                      1917
  AVERAGE         38                        46     -8       59

PRECIPITATION (IN)
  TODAY            0.00          2.60 1888   0.13  -0.13     0.00
  MONTH TO DATE    2.00                      1.35   0.65     0.15
  SINCE DEC 1      2.00                      1.35   0.65     0.15
  SINCE JAN 1     37.69                     47.16  -9.47    56.02

SNOWFALL (IN)
  TODAY            0.0           T    2003   0.0    0.0      0.0
  MONTH TO DATE    0.0                       0.0    0.0      0.0
  SINCE DEC 1      0.0                       0.0    0.0      0.0
  SINCE JUL 1      0.0                       0.0    0.0      0.0
  SNOW DEPTH       0

DEGREE DAYS
 HEATING
  TODAY           27                        19      8        6
  MONTH TO DATE  177                       176      1      114
  SINCE DEC 1    177                       176      1      114
  SINCE JUL 1    399                       644   -245      418

 COOLING
  TODAY            0                         0      0        0
  MONTH TO DATE    0                         0      0        0
  SINCE DEC 1      0                         0      0        0
  SINCE JAN 1   2561                      1882    679     2128
..................................................................


WIND (MPH)
  RESULTANT WIND SPEED   4   RESULTANT WIND DIRECTION   N (340)
  HIGHEST WIND SPEED    12   HIGHEST WIND DIRECTION    NW (320)
  HIGHEST GUST SPEED    15   HIGHEST GUST DIRECTION    NW (320)
  AVERAGE WIND SPEED     5.8


SKY COVER
  AVERAGE SKY COVER 0.1


WEATHER CONDITIONS
 THE FOLLOWING WEATHER WAS RECORDED TODAY.
  NO SIGNIFICANT WEATHER WAS OBSERVED.


RELATIVE HUMIDITY (PERCENT)
 HIGHEST    75           500 AM
 LOWEST     23           300 PM

..........................................................


THE ATLANTA CLIMATE NORMALS FOR TOMORROW
                         NORMAL    RECORD    YEAR
 MAXIMUM TEMPERATURE (F)   55        75      2007
 MINIMUM TEMPERATURE (F)   37        13      1962


SUNRISE AND SUNSET
DECEMBER 10 2016......SUNRISE   732 AM EST   SUNSET   530 PM EST
DECEMBER 11 2016......SUNRISE   732 AM EST   SUNSET   530 PM EST


-  INDICATES NEGATIVE NUMBERS.
R  INDICATES RECORD WAS SET OR TIED.
MM INDICATES DATA IS MISSING.
T  INDICATES TRACE AMOUNT.




$$
